/home/crealab/access-logs/delcarajo.brainware.com.co-ssl_log
170.10.164.108 - - [04/Dec/2025:19:50:58 +0000] "GET / HTTP/1.1" 200 40367 "-" "WordPress/6.9; https://delcarajo.brainware.com.co"
170.10.164.108 - - [04/Dec/2025:19:50:57 +0000] "GET / HTTP/1.1" 200 40367 "-" "WordPress/6.9; https://delcarajo.brainware.com.co"
170.10.164.108 - - [04/Dec/2025:19:50:59 +0000] "GET / HTTP/1.1" 200 40367 "-" "WordPress/6.9; https://delcarajo.brainware.com.co"
170.10.164.108 - - [04/Dec/2025:19:50:59 +0000] "GET / HTTP/1.1" 200 40361 "-" "WordPress/6.9; https://delcarajo.brainware.com.co"
74.7.241.6 - - [04/Dec/2025:21:05:37 +0000] "GET /sitemaps.xml HTTP/2" 200 239 "-" "Mozilla/5.0 AppleWebKit/537.36 (KHTML, like Gecko; compatible; GPTBot/1.3; +https://openai.com/gptbot)"
170.10.164.108 - - [04/Dec/2025:21:05:40 +0000] "POST /wp-cron.php?doing_wp_cron=1764882340.0565578937530517578125 HTTP/1.1" 200 0 "-" "WordPress/6.9; https://delcarajo.brainware.com.co"
170.10.164.108 - - [05/Dec/2025:02:37:04 +0000] "POST /wp-cron.php?doing_wp_cron=1764902224.7821450233459472656250 HTTP/1.1" 200 0 "-" "WordPress/6.9; https://delcarajo.brainware.com.co"
166.88.149.138 - - [05/Dec/2025:02:37:02 +0000] "GET / HTTP/1.1" 200 135636 "-" "Mozilla/5.0+(compatible;+Googlebot/2.1;++http://www.google.com/bot.html)"
166.88.149.138 - - [05/Dec/2025:02:37:05 +0000] "GET / HTTP/1.1" 200 135636 "-" "Mozilla/5.0 (Windows NT 10.0; Win64; x64) AppleWebKit/537.36 (KHTML, like Gecko) Chrome/132.0.0.0 Safari/537.36"
170.10.164.108 - - [05/Dec/2025:16:13:05 +0000] "POST /wp-cron.php?doing_wp_cron=1764951185.0680139064788818359375 HTTP/1.1" 200 0 "-" "WordPress/6.9; https://delcarajo.brainware.com.co"
45.139.104.171 - - [05/Dec/2025:16:13:02 +0000] "GET /.env HTTP/1.1" 301 0 "-" "Mozilla/5.0 (compatible; MSIE 10.0; Windows NT 6.1; WOW64; Trident/6.0)"
147.185.132.243 - - [05/Dec/2025:19:10:47 +0000] "GET / HTTP/1.1" 200 135636 "-" "Hello from Palo Alto Networks, find out more about our scans in https://docs-cortex.paloaltonetworks.com/r/1/Cortex-Xpanse/Scanning-activity"
170.10.164.108 - - [05/Dec/2025:21:08:36 +0000] "POST /wp-cron.php?doing_wp_cron=1764968916.5453529357910156250000 HTTP/1.1" 200 0 "-" "WordPress/6.9; https://delcarajo.brainware.com.co"
74.7.241.6 - - [05/Dec/2025:21:08:33 +0000] "GET /sitemaps.xml HTTP/2" 200 238 "-" "Mozilla/5.0 AppleWebKit/537.36 (KHTML, like Gecko; compatible; GPTBot/1.3; +https://openai.com/gptbot)"
205.210.31.97 - - [05/Dec/2025:21:09:39 +0000] "GET /wp-login.php HTTP/1.1" 200 15315 "-" "Hello from Palo Alto Networks, find out more about our scans in https://docs-cortex.paloaltonetworks.com/r/1/Cortex-Xpanse/Scanning-activity"
170.10.164.108 - - [05/Dec/2025:22:51:33 +0000] "POST /wp-cron.php?doing_wp_cron=1764975093.8219840526580810546875 HTTP/1.1" 200 0 "-" "WordPress/6.9; https://delcarajo.brainware.com.co"
45.139.104.171 - - [05/Dec/2025:22:51:31 +0000] "GET /.env HTTP/1.1" 404 39818 "-" "Mozilla/5.0 (iPhone; U; CPU iPhone OS 4_0 like Mac OS X; en-us) AppleWebKit/532.9 (KHTML, like Gecko) Version/4.0.5 Mobile/8A293 Safari/531.22.7"
205.210.31.175 - - [06/Dec/2025:00:17:31 +0000] "GET /shell HTTP/1.1" 404 134018 "-" "Hello from Palo Alto Networks, find out more about our scans in https://docs-cortex.paloaltonetworks.com/r/1/Cortex-Xpanse/Scanning-activity"
205.210.31.159 - - [06/Dec/2025:00:36:24 +0000] "GET /webshell HTTP/1.1" 404 134018 "-" "Hello from Palo Alto Networks, find out more about our scans in https://docs-cortex.paloaltonetworks.com/r/1/Cortex-Xpanse/Scanning-activity"
170.10.164.108 - - [06/Dec/2025:00:14:03 +0000] "POST /wp-cron.php?doing_wp_cron=1764980043.5774760246276855468750 HTTP/1.1" 200 0 "-" "WordPress/6.9; https://delcarajo.brainware.com.co"
205.210.31.86 - - [06/Dec/2025:00:14:00 +0000] "GET /shell.php HTTP/1.1" 404 134018 "-" "Hello from Palo Alto Networks, find out more about our scans in https://docs-cortex.paloaltonetworks.com/r/1/Cortex-Xpanse/Scanning-activity"
205.210.31.175 - - [06/Dec/2025:00:17:31 +0000] "GET /webshell.php HTTP/1.1" 404 134018 "-" "Hello from Palo Alto Networks, find out more about our scans in https://docs-cortex.paloaltonetworks.com/r/1/Cortex-Xpanse/Scanning-activity"
98.92.142.193 - - [06/Dec/2025:02:20:28 +0000] "GET /.git/ HTTP/1.1" 403 1242 "-" "Mozilla/5.0 (X11; Linux x86_64)"
216.73.216.122 - - [06/Dec/2025:03:19:04 +0000] "GET /robots.txt HTTP/2" 200 113 "-" "Mozilla/5.0 AppleWebKit/537.36 (KHTML, like Gecko; compatible; ClaudeBot/1.0; +claudebot@anthropic.com)"
170.10.164.108 - - [06/Dec/2025:03:19:07 +0000] "POST /wp-cron.php?doing_wp_cron=1764991147.0192599296569824218750 HTTP/1.1" 200 0 "-" "WordPress/6.9; https://delcarajo.brainware.com.co"
216.73.216.122 - - [06/Dec/2025:03:19:04 +0000] "GET / HTTP/2" 200 36839 "-" "Mozilla/5.0 AppleWebKit/537.36 (KHTML, like Gecko; compatible; ClaudeBot/1.0; +claudebot@anthropic.com)"
45.139.104.171 - - [06/Dec/2025:02:07:45 +0000] "GET /.env HTTP/1.1" 404 39820 "-" "Mozilla/5.0 (Windows; U; Windows NT 6.0; en-US; rv:1.9.1.6) Gecko/20091201 Firefox/3.5.6 GTB5"
159.65.161.23 - - [06/Dec/2025:02:41:16 +0000] "GET / HTTP/1.1" 200 36839 "-" "Mozilla/5.0 (Macintosh; Intel Mac OS X 10_15_7) AppleWebKit/537.36 (KHTML, like Gecko) Chrome/120.0.0.0 Safari/537.36"
170.10.164.108 - - [06/Dec/2025:02:07:48 +0000] "POST /wp-cron.php?doing_wp_cron=1764986868.0394110679626464843750 HTTP/1.1" 200 0 "-" "WordPress/6.9; https://delcarajo.brainware.com.co"
98.92.142.193 - - [06/Dec/2025:02:20:28 +0000] "GET /.git/HEAD HTTP/1.1" 403 1242 "-" "Mozilla/5.0 (X11; Linux x86_64)"
216.73.216.122 - - [06/Dec/2025:03:19:38 +0000] "GET /robots.txt HTTP/2" 200 113 "-" "Mozilla/5.0 AppleWebKit/537.36 (KHTML, like Gecko; compatible; ClaudeBot/1.0; +claudebot@anthropic.com)"
216.73.216.122 - - [06/Dec/2025:03:19:38 +0000] "GET / HTTP/2" 301 0 "-" "Mozilla/5.0 AppleWebKit/537.36 (KHTML, like Gecko; compatible; ClaudeBot/1.0; +claudebot@anthropic.com)"
216.73.216.122 - - [06/Dec/2025:03:19:38 +0000] "GET / HTTP/2" 200 36838 "https://www.delcarajo.brainware.com.co/" "Mozilla/5.0 AppleWebKit/537.36 (KHTML, like Gecko; compatible; ClaudeBot/1.0; +claudebot@anthropic.com)"
216.73.216.122 - - [06/Dec/2025:04:01:39 +0000] "GET /comments/feed HTTP/2" 301 0 "-" "Mozilla/5.0 AppleWebKit/537.36 (KHTML, like Gecko; compatible; ClaudeBot/1.0; +claudebot@anthropic.com)"
216.73.216.122 - - [06/Dec/2025:04:01:39 +0000] "GET /xmlrpc.php HTTP/2" 405 46 "-" "Mozilla/5.0 AppleWebKit/537.36 (KHTML, like Gecko; compatible; ClaudeBot/1.0; +claudebot@anthropic.com)"
216.73.216.122 - - [06/Dec/2025:04:01:42 +0000] "GET /comments/feed/ HTTP/2" 200 726 "https://delcarajo.brainware.com.co/comments/feed" "Mozilla/5.0 AppleWebKit/537.36 (KHTML, like Gecko; compatible; ClaudeBot/1.0; +claudebot@anthropic.com)"
216.73.216.122 - - [06/Dec/2025:04:03:43 +0000] "GET /wp-content/uploads/2025/11/481252664_10232726809286731_1364034168984048458_n.jpg HTTP/2" 200 165849 "-" "Mozilla/5.0 AppleWebKit/537.36 (KHTML, like Gecko; compatible; ClaudeBot/1.0; +claudebot@anthropic.com)"
216.73.216.122 - - [06/Dec/2025:04:04:48 +0000] "GET /wp-content/plugins/cookieadmin-pro/assets/js/consent.js HTTP/2" 200 528 "-" "Mozilla/5.0 AppleWebKit/537.36 (KHTML, like Gecko; compatible; ClaudeBot/1.0; +claudebot@anthropic.com)"
216.73.216.122 - - [06/Dec/2025:04:04:48 +0000] "GET /wp-content/plugins/cookieadmin/assets/js/consent.js HTTP/2" 200 4282 "-" "Mozilla/5.0 AppleWebKit/537.36 (KHTML, like Gecko; compatible; ClaudeBot/1.0; +claudebot@anthropic.com)"
216.73.216.122 - - [06/Dec/2025:04:05:07 +0000] "GET /wp-content/uploads/2025/11/cropped-Logo-png-192x192.png HTTP/2" 200 42101 "-" "Mozilla/5.0 AppleWebKit/537.36 (KHTML, like Gecko; compatible; ClaudeBot/1.0; +claudebot@anthropic.com)"
216.73.216.122 - - [06/Dec/2025:04:05:07 +0000] "GET /wp-content/uploads/2025/11/Apretaito.jpg HTTP/2" 200 326051 "-" "Mozilla/5.0 AppleWebKit/537.36 (KHTML, like Gecko; compatible; ClaudeBot/1.0; +claudebot@anthropic.com)"
170.10.164.108 - - [06/Dec/2025:04:01:42 +0000] "POST /wp-cron.php?doing_wp_cron=1764993702.1727800369262695312500 HTTP/1.1" 200 0 "-" "WordPress/6.9; https://delcarajo.brainware.com.co"
216.73.216.122 - - [06/Dec/2025:04:02:34 +0000] "GET /wp-content/uploads/2025/11/tremendo-vacilao.jpg HTTP/2" 200 329309 "-" "Mozilla/5.0 AppleWebKit/537.36 (KHTML, like Gecko; compatible; ClaudeBot/1.0; +claudebot@anthropic.com)"
216.73.216.122 - - [06/Dec/2025:04:02:34 +0000] "GET /wp-content/plugins/cookieadmin/assets/images/cookieadmin_icon.svg HTTP/2" 200 293 "-" "Mozilla/5.0 AppleWebKit/537.36 (KHTML, like Gecko; compatible; ClaudeBot/1.0; +claudebot@anthropic.com)"
216.73.216.122 - - [06/Dec/2025:04:03:52 +0000] "GET /wp-content/uploads/2025/11/cropped-Logo-png-180x180.png HTTP/2" 200 37636 "-" "Mozilla/5.0 AppleWebKit/537.36 (KHTML, like Gecko; compatible; ClaudeBot/1.0; +claudebot@anthropic.com)"
216.73.216.122 - - [06/Dec/2025:04:01:50 +0000] "GET /wp-content/plugins/cookieadmin/assets/css/consent.css HTTP/2" 200 2439 "-" "Mozilla/5.0 AppleWebKit/537.36 (KHTML, like Gecko; compatible; ClaudeBot/1.0; +claudebot@anthropic.com)"
216.73.216.122 - - [06/Dec/2025:04:01:50 +0000] "GET /feed HTTP/2" 301 0 "-" "Mozilla/5.0 AppleWebKit/537.36 (KHTML, like Gecko; compatible; ClaudeBot/1.0; +claudebot@anthropic.com)"
216.73.216.122 - - [06/Dec/2025:04:01:50 +0000] "GET /feed/ HTTP/2" 200 770 "https://delcarajo.brainware.com.co/feed" "Mozilla/5.0 AppleWebKit/537.36 (KHTML, like Gecko; compatible; ClaudeBot/1.0; +claudebot@anthropic.com)"
216.73.216.122 - - [06/Dec/2025:04:03:31 +0000] "GET /wp-content/uploads/2025/11/cropped-Logo-png-32x32.png HTTP/2" 200 2121 "-" "Mozilla/5.0 AppleWebKit/537.36 (KHTML, like Gecko; compatible; ClaudeBot/1.0; +claudebot@anthropic.com)"
216.73.216.122 - - [06/Dec/2025:04:03:31 +0000] "GET /wp-content/uploads/2025/11/Buen-tumbao.jpg HTTP/2" 200 289350 "-" "Mozilla/5.0 AppleWebKit/537.36 (KHTML, like Gecko; compatible; ClaudeBot/1.0; +claudebot@anthropic.com)"
216.73.216.122 - - [06/Dec/2025:04:05:40 +0000] "GET /wp-content/uploads/2025/11/Logo-png.png HTTP/2" 200 722713 "-" "Mozilla/5.0 AppleWebKit/537.36 (KHTML, like Gecko; compatible; ClaudeBot/1.0; +claudebot@anthropic.com)"
198.235.24.161 - - [06/Dec/2025:07:34:18 +0000] "GET / HTTP/1.1" 301 0 "-" "Hello from Palo Alto Networks, find out more about our scans in https://docs-cortex.paloaltonetworks.com/r/1/Cortex-Xpanse/Scanning-activity"
35.163.58.243 - - [06/Dec/2025:09:31:52 +0000] "GET /.git/HEAD HTTP/1.1" 403 1242 "-" "Mozilla/5.0 (X11; Linux x86_64)"
205.210.31.29 - - [06/Dec/2025:09:49:01 +0000] "GET / HTTP/1.1" 403 1242 "-" "-"
205.210.31.177 - - [06/Dec/2025:10:00:56 +0000] "GET / HTTP/1.1" 403 1242 "-" "-"
35.163.58.243 - - [06/Dec/2025:09:31:52 +0000] "GET /.git/ HTTP/1.1" 403 1242 "-" "Mozilla/5.0 (X11; Linux x86_64)"
45.139.104.171 - - [06/Dec/2025:13:31:55 +0000] "GET /.env HTTP/1.1" 404 39821 "-" "Mozilla/5.0 (Macintosh; Intel Mac OS X 10_13_6) AppleWebKit/537.36 (KHTML, like Gecko) Chrome/74.0.3729.157 Safari/537.36"
45.139.104.171 - - [06/Dec/2025:14:15:11 +0000] "GET /.env HTTP/1.1" 301 0 "-" "Mozilla/5.0 (Macintosh; Intel Mac OS X 10_13_1) AppleWebKit/537.36 (KHTML, like Gecko) Chrome/75.0.3770.142 Safari/537.36"
170.10.164.108 - - [06/Dec/2025:14:15:14 +0000] "POST /wp-cron.php?doing_wp_cron=1765030514.2097659111022949218750 HTTP/1.1" 200 0 "-" "WordPress/6.9; https://delcarajo.brainware.com.co"