/home/crealab/access-logs/royalgardens.brainware.com.co-ssl_log
170.10.164.108 - - [04/Dec/2025:22:16:46 +0000] "POST /wp-cron.php?doing_wp_cron=1764886606.5604109764099121093750 HTTP/1.1" 200 0 "-" "rl1SU9XjEp41"
170.10.164.108 - - [04/Dec/2025:23:56:42 +0000] "POST /wp-cron.php?doing_wp_cron=1764892602.3769690990447998046875 HTTP/1.1" 200 0 "-" "x3Ba1IgXTplb"
66.249.70.33 - - [04/Dec/2025:23:56:38 +0000] "GET /robots.txt HTTP/1.1" 200 103 "-" "Mozilla/5.0 (compatible; Googlebot/2.1; +http://www.google.com/bot.html)"
66.249.70.33 - - [04/Dec/2025:23:56:42 +0000] "GET /sitemaps.xml HTTP/1.1" 301 0 "-" "Mozilla/5.0 (compatible; Googlebot/2.1; +http://www.google.com/bot.html)"
66.249.70.33 - - [04/Dec/2025:23:56:43 +0000] "GET /sitemaps.xml/ HTTP/1.1" 200 250 "-" "Mozilla/5.0 (compatible; Googlebot/2.1; +http://www.google.com/bot.html)"
66.249.70.35 - - [04/Dec/2025:23:59:22 +0000] "GET /page-sitemap1.xml HTTP/1.1" 301 0 "-" "Mozilla/5.0 (compatible; Googlebot/2.1; +http://www.google.com/bot.html)"
157.143.30.12 - - [04/Dec/2025:22:10:46 +0000] "GET / HTTP/2" 200 0 "-" "Mozilla/5.0 (Linux; Android 6.0; Nexus 5 Build/MRA58N) AppleWebKit/537.36 (KHTML, like Gecko) Chrome/130.0.0.0 Mobile Safari/537.36"
170.10.164.108 - - [04/Dec/2025:22:10:50 +0000] "POST /wp-cron.php?doing_wp_cron=1764886249.9481649398803710937500 HTTP/1.1" 200 0 "-" "fAtZRJhg5nQI"
157.143.30.12 - - [04/Dec/2025:22:13:55 +0000] "GET / HTTP/2" 200 0 "-" "Mozilla/5.0 (Linux; Android 6.0; Nexus 5 Build/MRA58N) AppleWebKit/537.36 (KHTML, like Gecko) Chrome/130.0.0.0 Mobile Safari/537.36"
74.7.241.148 - - [04/Dec/2025:22:16:46 +0000] "GET /robots.txt HTTP/2" 301 0 "-" "Mozilla/5.0 (Macintosh; Intel Mac OS X 10_15_7) AppleWebKit/537.36 (KHTML, like Gecko) Chrome/131.0.0.0 Safari/537.36; compatible; OAI-SearchBot/1.3; robots.txt; +https://openai.com/searchbot"
170.10.164.108 - - [04/Dec/2025:23:59:22 +0000] "POST /wp-cron.php?doing_wp_cron=1764892762.5514540672302246093750 HTTP/1.1" 200 0 "-" "aBc17FZ5eclS"
170.10.164.108 - - [04/Dec/2025:22:13:57 +0000] "POST /wp-cron.php?doing_wp_cron=1764886437.1940948963165283203125 HTTP/1.1" 200 0 "-" "RRciaoTY5QWc"
74.7.241.148 - - [04/Dec/2025:22:16:46 +0000] "GET /robots.txt HTTP/2" 200 103 "https://www.royalgardens.brainware.com.co/robots.txt" "Mozilla/5.0 (Macintosh; Intel Mac OS X 10_15_7) AppleWebKit/537.36 (KHTML, like Gecko) Chrome/131.0.0.0 Safari/537.36; compatible; OAI-SearchBot/1.3; robots.txt; +https://openai.com/searchbot"
74.7.241.41 - - [04/Dec/2025:22:17:01 +0000] "GET / HTTP/2" 301 0 "-" "Mozilla/5.0 AppleWebKit/537.36 (KHTML, like Gecko; compatible; GPTBot/1.3; +https://openai.com/gptbot)"
66.249.70.33 - - [04/Dec/2025:23:59:23 +0000] "GET /page-sitemap1.xml/ HTTP/1.1" 200 251 "-" "Mozilla/5.0 (compatible; Googlebot/2.1; +http://www.google.com/bot.html)"
46.203.228.222 - - [05/Dec/2025:02:15:11 +0000] "GET / HTTP/1.1" 200 125772 "-" "Mozilla/5.0+(compatible;+Googlebot/2.1;++http://www.google.com/bot.html)"
46.203.228.222 - - [05/Dec/2025:02:15:17 +0000] "GET / HTTP/1.1" 200 125772 "-" "Mozilla/5.0 (Windows NT 10.0; Win64; x64) AppleWebKit/537.36 (KHTML, like Gecko) Chrome/132.0.0.0 Safari/537.36"
170.10.164.108 - - [05/Dec/2025:02:15:12 +0000] "POST /wp-cron.php?doing_wp_cron=1764900912.6083760261535644531250 HTTP/1.1" 200 0 "-" "BZeE8rf8dTd5"
170.10.164.108 - - [05/Dec/2025:02:24:25 +0000] "POST /wp-cron.php?doing_wp_cron=1764901465.2173659801483154296875 HTTP/1.1" 200 0 "-" "U2vDxVNRQuuH"
108.165.83.123 - - [05/Dec/2025:02:24:24 +0000] "GET / HTTP/1.1" 200 125772 "-" "Mozilla/5.0+(compatible;+Googlebot/2.1;++http://www.google.com/bot.html)"
108.165.83.123 - - [05/Dec/2025:02:24:27 +0000] "GET / HTTP/1.1" 200 125772 "-" "Mozilla/5.0 (Windows NT 10.0; Win64; x64) AppleWebKit/537.36 (KHTML, like Gecko) Chrome/132.0.0.0 Safari/537.36"
82.22.215.112 - - [05/Dec/2025:02:14:53 +0000] "GET / HTTP/1.1" 200 0 "-" "Mozilla/5.0+(compatible;+Googlebot/2.1;++http://www.google.com/bot.html)"
3.138.185.30 - - [05/Dec/2025:11:52:32 +0000] "GET / HTTP/1.1" 200 35258 "http://royalgardens.brainware.com.co/" "cypex.ai/scanning Mozilla/5.0 (Macintosh; Intel Mac OS X 10_15_7) Chrome/126.0.0.0 Safari/537.36"
170.10.164.108 - - [06/Dec/2025:00:53:49 +0000] "POST /wp-cron.php HTTP/1.1" 200 0 "-" "YlM68HlfJq9a"
170.10.164.108 - - [06/Dec/2025:00:53:53 +0000] "GET / HTTP/1.1" 200 35269 "-" "WordPress/6.9; https://royalgardens.brainware.com.co"
66.249.70.33 - - [06/Dec/2025:00:57:53 +0000] "GET /page-sitemap1.xml/ HTTP/1.1" 200 251 "-" "Mozilla/5.0 (compatible; Googlebot/2.1; +http://www.google.com/bot.html)"
170.10.164.108 - - [06/Dec/2025:00:52:46 +0000] "POST /wp-cron.php?doing_wp_cron=1764982366.7435259819030761718750 HTTP/1.1" 200 0 "-" "L8y837408Bue"
66.249.70.33 - - [06/Dec/2025:00:52:43 +0000] "GET /robots.txt HTTP/1.1" 200 103 "-" "Mozilla/5.0 (compatible; Googlebot/2.1; +http://www.google.com/bot.html)"
66.249.70.33 - - [06/Dec/2025:00:52:47 +0000] "GET /sitemaps.xml/ HTTP/1.1" 200 245 "-" "Mozilla/5.0 (compatible; Googlebot/2.1; +http://www.google.com/bot.html)"
170.10.164.108 - - [06/Dec/2025:00:53:51 +0000] "POST /wp-cron.php?doing_wp_cron=1764982431.0131170749664306640625 HTTP/1.1" 200 0 "-" "1CUbxFl2e50x"
170.10.164.108 - - [06/Dec/2025:00:53:51 +0000] "GET / HTTP/1.1" 200 35269 "-" "WordPress/6.9; https://royalgardens.brainware.com.co"
170.10.164.108 - - [06/Dec/2025:00:57:53 +0000] "POST /wp-cron.php?doing_wp_cron=1764982673.7322390079498291015625 HTTP/1.1" 200 0 "-" "WicfUyBuMW4q"
66.249.70.34 - - [06/Dec/2025:00:57:53 +0000] "GET /page-sitemap1.xml HTTP/1.1" 301 0 "-" "Mozilla/5.0 (compatible; Googlebot/2.1; +http://www.google.com/bot.html)"
66.249.70.35 - - [06/Dec/2025:00:52:47 +0000] "GET /sitemaps.xml HTTP/1.1" 301 0 "-" "Mozilla/5.0 (compatible; Googlebot/2.1; +http://www.google.com/bot.html)"
170.10.164.108 - - [06/Dec/2025:00:53:49 +0000] "GET / HTTP/1.1" 200 35269 "-" "WordPress/6.9; https://royalgardens.brainware.com.co"
170.10.164.108 - - [06/Dec/2025:00:53:52 +0000] "GET / HTTP/1.1" 200 35269 "-" "WordPress/6.9; https://royalgardens.brainware.com.co"
170.10.164.108 - - [06/Dec/2025:03:55:36 +0000] "POST /wp-cron.php?doing_wp_cron=1764993336.2655758857727050781250 HTTP/1.1" 200 0 "-" "22uxGZwF0AWo"
159.65.169.197 - - [06/Dec/2025:03:55:31 +0000] "GET / HTTP/1.1" 200 31795 "-" "Mozilla/5.0 (Windows NT 10.0; Win64; x64) AppleWebKit/537.36 (KHTML, like Gecko) Chrome/120.0.0.0 Safari/537.36"
170.10.164.108 - - [06/Dec/2025:08:09:43 +0000] "POST /wp-cron.php?doing_wp_cron=1765008583.1243090629577636718750 HTTP/1.1" 200 0 "-" "29jcrihbhMLH"
74.7.227.131 - - [06/Dec/2025:08:09:38 +0000] "GET / HTTP/2" 200 31795 "-" "Mozilla/5.0 AppleWebKit/537.36 (KHTML, like Gecko; compatible; GPTBot/1.3; +https://openai.com/gptbot)"
74.7.227.131 - - [06/Dec/2025:08:09:45 +0000] "GET /wp-content/uploads/elementor/css/post-73.css?ver=1764813734 HTTP/2" 200 424 "-" "Mozilla/5.0 AppleWebKit/537.36 (KHTML, like Gecko; compatible; GPTBot/1.3; +https://openai.com/gptbot)"
74.7.227.131 - - [06/Dec/2025:08:09:47 +0000] "GET /wp-content/uploads/elementor/css/post-6.css?ver=1764813733 HTTP/2" 200 405 "-" "Mozilla/5.0 AppleWebKit/537.36 (KHTML, like Gecko; compatible; GPTBot/1.3; +https://openai.com/gptbot)"
74.7.227.131 - - [06/Dec/2025:08:09:50 +0000] "GET /wp-content/uploads/elementor/css/post-14.css?ver=1764813734 HTTP/2" 200 448 "-" "Mozilla/5.0 AppleWebKit/537.36 (KHTML, like Gecko; compatible; GPTBot/1.3; +https://openai.com/gptbot)"
74.7.227.131 - - [06/Dec/2025:08:09:52 +0000] "GET /wp-content/uploads/elementor/css/post-7.css?ver=1764813734 HTTP/2" 200 1405 "-" "Mozilla/5.0 AppleWebKit/537.36 (KHTML, like Gecko; compatible; GPTBot/1.3; +https://openai.com/gptbot)"
170.10.164.108 - - [06/Dec/2025:08:09:43 +0000] "POST /wp-admin/admin-ajax.php HTTP/1.1" 400 21 "-" "cP1jPkBqKPTR"