/home/crealab/logs/cars.brainware.com.co-ssl_log.bkup
170.10.164.108 - - [29/Nov/2025:11:58:58 +0000] "POST /wp-cron.php?doing_wp_cron=1764417538.9263510704040527343750 HTTP/1.1" 200 0 "-" "WordPress/6.8.3; https://cars.brainware.com.co"
74.7.227.47 - - [29/Nov/2025:11:58:59 +0000] "GET / HTTP/2" 200 36157 "-" "Mozilla/5.0 AppleWebKit/537.36 (KHTML, like Gecko; compatible; GPTBot/1.3; +https://openai.com/gptbot)"
170.10.164.108 - - [29/Nov/2025:11:59:00 +0000] "POST /wp-admin/admin-ajax.php?action=async_litespeed&nonce=urXENrZLAAESQ8eypOgrx8hxvVDH1EMO&litespeed_type=imgoptm HTTP/1.1" 200 21 "-" "WordPress/6.8.3; https://cars.brainware.com.co"
3.68.115.171 - - [29/Nov/2025:12:17:30 +0000] "GET /.env.example HTTP/1.1" 200 0 "-" "python-httpx/0.22.0"
3.68.115.171 - - [29/Nov/2025:12:17:28 +0000] "GET /.env.production HTTP/1.1" 200 0 "-" "python-httpx/0.22.0"
3.68.115.171 - - [29/Nov/2025:12:17:28 +0000] "GET /.env.development HTTP/1.1" 200 0 "-" "python-httpx/0.22.0"
3.68.115.171 - - [29/Nov/2025:12:17:30 +0000] "GET /.env.backup HTTP/1.1" 200 0 "-" "python-httpx/0.22.0"
3.68.115.171 - - [29/Nov/2025:12:17:31 +0000] "GET /.env.old HTTP/1.1" 200 0 "-" "python-httpx/0.22.0"
170.10.164.108 - - [29/Nov/2025:12:17:47 +0000] "POST /wp-cron.php?doing_wp_cron=1764418666.9029181003570556640625 HTTP/1.1" 200 0 "-" "WordPress/6.8.3; https://cars.brainware.com.co"
170.10.164.108 - - [29/Nov/2025:12:17:47 +0000] "POST /wp-cron.php?doing_wp_cron=1764418666.9037530422210693359375 HTTP/1.1" 200 0 "-" "WordPress/6.8.3; https://cars.brainware.com.co"
170.10.164.108 - - [29/Nov/2025:12:27:56 +0000] "POST /wp-cron.php?doing_wp_cron=1764419276.7670741081237792968750 HTTP/1.1" 200 0 "-" "WordPress/6.8.3; https://cars.brainware.com.co"
3.68.115.171 - - [29/Nov/2025:12:17:27 +0000] "GET /.env HTTP/1.1" 200 0 "-" "python-httpx/0.22.0"
3.68.115.171 - - [29/Nov/2025:12:17:34 +0000] "GET /core/.env HTTP/1.1" 200 0 "-" "python-httpx/0.22.0"
3.68.115.171 - - [29/Nov/2025:12:17:28 +0000] "GET /.env.remote HTTP/1.1" 200 0 "-" "python-httpx/0.22.0"
3.68.115.171 - - [29/Nov/2025:12:17:32 +0000] "GET /lib/.env HTTP/1.1" 200 0 "-" "python-httpx/0.22.0"
3.68.115.171 - - [29/Nov/2025:12:17:29 +0000] "GET /.env.staging HTTP/1.1" 200 0 "-" "python-httpx/0.22.0"
3.68.115.171 - - [29/Nov/2025:12:17:33 +0000] "GET /cron/.env HTTP/1.1" 200 0 "-" "python-httpx/0.22.0"
3.68.115.171 - - [29/Nov/2025:12:17:29 +0000] "GET /.env.test HTTP/1.1" 200 0 "-" "python-httpx/0.22.0"
3.68.115.171 - - [29/Nov/2025:12:17:34 +0000] "GET /core/Datavase/.env HTTP/1.1" 200 0 "-" "python-httpx/0.22.0"
3.68.115.171 - - [29/Nov/2025:12:17:30 +0000] "GET /.env.sample HTTP/1.1" 200 0 "-" "python-httpx/0.22.0"
3.68.115.171 - - [29/Nov/2025:12:17:32 +0000] "GET /lab/.env HTTP/1.1" 200 0 "-" "python-httpx/0.22.0"
170.10.164.108 - - [29/Nov/2025:12:17:47 +0000] "POST /wp-cron.php?doing_wp_cron=1764418666.9025790691375732421875 HTTP/1.1" 200 0 "-" "WordPress/6.8.3; https://cars.brainware.com.co"
15.223.76.138 - - [29/Nov/2025:12:27:49 +0000] "GET / HTTP/1.1" 301 0 "-" "Mozilla/5.0 (Windows NT 10.0; Win64; x64) Chrome/91.0.4472.124"
170.10.164.108 - - [29/Nov/2025:12:27:57 +0000] "POST /wp-admin/admin-ajax.php?action=async_litespeed&nonce=jQLkHcAiVVrQq8PRZBWYAxHsXB3KX4o1&litespeed_type=imgoptm HTTP/1.1" 200 21 "-" "WordPress/6.8.3; https://cars.brainware.com.co"
74.7.228.26 - - [29/Nov/2025:11:58:50 +0000] "GET /robots.txt HTTP/2" 200 145 "-" "Mozilla/5.0 (Macintosh; Intel Mac OS X 10_15_7) AppleWebKit/537.36 (KHTML, like Gecko) Chrome/131.0.0.0 Safari/537.36; compatible; OAI-SearchBot/1.3; robots.txt; +https://openai.com/searchbot"
3.68.115.171 - - [29/Nov/2025:12:17:28 +0000] "GET /.env.local HTTP/1.1" 200 0 "-" "python-httpx/0.22.0"
3.68.115.171 - - [29/Nov/2025:12:17:32 +0000] "GET /vendor/.env HTTP/1.1" 200 0 "-" "python-httpx/0.22.0"
3.68.115.171 - - [29/Nov/2025:12:17:33 +0000] "GET /cronlab/.env HTTP/1.1" 200 0 "-" "python-httpx/0.22.0"
3.68.115.171 - - [29/Nov/2025:12:17:34 +0000] "GET /core/app/.env HTTP/1.1" 200 0 "-" "python-httpx/0.22.0"
3.68.115.171 - - [29/Nov/2025:12:17:31 +0000] "GET /.env.save HTTP/1.1" 200 0 "-" "python-httpx/0.22.0"
170.10.164.108 - - [29/Nov/2025:12:17:47 +0000] "POST /wp-cron.php?doing_wp_cron=1764418666.9031159877777099609375 HTTP/1.1" 200 0 "-" "WordPress/6.8.3; https://cars.brainware.com.co"
170.10.164.108 - - [29/Nov/2025:12:17:47 +0000] "POST /wp-cron.php?doing_wp_cron=1764418666.9036641120910644531250 HTTP/1.1" 200 0 "-" "WordPress/6.8.3; https://cars.brainware.com.co"
170.10.164.108 - - [29/Nov/2025:12:17:56 +0000] "POST /wp-admin/admin-ajax.php?action=async_litespeed&nonce=K8fFGq49Myo3gAHVEzSG2cLhoSZI72zl&litespeed_type=imgoptm HTTP/1.1" 200 21 "-" "WordPress/6.8.3; https://cars.brainware.com.co"
170.10.164.108 - - [29/Nov/2025:13:32:07 +0000] "POST /wp-admin/admin-ajax.php?action=async_litespeed&nonce=kcOS8qAb4Wspc4PSIM6CJUqQEooQDX6M&litespeed_type=imgoptm HTTP/1.1" 200 21 "-" "WordPress/6.8.3; https://cars.brainware.com.co"
170.10.164.108 - - [29/Nov/2025:13:32:56 +0000] "POST /wp-admin/admin-ajax.php?action=async_litespeed&nonce=71shfQyfLCafn0IfTVavk28Idpos9hxL&litespeed_type=imgoptm HTTP/1.1" 200 21 "-" "WordPress/6.8.3; https://cars.brainware.com.co"
98.93.157.253 - - [30/Nov/2025:01:08:37 +0000] "GET / HTTP/1.1" 200 58739 "-" "Mozilla/5.0 (Windows NT 10.0; Win64; x64) Chrome/91.0.4472.124"
98.93.157.253 - - [29/Nov/2025:23:04:05 +0000] "GET / HTTP/1.1" 200 58739 "-" "Mozilla/5.0 (Windows NT 10.0; Win64; x64) Chrome/91.0.4472.124"
170.10.164.108 - - [30/Nov/2025:01:08:22 +0000] "POST /wp-cron.php?doing_wp_cron=1764464902.8154079914093017578125 HTTP/1.1" 200 0 "-" "WordPress/6.8.3; https://cars.brainware.com.co"
204.76.203.25 - - [30/Nov/2025:01:08:15 +0000] "GET /.env HTTP/1.1" 404 107327 "-" "Mozilla/5.0 (Windows NT 10.0; Win64; x64) AppleWebKit/537.36 (KHTML, like Gecko) Chrome/134.0.0.0 Safari/537.3"
170.10.164.108 - - [30/Nov/2025:01:08:24 +0000] "POST /wp-admin/admin-ajax.php?action=async_litespeed&nonce=0DeusEyPxZlFi9urVZixwbF4QhxAmMd7&litespeed_type=imgoptm HTTP/1.1" 200 21 "-" "WordPress/6.8.3; https://cars.brainware.com.co"
170.10.164.108 - - [30/Nov/2025:01:08:26 +0000] "POST /wp-admin/admin-ajax.php?action=wp_1_wc_privacy_cleanup&nonce=b5726f1204 HTTP/1.1" 200 0 "-" "WordPress/6.8.3; https://cars.brainware.com.co"
98.93.157.253 - - [30/Nov/2025:00:29:39 +0000] "GET / HTTP/1.1" 200 58739 "-" "Mozilla/5.0 (Windows NT 10.0; Win64; x64) Chrome/91.0.4472.124"
170.10.164.108 - - [30/Nov/2025:09:34:29 +0000] "POST /wp-cron.php?doing_wp_cron=1764495269.0509800910949707031250 HTTP/1.1" 200 0 "-" "WordPress/6.8.3; https://cars.brainware.com.co"
13.219.121.241 - - [30/Nov/2025:09:34:21 +0000] "GET / HTTP/1.1" 301 0 "-" "RecordedFuture Global Inventory Crawler"
13.219.121.241 - - [30/Nov/2025:09:34:51 +0000] "GET / HTTP/1.1" 200 58739 "https://170.10.164.108:443" "RecordedFuture Global Inventory Crawler"
54.173.203.233 - - [30/Nov/2025:19:07:43 +0000] "GET /phpinfo.php HTTP/1.1" 200 0 "-" "python-httpx/0.28.1"
54.173.203.233 - - [30/Nov/2025:19:07:44 +0000] "GET /info.php HTTP/1.1" 200 0 "-" "python-httpx/0.28.1"
54.173.203.233 - - [30/Nov/2025:19:07:46 +0000] "GET /php_info.php HTTP/1.1" 200 0 "-" "python-httpx/0.28.1"
54.173.203.233 - - [30/Nov/2025:19:07:53 +0000] "GET /php.php HTTP/1.1" 200 0 "-" "python-httpx/0.28.1"
54.173.203.233 - - [30/Nov/2025:19:07:56 +0000] "GET /phpversion.php HTTP/1.1" 200 0 "-" "python-httpx/0.28.1"
54.173.203.233 - - [30/Nov/2025:19:08:00 +0000] "GET /server.php HTTP/1.1" 200 0 "-" "python-httpx/0.28.1"
170.10.164.108 - - [30/Nov/2025:19:08:11 +0000] "POST /wp-cron.php?doing_wp_cron=1764529691.2898950576782226562500 HTTP/1.1" 200 0 "-" "WordPress/6.8.3; https://cars.brainware.com.co"
170.10.164.108 - - [30/Nov/2025:19:08:11 +0000] "POST /wp-cron.php?doing_wp_cron=1764529691.4016249179840087890625 HTTP/1.1" 200 0 "-" "WordPress/6.8.3; https://cars.brainware.com.co"
170.10.164.108 - - [30/Nov/2025:19:08:13 +0000] "POST /wp-cron.php?doing_wp_cron=1764529691.9957408905029296875000 HTTP/1.1" 200 0 "-" "WordPress/6.8.3; https://cars.brainware.com.co"
54.173.203.233 - - [30/Nov/2025:19:08:03 +0000] "GET /phptest.php HTTP/1.1" 200 0 "-" "python-httpx/0.28.1"
54.173.203.233 - - [30/Nov/2025:19:08:06 +0000] "GET /probe.php HTTP/1.1" 200 0 "-" "python-httpx/0.28.1"
54.173.203.233 - - [30/Nov/2025:19:08:07 +0000] "GET /_profiler/phpinfo HTTP/1.1" 200 0 "-" "python-httpx/0.28.1"
54.173.203.233 - - [30/Nov/2025:19:08:08 +0000] "GET /phpinfo.php.save HTTP/1.1" 200 0 "-" "python-httpx/0.28.1"
54.173.203.233 - - [30/Nov/2025:19:08:09 +0000] "GET /info.php.save HTTP/1.1" 200 0 "-" "python-httpx/0.28.1"
54.173.203.233 - - [30/Nov/2025:19:08:10 +0000] "GET /php_info.php.save HTTP/1.1" 200 0 "-" "python-httpx/0.28.1"
54.173.203.233 - - [30/Nov/2025:19:08:14 +0000] "GET /info.php.bak HTTP/1.1" 200 0 "-" "python-httpx/0.28.1"
54.173.203.233 - - [30/Nov/2025:19:08:15 +0000] "GET /php_info.php.bak HTTP/1.1" 200 0 "-" "python-httpx/0.28.1"
54.173.203.233 - - [30/Nov/2025:19:08:17 +0000] "GET /phpinfo.php.old HTTP/1.1" 200 0 "-" "python-httpx/0.28.1"
54.173.203.233 - - [30/Nov/2025:19:08:27 +0000] "GET /phpinfo.php.txt HTTP/1.1" 200 0 "-" "python-httpx/0.28.1"
54.173.203.233 - - [30/Nov/2025:19:08:28 +0000] "GET /info.php.txt HTTP/1.1" 200 0 "-" "python-httpx/0.28.1"
54.173.203.233 - - [30/Nov/2025:19:08:29 +0000] "GET /admin/phpinfo.php HTTP/1.1" 200 0 "-" "python-httpx/0.28.1"
54.173.203.233 - - [30/Nov/2025:19:08:33 +0000] "GET /admin/php.php HTTP/1.1" 200 0 "-" "python-httpx/0.28.1"
54.173.203.233 - - [30/Nov/2025:19:08:45 +0000] "GET /public/info.php HTTP/1.1" 503 807 "-" "python-httpx/0.28.1"
54.173.203.233 - - [30/Nov/2025:19:08:48 +0000] "GET /web/phpinfo.php HTTP/1.1" 503 807 "-" "python-httpx/0.28.1"
54.173.203.233 - - [30/Nov/2025:19:08:53 +0000] "GET /www/info.php HTTP/1.1" 503 807 "-" "python-httpx/0.28.1"
54.173.203.233 - - [30/Nov/2025:19:08:56 +0000] "GET /site/info.php HTTP/1.1" 200 0 "-" "python-httpx/0.28.1"
54.173.203.233 - - [30/Nov/2025:19:09:01 +0000] "GET /includes/phpinfo.php HTTP/1.1" 200 0 "-" "python-httpx/0.28.1"
54.173.203.233 - - [30/Nov/2025:19:09:11 +0000] "GET /uploads/phpinfo.php HTTP/1.1" 200 0 "-" "python-httpx/0.28.1"
54.173.203.233 - - [30/Nov/2025:19:09:12 +0000] "GET /uploads/info.php HTTP/1.1" 200 0 "-" "python-httpx/0.28.1"
54.173.203.233 - - [30/Nov/2025:19:09:15 +0000] "GET /static/phpinfo.php HTTP/1.1" 200 0 "-" "python-httpx/0.28.1"
54.173.203.233 - - [30/Nov/2025:19:09:21 +0000] "GET /backup/info.php HTTP/1.1" 200 0 "-" "python-httpx/0.28.1"
54.173.203.233 - - [30/Nov/2025:19:09:22 +0000] "GET /old/phpinfo.php HTTP/1.1" 200 0 "-" "python-httpx/0.28.1"
54.173.203.233 - - [30/Nov/2025:19:09:24 +0000] "GET /1.php HTTP/1.1" 200 0 "-" "python-httpx/0.28.1"
54.173.203.233 - - [30/Nov/2025:19:09:27 +0000] "GET /p.php HTTP/1.1" 200 0 "-" "python-httpx/0.28.1"
54.173.203.233 - - [30/Nov/2025:19:09:29 +0000] "GET /info_php.php HTTP/1.1" 200 0 "-" "python-httpx/0.28.1"
54.173.203.233 - - [30/Nov/2025:19:07:50 +0000] "GET /info2.php HTTP/1.1" 200 0 "-" "python-httpx/0.28.1"
54.173.203.233 - - [30/Nov/2025:19:07:55 +0000] "GET /i.php HTTP/1.1" 200 0 "-" "python-httpx/0.28.1"
54.173.203.233 - - [30/Nov/2025:19:07:59 +0000] "GET /serverinfo.php HTTP/1.1" 200 0 "-" "python-httpx/0.28.1"
170.10.164.108 - - [30/Nov/2025:19:08:11 +0000] "POST /wp-cron.php?doing_wp_cron=1764529691.2088770866394042968750 HTTP/1.1" 200 0 "-" "WordPress/6.8.3; https://cars.brainware.com.co"
170.10.164.108 - - [30/Nov/2025:19:08:11 +0000] "POST /wp-cron.php?doing_wp_cron=1764529691.1867780685424804687500 HTTP/1.1" 200 0 "-" "WordPress/6.8.3; https://cars.brainware.com.co"
170.10.164.108 - - [30/Nov/2025:19:08:17 +0000] "POST /wp-cron.php?doing_wp_cron=1764529696.2822329998016357421875 HTTP/1.1" 200 0 "-" "WordPress/6.8.3; https://cars.brainware.com.co"
54.173.203.233 - - [30/Nov/2025:19:08:18 +0000] "GET /info.php.old HTTP/1.1" 200 0 "-" "python-httpx/0.28.1"
54.173.203.233 - - [30/Nov/2025:19:08:20 +0000] "GET /php_info.php.old HTTP/1.1" 200 0 "-" "python-httpx/0.28.1"
54.173.203.233 - - [30/Nov/2025:19:08:24 +0000] "GET /php_info.php.tmp HTTP/1.1" 200 0 "-" "python-httpx/0.28.1"
54.173.203.233 - - [30/Nov/2025:19:08:30 +0000] "GET /admin/info.php HTTP/1.1" 200 0 "-" "python-httpx/0.28.1"
54.173.203.233 - - [30/Nov/2025:19:08:32 +0000] "GET /admin/test.php HTTP/1.1" 200 0 "-" "python-httpx/0.28.1"
54.173.203.233 - - [30/Nov/2025:19:08:34 +0000] "GET /test/phpinfo.php HTTP/1.1" 503 807 "-" "python-httpx/0.28.1"
54.173.203.233 - - [30/Nov/2025:19:08:38 +0000] "GET /dev/info.php HTTP/1.1" 503 807 "-" "python-httpx/0.28.1"
54.173.203.233 - - [30/Nov/2025:19:08:41 +0000] "GET /tmp/phpinfo.php HTTP/1.1" 503 807 "-" "python-httpx/0.28.1"
54.173.203.233 - - [30/Nov/2025:19:08:43 +0000] "GET /tmp/test.php HTTP/1.1" 503 807 "-" "python-httpx/0.28.1"
54.173.203.233 - - [30/Nov/2025:19:08:44 +0000] "GET /public/phpinfo.php HTTP/1.1" 200 0 "-" "python-httpx/0.28.1"
54.173.203.233 - - [30/Nov/2025:19:08:49 +0000] "GET /web/info.php HTTP/1.1" 200 0 "-" "python-httpx/0.28.1"
54.173.203.233 - - [30/Nov/2025:19:08:50 +0000] "GET /web/test.php HTTP/1.1" 200 0 "-" "python-httpx/0.28.1"
54.173.203.233 - - [30/Nov/2025:19:08:51 +0000] "GET /www/phpinfo.php HTTP/1.1" 200 0 "-" "python-httpx/0.28.1"
54.173.203.233 - - [30/Nov/2025:19:08:57 +0000] "GET /html/phpinfo.php HTTP/1.1" 200 0 "-" "python-httpx/0.28.1"
54.173.203.233 - - [30/Nov/2025:19:08:58 +0000] "GET /html/info.php HTTP/1.1" 200 0 "-" "python-httpx/0.28.1"
54.173.203.233 - - [30/Nov/2025:19:08:59 +0000] "GET /htdocs/phpinfo.php HTTP/1.1" 200 0 "-" "python-httpx/0.28.1"
54.173.203.233 - - [30/Nov/2025:19:09:00 +0000] "GET /htdocs/info.php HTTP/1.1" 200 0 "-" "python-httpx/0.28.1"
54.173.203.233 - - [30/Nov/2025:19:09:03 +0000] "GET /includes/info.php HTTP/1.1" 200 0 "-" "python-httpx/0.28.1"
54.173.203.233 - - [30/Nov/2025:19:09:04 +0000] "GET /scripts/phpinfo.php HTTP/1.1" 200 0 "-" "python-httpx/0.28.1"
54.173.203.233 - - [30/Nov/2025:19:09:09 +0000] "GET /upload/info.php HTTP/1.1" 200 0 "-" "python-httpx/0.28.1"
54.173.203.233 - - [30/Nov/2025:19:09:13 +0000] "GET /assets/phpinfo.php HTTP/1.1" 200 0 "-" "python-httpx/0.28.1"
54.173.203.233 - - [30/Nov/2025:19:09:14 +0000] "GET /assets/info.php HTTP/1.1" 200 0 "-" "python-httpx/0.28.1"
54.173.203.233 - - [30/Nov/2025:19:09:16 +0000] "GET /static/info.php HTTP/1.1" 200 0 "-" "python-httpx/0.28.1"
54.173.203.233 - - [30/Nov/2025:19:09:17 +0000] "GET /files/phpinfo.php HTTP/1.1" 200 0 "-" "python-httpx/0.28.1"
54.173.203.233 - - [30/Nov/2025:19:09:23 +0000] "GET /old/info.php HTTP/1.1" 200 0 "-" "python-httpx/0.28.1"
54.173.203.233 - - [30/Nov/2025:19:09:34 +0000] "GET /.git/config HTTP/1.1" 403 1242 "-" "python-httpx/0.28.1"
54.173.203.233 - - [30/Nov/2025:19:09:26 +0000] "GET /3.php HTTP/1.1" 200 0 "-" "python-httpx/0.28.1"
54.173.203.233 - - [30/Nov/2025:19:09:32 +0000] "GET /infophp.php HTTP/1.1" 200 0 "-" "python-httpx/0.28.1"
54.173.203.233 - - [30/Nov/2025:19:07:47 +0000] "GET /phpinfo HTTP/1.1" 200 0 "-" "python-httpx/0.28.1"
54.173.203.233 - - [30/Nov/2025:19:07:48 +0000] "GET /test.php HTTP/1.1" 200 0 "-" "python-httpx/0.28.1"
54.173.203.233 - - [30/Nov/2025:19:07:49 +0000] "GET /info1.php HTTP/1.1" 200 0 "-" "python-httpx/0.28.1"
54.173.203.233 - - [30/Nov/2025:19:07:52 +0000] "GET /info3.php HTTP/1.1" 200 0 "-" "python-httpx/0.28.1"
54.173.203.233 - - [30/Nov/2025:19:07:54 +0000] "GET /pi.php HTTP/1.1" 200 0 "-" "python-httpx/0.28.1"
54.173.203.233 - - [30/Nov/2025:19:07:57 +0000] "GET /php_version.php HTTP/1.1" 200 0 "-" "python-httpx/0.28.1"
54.173.203.233 - - [30/Nov/2025:19:08:01 +0000] "GET /debug.php HTTP/1.1" 200 0 "-" "python-httpx/0.28.1"
170.10.164.108 - - [30/Nov/2025:19:08:12 +0000] "POST /wp-cron.php?doing_wp_cron=1764529691.1954209804534912109375 HTTP/1.1" 200 0 "-" "WordPress/6.8.3; https://cars.brainware.com.co"
54.173.203.233 - - [30/Nov/2025:19:08:02 +0000] "GET /diagnostic.php HTTP/1.1" 200 0 "-" "python-httpx/0.28.1"
54.173.203.233 - - [30/Nov/2025:19:08:04 +0000] "GET /check.php HTTP/1.1" 200 0 "-" "python-httpx/0.28.1"
54.173.203.233 - - [30/Nov/2025:19:08:11 +0000] "GET /test.php.save HTTP/1.1" 200 0 "-" "python-httpx/0.28.1"
54.173.203.233 - - [30/Nov/2025:19:08:13 +0000] "GET /phpinfo.php.bak HTTP/1.1" 200 0 "-" "python-httpx/0.28.1"
54.173.203.233 - - [30/Nov/2025:19:08:16 +0000] "GET /test.php.bak HTTP/1.1" 200 0 "-" "python-httpx/0.28.1"
54.173.203.233 - - [30/Nov/2025:19:08:21 +0000] "GET /test.php.old HTTP/1.1" 200 0 "-" "python-httpx/0.28.1"
54.173.203.233 - - [30/Nov/2025:19:08:22 +0000] "GET /phpinfo.php.tmp HTTP/1.1" 200 0 "-" "python-httpx/0.28.1"
170.10.164.108 - - [30/Nov/2025:19:08:22 +0000] "POST /wp-cron.php?doing_wp_cron=1764529700.9822340011596679687500 HTTP/1.1" 200 0 "-" "WordPress/6.8.3; https://cars.brainware.com.co"
54.173.203.233 - - [30/Nov/2025:19:08:23 +0000] "GET /info.php.tmp HTTP/1.1" 200 0 "-" "python-httpx/0.28.1"
54.173.203.233 - - [30/Nov/2025:19:08:25 +0000] "GET /test.php.tmp HTTP/1.1" 200 0 "-" "python-httpx/0.28.1"
170.10.164.108 - - [30/Nov/2025:19:08:27 +0000] "POST /wp-cron.php?doing_wp_cron=1764529705.8955869674682617187500 HTTP/1.1" 200 0 "-" "WordPress/6.8.3; https://cars.brainware.com.co"
54.173.203.233 - - [30/Nov/2025:19:08:35 +0000] "GET /test/info.php HTTP/1.1" 200 0 "-" "python-httpx/0.28.1"
54.173.203.233 - - [30/Nov/2025:19:08:36 +0000] "GET /test/test.php HTTP/1.1" 200 0 "-" "python-httpx/0.28.1"
54.173.203.233 - - [30/Nov/2025:19:08:37 +0000] "GET /dev/phpinfo.php HTTP/1.1" 200 0 "-" "python-httpx/0.28.1"
54.173.203.233 - - [30/Nov/2025:19:08:40 +0000] "GET /dev/test.php HTTP/1.1" 200 0 "-" "python-httpx/0.28.1"
54.173.203.233 - - [30/Nov/2025:19:08:42 +0000] "GET /tmp/info.php HTTP/1.1" 200 0 "-" "python-httpx/0.28.1"
54.173.203.233 - - [30/Nov/2025:19:08:47 +0000] "GET /public/test.php HTTP/1.1" 200 0 "-" "python-httpx/0.28.1"
54.173.203.233 - - [30/Nov/2025:19:08:54 +0000] "GET /www/test.php HTTP/1.1" 200 0 "-" "python-httpx/0.28.1"
54.173.203.233 - - [30/Nov/2025:19:08:55 +0000] "GET /site/phpinfo.php HTTP/1.1" 200 0 "-" "python-httpx/0.28.1"
54.173.203.233 - - [30/Nov/2025:19:09:05 +0000] "GET /scripts/info.php HTTP/1.1" 200 0 "-" "python-httpx/0.28.1"
54.173.203.233 - - [30/Nov/2025:19:09:06 +0000] "GET /cgi-bin/phpinfo.php HTTP/1.1" 200 0 "-" "python-httpx/0.28.1"
54.173.203.233 - - [30/Nov/2025:19:09:07 +0000] "GET /cgi-bin/info.php HTTP/1.1" 200 0 "-" "python-httpx/0.28.1"
54.173.203.233 - - [30/Nov/2025:19:09:08 +0000] "GET /upload/phpinfo.php HTTP/1.1" 200 0 "-" "python-httpx/0.28.1"
54.173.203.233 - - [30/Nov/2025:19:09:18 +0000] "GET /files/info.php HTTP/1.1" 200 0 "-" "python-httpx/0.28.1"
54.173.203.233 - - [30/Nov/2025:19:09:19 +0000] "GET /backup/phpinfo.php HTTP/1.1" 200 0 "-" "python-httpx/0.28.1"
54.173.203.233 - - [30/Nov/2025:19:09:25 +0000] "GET /2.php HTTP/1.1" 200 0 "-" "python-httpx/0.28.1"
54.173.203.233 - - [30/Nov/2025:19:09:28 +0000] "GET /t.php HTTP/1.1" 200 0 "-" "python-httpx/0.28.1"
54.173.203.233 - - [30/Nov/2025:19:09:35 +0000] "GET /.env.local HTTP/1.1" 200 0 "-" "python-httpx/0.28.1"
54.173.203.233 - - [30/Nov/2025:19:09:41 +0000] "GET /.env.test HTTP/1.1" 200 0 "-" "python-httpx/0.28.1"
54.173.203.233 - - [30/Nov/2025:19:09:51 +0000] "GET /vendor/.env HTTP/1.1" 200 0 "-" "python-httpx/0.28.1"
54.173.203.233 - - [30/Nov/2025:19:09:52 +0000] "GET /lib/.env HTTP/1.1" 200 0 "-" "python-httpx/0.28.1"
54.173.203.233 - - [30/Nov/2025:19:09:53 +0000] "GET /lab/.env HTTP/1.1" 200 0 "-" "python-httpx/0.28.1"
54.173.203.233 - - [30/Nov/2025:19:09:56 +0000] "GET /cron/.env HTTP/1.1" 200 0 "-" "python-httpx/0.28.1"
54.173.203.233 - - [30/Nov/2025:19:09:58 +0000] "GET /core/app/.env HTTP/1.1" 200 0 "-" "python-httpx/0.28.1"
54.173.203.233 - - [30/Nov/2025:19:10:00 +0000] "GET /database/.env HTTP/1.1" 200 0 "-" "python-httpx/0.28.1"
54.173.203.233 - - [30/Nov/2025:19:10:01 +0000] "GET /config/.env HTTP/1.1" 200 0 "-" "python-httpx/0.28.1"
54.173.203.233 - - [30/Nov/2025:19:10:02 +0000] "GET /assets/.env HTTP/1.1" 200 0 "-" "python-httpx/0.28.1"
54.173.203.233 - - [30/Nov/2025:19:10:03 +0000] "GET /app/.env HTTP/1.1" 200 0 "-" "python-httpx/0.28.1"
54.173.203.233 - - [30/Nov/2025:19:10:07 +0000] "GET /sitemaps/.env HTTP/1.1" 200 0 "-" "python-httpx/0.28.1"
54.173.203.233 - - [30/Nov/2025:19:10:08 +0000] "GET /saas/.env HTTP/1.1" 200 0 "-" "python-httpx/0.28.1"
54.173.203.233 - - [30/Nov/2025:19:10:11 +0000] "GET /exapi/.env HTTP/1.1" 200 0 "-" "python-httpx/0.28.1"
54.173.203.233 - - [30/Nov/2025:19:10:15 +0000] "GET /public/.env HTTP/1.1" 200 0 "-" "python-httpx/0.28.1"
54.173.203.233 - - [30/Nov/2025:19:10:16 +0000] "GET /en/.env HTTP/1.1" 200 0 "-" "python-httpx/0.28.1"
54.173.203.233 - - [30/Nov/2025:19:10:18 +0000] "GET /tools/.env HTTP/1.1" 200 0 "-" "python-httpx/0.28.1"
54.173.203.233 - - [30/Nov/2025:19:10:19 +0000] "GET /v1/.env HTTP/1.1" 200 0 "-" "python-httpx/0.28.1"
54.173.203.233 - - [30/Nov/2025:19:10:20 +0000] "GET /v2/.env HTTP/1.1" 200 0 "-" "python-httpx/0.28.1"
54.173.203.233 - - [30/Nov/2025:19:10:23 +0000] "GET /docker/.env HTTP/1.1" 200 0 "-" "python-httpx/0.28.1"
54.173.203.233 - - [30/Nov/2025:19:10:24 +0000] "GET /kubernetes/.env HTTP/1.1" 200 0 "-" "python-httpx/0.28.1"
54.173.203.233 - - [30/Nov/2025:19:10:25 +0000] "GET /backend/.env HTTP/1.1" 200 0 "-" "python-httpx/0.28.1"
54.173.203.233 - - [30/Nov/2025:19:10:29 +0000] "GET /src/.env HTTP/1.1" 200 0 "-" "python-httpx/0.28.1"
54.173.203.233 - - [30/Nov/2025:19:10:31 +0000] "GET /includes/.env HTTP/1.1" 200 0 "-" "python-httpx/0.28.1"
54.173.203.233 - - [30/Nov/2025:19:10:35 +0000] "GET /storage/.env HTTP/1.1" 200 0 "-" "python-httpx/0.28.1"
54.173.203.233 - - [30/Nov/2025:19:10:39 +0000] "GET /configuration.json HTTP/1.1" 200 0 "-" "python-httpx/0.28.1"
54.173.203.233 - - [30/Nov/2025:19:10:41 +0000] "GET /web.config HTTP/1.1" 200 0 "-" "python-httpx/0.28.1"
54.173.203.233 - - [30/Nov/2025:19:10:44 +0000] "GET /settings.yml HTTP/1.1" 200 0 "-" "python-httpx/0.28.1"
54.173.203.233 - - [30/Nov/2025:19:10:46 +0000] "GET /config/database.yml HTTP/1.1" 200 0 "-" "python-httpx/0.28.1"
54.173.203.233 - - [30/Nov/2025:19:10:48 +0000] "GET /config/app.yml HTTP/1.1" 200 0 "-" "python-httpx/0.28.1"
54.173.203.233 - - [30/Nov/2025:19:10:50 +0000] "GET /config.php HTTP/1.1" 200 0 "-" "python-httpx/0.28.1"
54.173.203.233 - - [30/Nov/2025:19:10:51 +0000] "GET /config/database.php HTTP/1.1" 200 0 "-" "python-httpx/0.28.1"
54.173.203.233 - - [30/Nov/2025:19:10:53 +0000] "GET /config/mail.php HTTP/1.1" 200 0 "-" "python-httpx/0.28.1"
54.173.203.233 - - [30/Nov/2025:19:10:59 +0000] "GET /conf/config.php HTTP/1.1" 503 807 "-" "python-httpx/0.28.1"
54.173.203.233 - - [30/Nov/2025:19:11:05 +0000] "GET /aws.json HTTP/1.1" 503 807 "-" "python-httpx/0.28.1"
54.173.203.233 - - [30/Nov/2025:19:11:06 +0000] "GET /aws-config.json HTTP/1.1" 503 807 "-" "python-httpx/0.28.1"
54.173.203.233 - - [30/Nov/2025:19:11:09 +0000] "GET /.gcloud/credentials HTTP/1.1" 503 807 "-" "python-httpx/0.28.1"
54.173.203.233 - - [30/Nov/2025:19:09:33 +0000] "GET /testphp.php HTTP/1.1" 200 0 "-" "python-httpx/0.28.1"
54.173.203.233 - - [30/Nov/2025:19:09:34 +0000] "GET /.env HTTP/1.1" 200 0 "-" "python-httpx/0.28.1"
54.173.203.233 - - [30/Nov/2025:19:09:36 +0000] "GET /.env.remote HTTP/1.1" 200 0 "-" "python-httpx/0.28.1"
54.173.203.233 - - [30/Nov/2025:19:09:37 +0000] "GET /.env.production HTTP/1.1" 200 0 "-" "python-httpx/0.28.1"
54.173.203.233 - - [30/Nov/2025:19:09:38 +0000] "GET /.env.development HTTP/1.1" 200 0 "-" "python-httpx/0.28.1"
54.173.203.233 - - [30/Nov/2025:19:09:44 +0000] "GET /.env.old HTTP/1.1" 200 0 "-" "python-httpx/0.28.1"
54.173.203.233 - - [30/Nov/2025:19:09:50 +0000] "GET /.env.dev.local HTTP/1.1" 200 0 "-" "python-httpx/0.28.1"
54.173.203.233 - - [30/Nov/2025:19:09:55 +0000] "GET /cronlab/.env HTTP/1.1" 200 0 "-" "python-httpx/0.28.1"
54.173.203.233 - - [30/Nov/2025:19:09:57 +0000] "GET /core/.env HTTP/1.1" 200 0 "-" "python-httpx/0.28.1"
54.173.203.233 - - [30/Nov/2025:19:09:59 +0000] "GET /core/Datavase/.env HTTP/1.1" 200 0 "-" "python-httpx/0.28.1"
54.173.203.233 - - [30/Nov/2025:19:10:05 +0000] "GET /apps/.env HTTP/1.1" 200 0 "-" "python-httpx/0.28.1"
54.173.203.233 - - [30/Nov/2025:19:10:06 +0000] "GET /uploads/.env HTTP/1.1" 200 0 "-" "python-httpx/0.28.1"
54.173.203.233 - - [30/Nov/2025:19:10:09 +0000] "GET /api/.env HTTP/1.1" 200 0 "-" "python-httpx/0.28.1"
54.173.203.233 - - [30/Nov/2025:19:10:12 +0000] "GET /site/.env HTTP/1.1" 200 0 "-" "python-httpx/0.28.1"
54.173.203.233 - - [30/Nov/2025:19:10:13 +0000] "GET /admin/.env HTTP/1.1" 200 0 "-" "python-httpx/0.28.1"
54.173.203.233 - - [30/Nov/2025:19:10:26 +0000] "GET /frontend/.env HTTP/1.1" 200 0 "-" "python-httpx/0.28.1"
54.173.203.233 - - [30/Nov/2025:19:10:27 +0000] "GET /server/.env HTTP/1.1" 200 0 "-" "python-httpx/0.28.1"
54.173.203.233 - - [30/Nov/2025:19:10:32 +0000] "GET /modules/.env HTTP/1.1" 200 0 "-" "python-httpx/0.28.1"
54.173.203.233 - - [30/Nov/2025:19:10:33 +0000] "GET /plugins/.env HTTP/1.1" 200 0 "-" "python-httpx/0.28.1"
54.173.203.233 - - [30/Nov/2025:19:10:34 +0000] "GET /themes/.env HTTP/1.1" 200 0 "-" "python-httpx/0.28.1"
54.173.203.233 - - [30/Nov/2025:19:10:36 +0000] "GET /config.json HTTP/1.1" 200 0 "-" "python-httpx/0.28.1"
54.173.203.233 - - [30/Nov/2025:19:10:37 +0000] "GET /config.yml HTTP/1.1" 200 0 "-" "python-httpx/0.28.1"
54.173.203.233 - - [30/Nov/2025:19:10:38 +0000] "GET /config.yaml HTTP/1.1" 200 0 "-" "python-httpx/0.28.1"
54.173.203.233 - - [30/Nov/2025:19:10:42 +0000] "GET /settings.json HTTP/1.1" 200 0 "-" "python-httpx/0.28.1"
54.173.203.233 - - [30/Nov/2025:19:10:47 +0000] "GET /config/secrets.yml HTTP/1.1" 200 0 "-" "python-httpx/0.28.1"
54.173.203.233 - - [30/Nov/2025:19:10:52 +0000] "GET /config/app.php HTTP/1.1" 200 0 "-" "python-httpx/0.28.1"
54.173.203.233 - - [30/Nov/2025:19:10:55 +0000] "GET /application.properties HTTP/1.1" 503 807 "-" "python-httpx/0.28.1"
54.173.203.233 - - [30/Nov/2025:19:10:56 +0000] "GET /application.yml HTTP/1.1" 503 807 "-" "python-httpx/0.28.1"
54.173.203.233 - - [30/Nov/2025:19:11:01 +0000] "GET /admin/config.php HTTP/1.1" 503 807 "-" "python-httpx/0.28.1"
54.173.203.233 - - [30/Nov/2025:19:11:03 +0000] "GET /.aws/config HTTP/1.1" 503 807 "-" "python-httpx/0.28.1"
54.173.203.233 - - [30/Nov/2025:19:11:19 +0000] "GET /credentials.json HTTP/1.1" 503 807 "-" "python-httpx/0.28.1"
54.173.203.233 - - [30/Nov/2025:19:11:23 +0000] "GET /oauth.json HTTP/1.1" 200 0 "-" "python-httpx/0.28.1"
54.173.203.233 - - [30/Nov/2025:19:11:29 +0000] "GET /.well-known/security.txt HTTP/1.1" 200 0 "-" "python-httpx/0.28.1"
54.173.203.233 - - [30/Nov/2025:19:11:32 +0000] "GET /docker-compose.yaml HTTP/1.1" 200 0 "-" "python-httpx/0.28.1"
54.173.203.233 - - [30/Nov/2025:19:11:34 +0000] "GET /.dockerenv HTTP/1.1" 200 0 "-" "python-httpx/0.28.1"
54.173.203.233 - - [30/Nov/2025:19:11:38 +0000] "GET /kubernetes.yml HTTP/1.1" 200 0 "-" "python-httpx/0.28.1"
54.173.203.233 - - [30/Nov/2025:19:11:43 +0000] "GET /site-backup.zip HTTP/1.1" 200 0 "-" "python-httpx/0.28.1"
54.173.203.233 - - [30/Nov/2025:19:09:31 +0000] "GET /php-info.php HTTP/1.1" 200 0 "-" "python-httpx/0.28.1"
54.173.203.233 - - [30/Nov/2025:19:09:39 +0000] "GET /.env.staging HTTP/1.1" 200 0 "-" "python-httpx/0.28.1"
54.173.203.233 - - [30/Nov/2025:19:09:42 +0000] "GET /.env.backup HTTP/1.1" 200 0 "-" "python-httpx/0.28.1"
54.173.203.233 - - [30/Nov/2025:19:09:43 +0000] "GET /.env.sample HTTP/1.1" 200 0 "-" "python-httpx/0.28.1"
54.173.203.233 - - [30/Nov/2025:19:09:45 +0000] "GET /.env.save HTTP/1.1" 200 0 "-" "python-httpx/0.28.1"
54.173.203.233 - - [30/Nov/2025:19:09:46 +0000] "GET /.env.bak HTTP/1.1" 200 0 "-" "python-httpx/0.28.1"
54.173.203.233 - - [30/Nov/2025:19:09:47 +0000] "GET /.env.1 HTTP/1.1" 200 0 "-" "python-httpx/0.28.1"
54.173.203.233 - - [30/Nov/2025:19:09:48 +0000] "GET /.env.2 HTTP/1.1" 200 0 "-" "python-httpx/0.28.1"
54.173.203.233 - - [30/Nov/2025:19:09:49 +0000] "GET /.env.prod.local HTTP/1.1" 200 0 "-" "python-httpx/0.28.1"
54.173.203.233 - - [30/Nov/2025:19:10:10 +0000] "GET /psnlink/.env HTTP/1.1" 200 0 "-" "python-httpx/0.28.1"
54.173.203.233 - - [30/Nov/2025:19:10:14 +0000] "GET /web/.env HTTP/1.1" 200 0 "-" "python-httpx/0.28.1"
54.173.203.233 - - [30/Nov/2025:19:10:21 +0000] "GET /administrator/.env HTTP/1.1" 200 0 "-" "python-httpx/0.28.1"
54.173.203.233 - - [30/Nov/2025:19:10:22 +0000] "GET /laravel/.env HTTP/1.1" 200 0 "-" "python-httpx/0.28.1"
54.173.203.233 - - [30/Nov/2025:19:10:28 +0000] "GET /client/.env HTTP/1.1" 200 0 "-" "python-httpx/0.28.1"
54.173.203.233 - - [30/Nov/2025:19:10:40 +0000] "GET /app.config HTTP/1.1" 200 0 "-" "python-httpx/0.28.1"
54.173.203.233 - - [30/Nov/2025:19:10:45 +0000] "GET /.config HTTP/1.1" 200 0 "-" "python-httpx/0.28.1"
54.173.203.233 - - [30/Nov/2025:19:10:49 +0000] "GET /config/config.yml HTTP/1.1" 200 0 "-" "python-httpx/0.28.1"
54.173.203.233 - - [30/Nov/2025:19:10:57 +0000] "GET /includes/config.php HTTP/1.1" 503 807 "-" "python-httpx/0.28.1"
54.173.203.233 - - [30/Nov/2025:19:10:58 +0000] "GET /inc/config.php HTTP/1.1" 503 807 "-" "python-httpx/0.28.1"
54.173.203.233 - - [30/Nov/2025:19:11:00 +0000] "GET /settings/config.php HTTP/1.1" 503 807 "-" "python-httpx/0.28.1"
54.173.203.233 - - [30/Nov/2025:19:11:02 +0000] "GET /.aws/credentials HTTP/1.1" 503 807 "-" "python-httpx/0.28.1"
54.173.203.233 - - [30/Nov/2025:19:11:07 +0000] "GET /.s3cfg HTTP/1.1" 503 807 "-" "python-httpx/0.28.1"
54.173.203.233 - - [30/Nov/2025:19:11:08 +0000] "GET /s3.yml HTTP/1.1" 503 807 "-" "python-httpx/0.28.1"
54.173.203.233 - - [30/Nov/2025:19:11:12 +0000] "GET /.azure/credentials HTTP/1.1" 503 807 "-" "python-httpx/0.28.1"
54.173.203.233 - - [30/Nov/2025:19:11:16 +0000] "GET /api_keys.json HTTP/1.1" 503 807 "-" "python-httpx/0.28.1"
54.173.203.233 - - [30/Nov/2025:19:11:17 +0000] "GET /apikeys.json HTTP/1.1" 503 807 "-" "python-httpx/0.28.1"
54.173.203.233 - - [30/Nov/2025:19:11:20 +0000] "GET /keys.json HTTP/1.1" 503 807 "-" "python-httpx/0.28.1"
54.173.203.233 - - [30/Nov/2025:19:11:22 +0000] "GET /auth.json HTTP/1.1" 503 807 "-" "python-httpx/0.28.1"
54.173.203.233 - - [30/Nov/2025:19:11:24 +0000] "GET /.secrets HTTP/1.1" 503 807 "-" "python-httpx/0.28.1"
54.173.203.233 - - [30/Nov/2025:19:11:26 +0000] "GET /api/v1/config HTTP/1.1" 200 0 "-" "python-httpx/0.28.1"
54.173.203.233 - - [30/Nov/2025:19:11:33 +0000] "GET /docker-compose.override.yml HTTP/1.1" 200 0 "-" "python-httpx/0.28.1"
54.173.203.233 - - [30/Nov/2025:19:11:35 +0000] "GET /Dockerfile HTTP/1.1" 200 0 "-" "python-httpx/0.28.1"
54.173.203.233 - - [30/Nov/2025:19:11:37 +0000] "GET /.dockerignore HTTP/1.1" 200 0 "-" "python-httpx/0.28.1"
54.173.203.233 - - [30/Nov/2025:19:11:39 +0000] "GET /k8s-config.yml HTTP/1.1" 200 0 "-" "python-httpx/0.28.1"
54.173.203.233 - - [30/Nov/2025:19:11:41 +0000] "GET /backup.zip HTTP/1.1" 200 0 "-" "python-httpx/0.28.1"
54.173.203.233 - - [30/Nov/2025:19:11:42 +0000] "GET /backup.tar.gz HTTP/1.1" 200 0 "-" "python-httpx/0.28.1"
54.173.203.233 - - [30/Nov/2025:19:11:52 +0000] "GET /wp-config.php HTTP/1.1" 200 0 "-" "python-httpx/0.28.1"
54.173.203.233 - - [30/Nov/2025:19:11:10 +0000] "GET /gcp-credentials.json HTTP/1.1" 503 807 "-" "python-httpx/0.28.1"
54.173.203.233 - - [30/Nov/2025:19:11:11 +0000] "GET /azure.json HTTP/1.1" 503 807 "-" "python-httpx/0.28.1"
54.173.203.233 - - [30/Nov/2025:19:11:13 +0000] "GET /secrets.json HTTP/1.1" 200 0 "-" "python-httpx/0.28.1"
54.173.203.233 - - [30/Nov/2025:19:11:14 +0000] "GET /secrets.yml HTTP/1.1" 200 0 "-" "python-httpx/0.28.1"
54.173.203.233 - - [30/Nov/2025:19:11:18 +0000] "GET /.api_keys HTTP/1.1" 503 807 "-" "python-httpx/0.28.1"
54.173.203.233 - - [30/Nov/2025:19:11:21 +0000] "GET /tokens.json HTTP/1.1" 503 807 "-" "python-httpx/0.28.1"
54.173.203.233 - - [30/Nov/2025:19:11:25 +0000] "GET /api/config HTTP/1.1" 503 807 "-" "python-httpx/0.28.1"
54.173.203.233 - - [30/Nov/2025:19:11:27 +0000] "GET /api/v2/config HTTP/1.1" 200 0 "-" "python-httpx/0.28.1"
54.173.203.233 - - [30/Nov/2025:19:11:30 +0000] "GET /security.txt HTTP/1.1" 200 0 "-" "python-httpx/0.28.1"
54.173.203.233 - - [30/Nov/2025:19:11:31 +0000] "GET /docker-compose.yml HTTP/1.1" 200 0 "-" "python-httpx/0.28.1"
54.173.203.233 - - [30/Nov/2025:19:11:36 +0000] "GET /.docker/config.json HTTP/1.1" 200 0 "-" "python-httpx/0.28.1"
54.173.203.233 - - [30/Nov/2025:19:11:44 +0000] "GET /backup.sql HTTP/1.1" 200 0 "-" "python-httpx/0.28.1"
54.173.203.233 - - [30/Nov/2025:19:11:45 +0000] "GET /db_backup.sql HTTP/1.1" 200 0 "-" "python-httpx/0.28.1"
54.173.203.233 - - [30/Nov/2025:19:11:46 +0000] "GET /database.sql HTTP/1.1" 200 0 "-" "python-httpx/0.28.1"
54.173.203.233 - - [30/Nov/2025:19:11:49 +0000] "GET /.DS_Store HTTP/1.1" 200 0 "-" "python-httpx/0.28.1"
54.173.203.233 - - [30/Nov/2025:19:11:53 +0000] "GET /wp-config.php.bak HTTP/1.1" 200 0 "-" "python-httpx/0.28.1"
54.173.203.233 - - [30/Nov/2025:19:11:55 +0000] "GET /wp-config.php.old HTTP/1.1" 200 0 "-" "python-httpx/0.28.1"
54.173.203.233 - - [30/Nov/2025:19:12:04 +0000] "GET /app/etc/local.xml HTTP/1.1" 200 0 "-" "python-httpx/0.28.1"
54.173.203.233 - - [30/Nov/2025:19:12:18 +0000] "GET / HTTP/1.1" 200 58739 "-" "Mozilla/5.0 (Windows NT 10.0; Win64; x64) Chrome/91.0.4472.124"
54.173.203.233 - - [30/Nov/2025:19:12:14 +0000] "GET /var/www/html/error_log HTTP/1.1" 200 0 "-" "python-httpx/0.28.1"
54.173.203.233 - - [30/Nov/2025:19:12:15 +0000] "GET /logs/error.log HTTP/1.1" 200 0 "-" "python-httpx/0.28.1"
170.10.164.108 - - [30/Nov/2025:19:12:49 +0000] "POST /wp-cron.php?doing_wp_cron=1764529968.7812850475311279296875 HTTP/1.1" 200 0 "-" "WordPress/6.8.3; https://cars.brainware.com.co"
170.10.164.108 - - [30/Nov/2025:19:12:49 +0000] "POST /wp-cron.php?doing_wp_cron=1764529968.9900240898132324218750 HTTP/1.1" 200 0 "-" "WordPress/6.8.3; https://cars.brainware.com.co"
170.10.164.108 - - [30/Nov/2025:19:12:49 +0000] "POST /wp-cron.php?doing_wp_cron=1764529969.5991179943084716796875 HTTP/1.1" 200 0 "-" "WordPress/6.8.3; https://cars.brainware.com.co"
170.10.164.108 - - [30/Nov/2025:19:12:50 +0000] "POST /wp-cron.php?doing_wp_cron=1764529969.9021840095520019531250 HTTP/1.1" 200 0 "-" "WordPress/6.8.3; https://cars.brainware.com.co"
170.10.164.108 - - [30/Nov/2025:19:12:51 +0000] "POST /wp-cron.php?doing_wp_cron=1764529970.6822650432586669921875 HTTP/1.1" 200 0 "-" "WordPress/6.8.3; https://cars.brainware.com.co"
170.10.164.108 - - [30/Nov/2025:19:12:51 +0000] "POST /wp-cron.php?doing_wp_cron=1764529970.3816370964050292968750 HTTP/1.1" 200 0 "-" "WordPress/6.8.3; https://cars.brainware.com.co"
170.10.164.108 - - [30/Nov/2025:19:12:54 +0000] "POST /wp-cron.php?doing_wp_cron=1764529974.1946020126342773437500 HTTP/1.1" 200 0 "-" "WordPress/6.8.3; https://cars.brainware.com.co"
170.10.164.108 - - [30/Nov/2025:19:12:59 +0000] "POST /wp-cron.php?doing_wp_cron=1764529979.4941740036010742187500 HTTP/1.1" 200 0 "-" "WordPress/6.8.3; https://cars.brainware.com.co"
170.10.164.108 - - [30/Nov/2025:19:13:01 +0000] "POST /wp-cron.php?doing_wp_cron=1764529980.5821850299835205078125 HTTP/1.1" 200 0 "-" "WordPress/6.8.3; https://cars.brainware.com.co"
54.173.203.233 - - [30/Nov/2025:19:11:56 +0000] "GET /wp-config.php~ HTTP/1.1" 200 0 "-" "python-httpx/0.28.1"
54.173.203.233 - - [30/Nov/2025:19:11:57 +0000] "GET /.wp-config.php.swp HTTP/1.1" 200 0 "-" "python-httpx/0.28.1"
54.173.203.233 - - [30/Nov/2025:19:11:58 +0000] "GET /storage/logs/laravel.log HTTP/1.1" 200 0 "-" "python-httpx/0.28.1"
54.173.203.233 - - [30/Nov/2025:19:11:59 +0000] "GET /app/logs/prod.log HTTP/1.1" 200 0 "-" "python-httpx/0.28.1"
54.173.203.233 - - [30/Nov/2025:19:12:00 +0000] "GET /app/logs/dev.log HTTP/1.1" 200 0 "-" "python-httpx/0.28.1"
54.173.203.233 - - [30/Nov/2025:19:12:02 +0000] "GET /sites/default/settings.php HTTP/1.1" 200 0 "-" "python-httpx/0.28.1"
54.173.203.233 - - [30/Nov/2025:19:12:06 +0000] "GET /app/etc/env.php HTTP/1.1" 200 0 "-" "python-httpx/0.28.1"
54.173.203.233 - - [30/Nov/2025:19:12:07 +0000] "GET /debug.log HTTP/1.1" 200 0 "-" "python-httpx/0.28.1"
54.173.203.233 - - [30/Nov/2025:19:12:09 +0000] "GET /errors.log HTTP/1.1" 200 0 "-" "python-httpx/0.28.1"
54.173.203.233 - - [30/Nov/2025:19:12:11 +0000] "GET /_debug HTTP/1.1" 200 0 "-" "python-httpx/0.28.1"
54.173.203.233 - - [30/Nov/2025:19:12:12 +0000] "GET /var/log/apache2/error.log HTTP/1.1" 200 0 "-" "python-httpx/0.28.1"
170.10.164.108 - - [30/Nov/2025:19:12:50 +0000] "POST /wp-cron.php?doing_wp_cron=1764529969.8841600418090820312500 HTTP/1.1" 200 0 "-" "WordPress/6.8.3; https://cars.brainware.com.co"
170.10.164.108 - - [30/Nov/2025:19:12:51 +0000] "POST /wp-cron.php?doing_wp_cron=1764529970.7012009620666503906250 HTTP/1.1" 200 0 "-" "WordPress/6.8.3; https://cars.brainware.com.co"
170.10.164.108 - - [30/Nov/2025:19:12:54 +0000] "POST /wp-cron.php?doing_wp_cron=1764529974.0973510742187500000000 HTTP/1.1" 200 0 "-" "WordPress/6.8.3; https://cars.brainware.com.co"
170.10.164.108 - - [30/Nov/2025:19:12:55 +0000] "POST /wp-cron.php?doing_wp_cron=1764529974.5881550312042236328125 HTTP/1.1" 200 0 "-" "WordPress/6.8.3; https://cars.brainware.com.co"
170.10.164.108 - - [30/Nov/2025:19:12:56 +0000] "POST /wp-cron.php?doing_wp_cron=1764529976.2889928817749023437500 HTTP/1.1" 200 0 "-" "WordPress/6.8.3; https://cars.brainware.com.co"
170.10.164.108 - - [30/Nov/2025:19:12:57 +0000] "POST /wp-cron.php?doing_wp_cron=1764529976.5862090587615966796875 HTTP/1.1" 200 0 "-" "WordPress/6.8.3; https://cars.brainware.com.co"
170.10.164.108 - - [30/Nov/2025:19:12:58 +0000] "POST /wp-cron.php?doing_wp_cron=1764529978.1916120052337646484375 HTTP/1.1" 200 0 "-" "WordPress/6.8.3; https://cars.brainware.com.co"
170.10.164.108 - - [30/Nov/2025:19:12:58 +0000] "POST /wp-cron.php?doing_wp_cron=1764529978.3884749412536621093750 HTTP/1.1" 200 0 "-" "WordPress/6.8.3; https://cars.brainware.com.co"
170.10.164.108 - - [30/Nov/2025:19:13:00 +0000] "POST /wp-cron.php?doing_wp_cron=1764529979.8931529521942138671875 HTTP/1.1" 200 0 "-" "WordPress/6.8.3; https://cars.brainware.com.co"
170.10.164.108 - - [30/Nov/2025:19:13:02 +0000] "POST /wp-cron.php?doing_wp_cron=1764529981.5892341136932373046875 HTTP/1.1" 200 0 "-" "WordPress/6.8.3; https://cars.brainware.com.co"
170.10.164.108 - - [30/Nov/2025:19:13:23 +0000] "POST /wp-admin/admin-ajax.php?action=async_litespeed&nonce=N9vJpCmNtBc2p00gkq2g8uQ3d6eNN7sB&litespeed_type=imgoptm HTTP/1.1" 200 21 "-" "WordPress/6.8.3; https://cars.brainware.com.co"
170.10.164.108 - - [30/Nov/2025:19:13:28 +0000] "POST /wp-admin/admin-ajax.php?action=wp_1_wc_privacy_cleanup&nonce=ef776cef67 HTTP/1.1" 200 0 "-" "WordPress/6.8.3; https://cars.brainware.com.co"
54.173.203.233 - - [30/Nov/2025:19:11:47 +0000] "GET /dump.sql HTTP/1.1" 200 0 "-" "python-httpx/0.28.1"
54.173.203.233 - - [30/Nov/2025:19:11:48 +0000] "GET /config.zip HTTP/1.1" 200 0 "-" "python-httpx/0.28.1"
54.173.203.233 - - [30/Nov/2025:19:11:50 +0000] "GET /Thumbs.db HTTP/1.1" 200 0 "-" "python-httpx/0.28.1"
54.173.203.233 - - [30/Nov/2025:19:11:54 +0000] "GET /wp-config.php.save HTTP/1.1" 200 0 "-" "python-httpx/0.28.1"
54.173.203.233 - - [30/Nov/2025:19:12:01 +0000] "GET /logs/application.log HTTP/1.1" 200 0 "-" "python-httpx/0.28.1"
54.173.203.233 - - [30/Nov/2025:19:12:03 +0000] "GET /configuration.php HTTP/1.1" 200 0 "-" "python-httpx/0.28.1"
54.173.203.233 - - [30/Nov/2025:19:12:08 +0000] "GET /error.log HTTP/1.1" 200 0 "-" "python-httpx/0.28.1"
54.173.203.233 - - [30/Nov/2025:19:12:10 +0000] "GET /php_error.log HTTP/1.1" 200 0 "-" "python-httpx/0.28.1"
54.173.203.233 - - [30/Nov/2025:19:12:13 +0000] "GET /var/log/nginx/error.log HTTP/1.1" 200 0 "-" "python-httpx/0.28.1"
54.173.203.233 - - [30/Nov/2025:19:12:16 +0000] "GET /log/error.log HTTP/1.1" 200 0 "-" "python-httpx/0.28.1"
170.10.164.108 - - [30/Nov/2025:19:12:52 +0000] "POST /wp-cron.php?doing_wp_cron=1764529971.6052420139312744140625 HTTP/1.1" 200 0 "-" "WordPress/6.8.3; https://cars.brainware.com.co"
170.10.164.108 - - [30/Nov/2025:19:13:06 +0000] "POST /wp-cron.php?doing_wp_cron=1764529986.2916049957275390625000 HTTP/1.1" 200 0 "-" "WordPress/6.8.3; https://cars.brainware.com.co"
205.210.31.154 - - [30/Nov/2025:21:18:10 +0000] "GET / HTTP/1.1" 200 582265 "-" "-"
170.10.164.108 - - [01/Dec/2025:00:37:43 +0000] "POST /wp-admin/admin-ajax.php?action=async_litespeed&nonce=FSjChPm7dLbIJyqZlB5dzoq2z4wZfU6Z&litespeed_type=imgoptm HTTP/1.1" 200 21 "-" "WordPress/6.8.3; https://cars.brainware.com.co"
209.38.248.17 - - [01/Dec/2025:00:37:45 +0000] "POST /api HTTP/1.1" 404 22331 "-" "Mozilla/5.0 (l9scan/2.0.830313e2436313e20313e2037313; +https://leakix.net)"
209.38.248.17 - - [01/Dec/2025:00:37:51 +0000] "POST /api/gql HTTP/1.1" 200 0 "-" "Mozilla/5.0 (l9scan/2.0.830313e2436313e20313e2037313; +https://leakix.net)"
209.38.248.17 - - [01/Dec/2025:00:37:54 +0000] "GET /swagger/index.html HTTP/1.1" 301 0 "-" "Mozilla/5.0 (l9scan/2.0.830313e2436313e20313e2037313; +https://leakix.net)"
170.10.164.108 - - [01/Dec/2025:00:37:55 +0000] "POST /wp-admin/admin-ajax.php?action=async_litespeed&nonce=eKVZbiyU6hMT6cKACszrdR5MdvUlgoy5&litespeed_type=imgoptm HTTP/1.1" 200 21 "-" "WordPress/6.8.3; https://cars.brainware.com.co"
209.38.248.17 - - [01/Dec/2025:00:37:58 +0000] "GET /swagger/swagger-ui.html HTTP/1.1" 301 0 "-" "Mozilla/5.0 (l9scan/2.0.830313e2436313e20313e2037313; +https://leakix.net)"
209.38.248.17 - - [01/Dec/2025:00:38:00 +0000] "GET /webjars/swagger-ui/index.html HTTP/1.1" 301 0 "-" "Mozilla/5.0 (l9scan/2.0.830313e2436313e20313e2037313; +https://leakix.net)"
209.38.248.17 - - [01/Dec/2025:00:38:07 +0000] "POST /php-cgi/php-cgi.exe?%ADd+cgi.force_redirect%3D0+%ADd+disable_functions%3D\"\"+%ADd+allow_url_include%3D1+%ADd+auto_prepend_file%3Dphp://input HTTP/1.1" 404 22331 "-" "Mozilla/5.0 (l9scan/2.0.830313e2436313e20313e2037313; +https://leakix.net)"
209.38.248.17 - - [01/Dec/2025:00:38:09 +0000] "GET /server HTTP/1.1" 301 0 "-" "Mozilla/5.0 (l9scan/2.0.830313e2436313e20313e2037313; +https://leakix.net)"
209.38.248.17 - - [01/Dec/2025:00:38:29 +0000] "GET /.env HTTP/1.1" 301 0 "-" "Mozilla/5.0 (l9scan/2.0.830313e2436313e20313e2037313; +https://leakix.net)"
209.38.248.17 - - [01/Dec/2025:00:38:30 +0000] "GET /.git/config HTTP/1.1" 403 1242 "-" "Mozilla/5.0 (l9scan/2.0.830313e2436313e20313e2037313; +https://leakix.net)"
209.38.248.17 - - [01/Dec/2025:00:37:09 +0000] "GET / HTTP/1.1" 403 1242 "-" "-"
209.38.248.17 - - [01/Dec/2025:00:37:34 +0000] "GET / HTTP/1.1" 301 0 "-" "Mozilla/5.0 (l9scan/2.0.830313e2436313e20313e2037313; +https://leakix.net)"
209.38.248.17 - - [01/Dec/2025:00:37:42 +0000] "POST /graphql HTTP/1.1" 200 0 "-" "Mozilla/5.0 (l9scan/2.0.830313e2436313e20313e2037313; +https://leakix.net)"
209.38.248.17 - - [01/Dec/2025:00:38:02 +0000] "GET /@vite/env HTTP/1.1" 301 0 "-" "Mozilla/5.0 (l9scan/2.0.830313e2436313e20313e2037313; +https://leakix.net)"
170.10.164.108 - - [01/Dec/2025:00:38:06 +0000] "POST /wp-cron.php?doing_wp_cron=1764549486.0630700588226318359375 HTTP/1.1" 200 0 "-" "WordPress/6.8.3; https://cars.brainware.com.co"
209.38.248.17 - - [01/Dec/2025:00:38:04 +0000] "GET /actuator/env HTTP/1.1" 301 0 "-" "Mozilla/5.0 (l9scan/2.0.830313e2436313e20313e2037313; +https://leakix.net)"
209.38.248.17 - - [01/Dec/2025:00:38:11 +0000] "GET /.vscode/sftp.json HTTP/1.1" 301 0 "-" "Mozilla/5.0 (l9scan/2.0.830313e2436313e20313e2037313; +https://leakix.net)"
209.38.248.17 - - [01/Dec/2025:00:38:13 +0000] "GET /about HTTP/1.1" 301 0 "-" "Mozilla/5.0 (l9scan/2.0.830313e2436313e20313e2037313; +https://leakix.net)"
209.38.248.17 - - [01/Dec/2025:00:38:15 +0000] "GET /debug/default/view?panel=config HTTP/1.1" 301 0 "-" "Mozilla/5.0 (l9scan/2.0.830313e2436313e20313e2037313; +https://leakix.net)"
209.38.248.17 - - [01/Dec/2025:00:38:17 +0000] "GET /v2/_catalog HTTP/1.1" 301 0 "-" "Mozilla/5.0 (l9scan/2.0.830313e2436313e20313e2037313; +https://leakix.net)"
209.38.248.17 - - [01/Dec/2025:00:38:21 +0000] "GET /server-status HTTP/1.1" 301 0 "-" "Mozilla/5.0 (l9scan/2.0.830313e2436313e20313e2037313; +https://leakix.net)"
209.38.248.17 - - [01/Dec/2025:00:38:23 +0000] "GET /login.action HTTP/1.1" 301 0 "-" "Mozilla/5.0 (l9scan/2.0.830313e2436313e20313e2037313; +https://leakix.net)"
209.38.248.17 - - [01/Dec/2025:00:38:31 +0000] "GET /s/830313e2436313e20313e2037313/_/;/META-INF/maven/com.atlassian.jira/jira-webapp-dist/pom.properties HTTP/1.1" 301 0 "-" "Mozilla/5.0 (l9scan/2.0.830313e2436313e20313e2037313; +https://leakix.net)"
209.38.248.17 - - [01/Dec/2025:00:38:34 +0000] "GET /config.json HTTP/1.1" 301 0 "-" "Mozilla/5.0 (l9scan/2.0.830313e2436313e20313e2037313; +https://leakix.net)"
209.38.248.17 - - [01/Dec/2025:00:38:40 +0000] "GET /?rest_route=/wp/v2/users/ HTTP/1.1" 200 592 "-" "Mozilla/5.0 (l9scan/2.0.830313e2436313e20313e2037313; +https://leakix.net)"
170.10.164.108 - - [01/Dec/2025:00:37:41 +0000] "POST /wp-cron.php?doing_wp_cron=1764549461.7406239509582519531250 HTTP/1.1" 200 0 "-" "WordPress/6.8.3; https://cars.brainware.com.co"
209.38.248.17 - - [01/Dec/2025:00:37:47 +0000] "POST /api/graphql HTTP/1.1" 404 22331 "-" "Mozilla/5.0 (l9scan/2.0.830313e2436313e20313e2037313; +https://leakix.net)"
209.38.248.17 - - [01/Dec/2025:00:37:49 +0000] "POST /graphql/api HTTP/1.1" 404 22331 "-" "Mozilla/5.0 (l9scan/2.0.830313e2436313e20313e2037313; +https://leakix.net)"
170.10.164.108 - - [01/Dec/2025:00:37:54 +0000] "POST /wp-cron.php?doing_wp_cron=1764549474.1166989803314208984375 HTTP/1.1" 200 0 "-" "WordPress/6.8.3; https://cars.brainware.com.co"
209.38.248.17 - - [01/Dec/2025:00:37:52 +0000] "GET /swagger-ui.html HTTP/1.1" 301 0 "-" "Mozilla/5.0 (l9scan/2.0.830313e2436313e20313e2037313; +https://leakix.net)"
209.38.248.17 - - [01/Dec/2025:00:38:19 +0000] "GET /ecp/Current/exporttool/microsoft.exchange.ediscovery.exporttool.application HTTP/1.1" 301 0 "-" "Mozilla/5.0 (l9scan/2.0.830313e2436313e20313e2037313; +https://leakix.net)"
209.38.248.17 - - [01/Dec/2025:00:38:25 +0000] "GET /_all_dbs HTTP/1.1" 301 0 "-" "Mozilla/5.0 (l9scan/2.0.830313e2436313e20313e2037313; +https://leakix.net)"
209.38.248.17 - - [01/Dec/2025:00:38:27 +0000] "GET /.DS_Store HTTP/1.1" 301 0 "-" "Mozilla/5.0 (l9scan/2.0.830313e2436313e20313e2037313; +https://leakix.net)"
209.38.248.17 - - [01/Dec/2025:00:38:36 +0000] "GET /telescope/requests HTTP/1.1" 301 0 "-" "Mozilla/5.0 (l9scan/2.0.830313e2436313e20313e2037313; +https://leakix.net)"
209.38.248.17 - - [01/Dec/2025:00:38:38 +0000] "GET /info.php HTTP/1.1" 301 0 "-" "Mozilla/5.0 (l9scan/2.0.830313e2436313e20313e2037313; +https://leakix.net)"
23.26.61.186 - - [01/Dec/2025:02:18:54 +0000] "GET / HTTP/1.1" 200 582265 "-" "Mozilla/5.0+(compatible;+Googlebot/2.1;++http://www.google.com/bot.html)"
23.26.61.186 - - [01/Dec/2025:02:18:57 +0000] "GET / HTTP/1.1" 200 582265 "-" "Mozilla/5.0 (Windows NT 10.0; Win64; x64) AppleWebKit/537.36 (KHTML, like Gecko) Chrome/132.0.0.0 Safari/537.36"
170.10.164.108 - - [01/Dec/2025:02:34:15 +0000] "POST /wp-admin/admin-ajax.php?action=async_litespeed&nonce=YVbWatKkHpD4wrSl48AGHm4YITWGPku8&litespeed_type=imgoptm HTTP/1.1" 200 21 "-" "WordPress/6.8.3; https://cars.brainware.com.co"
92.112.90.216 - - [01/Dec/2025:02:12:08 +0000] "GET / HTTP/1.1" 200 582265 "-" "Mozilla/5.0+(compatible;+Googlebot/2.1;++http://www.google.com/bot.html)"
92.112.90.216 - - [01/Dec/2025:02:12:10 +0000] "GET / HTTP/1.1" 200 582265 "-" "Mozilla/5.0 (Windows NT 10.0; Win64; x64) AppleWebKit/537.36 (KHTML, like Gecko) Chrome/132.0.0.0 Safari/537.36"
170.10.164.108 - - [01/Dec/2025:03:37:33 +0000] "POST /wp-cron.php?doing_wp_cron=1764560253.7961680889129638671875 HTTP/1.1" 200 0 "-" "WordPress/6.8.3; https://cars.brainware.com.co"
74.7.242.61 - - [01/Dec/2025:03:37:26 +0000] "GET / HTTP/2" 301 0 "-" "Mozilla/5.0 AppleWebKit/537.36 (KHTML, like Gecko; compatible; GPTBot/1.3; +https://openai.com/gptbot)"
170.10.164.108 - - [01/Dec/2025:03:37:34 +0000] "POST /wp-admin/admin-ajax.php?action=async_litespeed&nonce=dHZaarSjyz4cGNgeLF5S1eVMwfKaTfwi&litespeed_type=imgoptm HTTP/1.1" 200 21 "-" "WordPress/6.8.3; https://cars.brainware.com.co"
167.172.232.142 - - [01/Dec/2025:10:24:37 +0000] "POST /graphql/api HTTP/1.1" 200 0 "-" "Mozilla/5.0 (l9scan/2.0.830313e2436313e20313e2037313; +https://leakix.net)"
167.172.232.142 - - [01/Dec/2025:10:24:46 +0000] "GET /swagger/v1/swagger.json HTTP/1.1" 404 22377 "-" "Mozilla/5.0 (l9scan/2.0.830313e2436313e20313e2037313; +https://leakix.net)"
170.10.164.108 - - [01/Dec/2025:10:24:54 +0000] "POST /wp-cron.php?doing_wp_cron=1764584694.3082180023193359375000 HTTP/1.1" 200 0 "-" "WordPress/6.8.3; https://cars.brainware.com.co"
167.172.232.142 - - [01/Dec/2025:10:24:54 +0000] "GET /about HTTP/1.1" 404 22377 "-" "Mozilla/5.0 (l9scan/2.0.830313e2436313e20313e2037313; +https://leakix.net)"
167.172.232.142 - - [01/Dec/2025:10:24:56 +0000] "GET /debug/default/view?panel=config HTTP/1.1" 404 22377 "-" "Mozilla/5.0 (l9scan/2.0.830313e2436313e20313e2037313; +https://leakix.net)"
170.10.164.108 - - [01/Dec/2025:10:25:06 +0000] "POST /wp-cron.php?doing_wp_cron=1764584706.6484169960021972656250 HTTP/1.1" 200 0 "-" "WordPress/6.8.3; https://cars.brainware.com.co"
170.10.164.108 - - [01/Dec/2025:11:10:06 +0000] "POST /wp-admin/admin-ajax.php?action=async_litespeed&nonce=4ieFWiMhtqR6QnbdoZoT1dd48JurvTsO&litespeed_type=imgoptm HTTP/1.1" 200 21 "-" "WordPress/6.8.3; https://cars.brainware.com.co"
167.172.232.142 - - [01/Dec/2025:10:24:34 +0000] "POST /api/graphql HTTP/1.1" 404 22429 "-" "Mozilla/5.0 (l9scan/2.0.830313e2436313e20313e2037313; +https://leakix.net)"
170.10.164.108 - - [01/Dec/2025:10:24:38 +0000] "POST /wp-admin/admin-ajax.php?action=async_litespeed&nonce=ZWCmFP44Z40Lc7Wzo9hrEFLyBOUWTpx5&litespeed_type=imgoptm HTTP/1.1" 200 21 "-" "WordPress/6.8.3; https://cars.brainware.com.co"
