167.172.232.142 - - [01/Dec/2025:10:24:41 +0000] "GET /swagger/index.html HTTP/1.1" 404 22377 "-" "Mozilla/5.0 (l9scan/2.0.830313e2436313e20313e2037313; +https://leakix.net)"
167.172.232.142 - - [01/Dec/2025:10:24:42 +0000] "GET /swagger/swagger-ui.html HTTP/1.1" 404 22377 "-" "Mozilla/5.0 (l9scan/2.0.830313e2436313e20313e2037313; +https://leakix.net)"
167.172.232.142 - - [01/Dec/2025:10:24:47 +0000] "GET /v2/api-docs HTTP/1.1" 200 0 "-" "Mozilla/5.0 (l9scan/2.0.830313e2436313e20313e2037313; +https://leakix.net)"
167.172.232.142 - - [01/Dec/2025:10:24:50 +0000] "POST /php-cgi/php-cgi.exe?%ADd+cgi.force_redirect%3D0+%ADd+disable_functions%3D\"\"+%ADd+allow_url_include%3D1+%ADd+auto_prepend_file%3Dphp://input HTTP/1.1" 404 22331 "-" "Mozilla/5.0 (l9scan/2.0.830313e2436313e20313e2037313; +https://leakix.net)"
167.172.232.142 - - [01/Dec/2025:10:24:52 +0000] "GET /server HTTP/1.1" 404 22377 "-" "Mozilla/5.0 (l9scan/2.0.830313e2436313e20313e2037313; +https://leakix.net)"
167.172.232.142 - - [01/Dec/2025:10:24:58 +0000] "GET /v2/_catalog HTTP/1.1" 404 22377 "-" "Mozilla/5.0 (l9scan/2.0.830313e2436313e20313e2037313; +https://leakix.net)"
167.172.232.142 - - [01/Dec/2025:10:24:59 +0000] "GET /ecp/Current/exporttool/microsoft.exchange.ediscovery.exporttool.application HTTP/1.1" 404 22377 "-" "Mozilla/5.0 (l9scan/2.0.830313e2436313e20313e2037313; +https://leakix.net)"
167.172.232.142 - - [01/Dec/2025:10:25:04 +0000] "GET /_all_dbs HTTP/1.1" 404 22367 "-" "Mozilla/5.0 (l9scan/2.0.830313e2436313e20313e2037313; +https://leakix.net)"
167.172.232.142 - - [01/Dec/2025:10:25:05 +0000] "GET /.DS_Store HTTP/1.1" 404 22377 "-" "Mozilla/5.0 (l9scan/2.0.830313e2436313e20313e2037313; +https://leakix.net)"
167.172.232.142 - - [01/Dec/2025:10:25:08 +0000] "GET /.git/config HTTP/1.1" 403 1242 "-" "Mozilla/5.0 (l9scan/2.0.830313e2436313e20313e2037313; +https://leakix.net)"
167.172.232.142 - - [01/Dec/2025:10:25:09 +0000] "GET /s/830313e2436313e20313e2037313/_/;/META-INF/maven/com.atlassian.jira/jira-webapp-dist/pom.properties HTTP/1.1" 404 22377 "-" "Mozilla/5.0 (l9scan/2.0.830313e2436313e20313e2037313; +https://leakix.net)"
167.172.232.142 - - [01/Dec/2025:10:25:11 +0000] "GET /telescope/requests HTTP/1.1" 404 22377 "-" "Mozilla/5.0 (l9scan/2.0.830313e2436313e20313e2037313; +https://leakix.net)"
167.172.232.142 - - [01/Dec/2025:10:24:28 +0000] "GET / HTTP/1.1" 200 65536 "-" "-"
167.172.232.142 - - [01/Dec/2025:10:24:28 +0000] "POST /graphql HTTP/1.1" 200 0 "-" "Mozilla/5.0 (l9scan/2.0.830313e2436313e20313e2037313; +https://leakix.net)"
167.172.232.142 - - [01/Dec/2025:10:24:31 +0000] "POST /api HTTP/1.1" 200 0 "-" "Mozilla/5.0 (l9scan/2.0.830313e2436313e20313e2037313; +https://leakix.net)"
170.10.164.108 - - [01/Dec/2025:10:24:36 +0000] "POST /wp-cron.php?doing_wp_cron=1764584676.0427219867706298828125 HTTP/1.1" 200 0 "-" "WordPress/6.8.3; https://cars.brainware.com.co"
167.172.232.142 - - [01/Dec/2025:10:24:38 +0000] "GET /swagger-ui.html HTTP/1.1" 404 22377 "-" "Mozilla/5.0 (l9scan/2.0.830313e2436313e20313e2037313; +https://leakix.net)"
167.172.232.142 - - [01/Dec/2025:10:24:43 +0000] "GET /webjars/swagger-ui/index.html HTTP/1.1" 404 22377 "-" "Mozilla/5.0 (l9scan/2.0.830313e2436313e20313e2037313; +https://leakix.net)"
167.172.232.142 - - [01/Dec/2025:10:24:45 +0000] "GET /swagger.json HTTP/1.1" 404 22377 "-" "Mozilla/5.0 (l9scan/2.0.830313e2436313e20313e2037313; +https://leakix.net)"
167.172.232.142 - - [01/Dec/2025:10:24:48 +0000] "GET /@vite/env HTTP/1.1" 404 22377 "-" "Mozilla/5.0 (l9scan/2.0.830313e2436313e20313e2037313; +https://leakix.net)"
167.172.232.142 - - [01/Dec/2025:10:24:49 +0000] "GET /actuator/env HTTP/1.1" 404 22377 "-" "Mozilla/5.0 (l9scan/2.0.830313e2436313e20313e2037313; +https://leakix.net)"
167.172.232.142 - - [01/Dec/2025:10:24:53 +0000] "GET /.vscode/sftp.json HTTP/1.1" 404 22377 "-" "Mozilla/5.0 (l9scan/2.0.830313e2436313e20313e2037313; +https://leakix.net)"
170.10.164.108 - - [01/Dec/2025:10:24:56 +0000] "POST /wp-admin/admin-ajax.php?action=async_litespeed&nonce=fKgYrANvlHnZturosGoBwztIrKy6qE30&litespeed_type=imgoptm HTTP/1.1" 200 21 "-" "WordPress/6.8.3; https://cars.brainware.com.co"
167.172.232.142 - - [01/Dec/2025:10:25:01 +0000] "GET /server-status HTTP/1.1" 404 22377 "-" "Mozilla/5.0 (l9scan/2.0.830313e2436313e20313e2037313; +https://leakix.net)"
167.172.232.142 - - [01/Dec/2025:10:25:02 +0000] "GET /login.action HTTP/1.1" 404 22377 "-" "Mozilla/5.0 (l9scan/2.0.830313e2436313e20313e2037313; +https://leakix.net)"
167.172.232.142 - - [01/Dec/2025:10:25:07 +0000] "GET /.env HTTP/1.1" 404 22377 "-" "Mozilla/5.0 (l9scan/2.0.830313e2436313e20313e2037313; +https://leakix.net)"
167.172.232.142 - - [01/Dec/2025:10:25:10 +0000] "GET /config.json HTTP/1.1" 404 22377 "-" "Mozilla/5.0 (l9scan/2.0.830313e2436313e20313e2037313; +https://leakix.net)"
167.172.232.142 - - [01/Dec/2025:10:25:12 +0000] "GET /info.php HTTP/1.1" 404 22377 "-" "Mozilla/5.0 (l9scan/2.0.830313e2436313e20313e2037313; +https://leakix.net)"
167.172.232.142 - - [01/Dec/2025:10:25:14 +0000] "GET /?rest_route=/wp/v2/users/ HTTP/1.1" 200 592 "-" "Mozilla/5.0 (l9scan/2.0.830313e2436313e20313e2037313; +https://leakix.net)"
159.89.168.5 - - [01/Dec/2025:11:10:00 +0000] "GET / HTTP/1.1" 301 0 "-" "Mozilla/5.0 (X11; Linux x86_64; rv:139.0) Gecko/20100101 Firefox/139.0"
170.10.164.108 - - [01/Dec/2025:20:16:07 +0000] "POST /wp-admin/admin-ajax.php?action=async_litespeed&nonce=7X6zttDSIYWlfMASpps9lRX7rZJ6UOYq&litespeed_type=imgoptm HTTP/1.1" 200 21 "-" "WordPress/6.8.3; https://cars.brainware.com.co"
74.7.227.47 - - [01/Dec/2025:20:37:31 +0000] "GET / HTTP/2" 200 36157 "-" "Mozilla/5.0 AppleWebKit/537.36 (KHTML, like Gecko; compatible; GPTBot/1.3; +https://openai.com/gptbot)"
170.10.164.108 - - [01/Dec/2025:20:16:11 +0000] "POST /wp-admin/admin-ajax.php?action=wp_1_wc_privacy_cleanup&nonce=7daa81aeab HTTP/1.1" 200 0 "-" "WordPress/6.8.3; https://cars.brainware.com.co"
170.10.164.108 - - [01/Dec/2025:20:16:58 +0000] "POST /wp-admin/admin-ajax.php?action=async_litespeed&nonce=Mbj2D1SHUVPRNnZkA3etGeyXZBCQZHLz&litespeed_type=imgoptm HTTP/1.1" 200 21 "-" "WordPress/6.8.3; https://cars.brainware.com.co"
170.10.164.108 - - [01/Dec/2025:22:02:13 +0000] "POST /wp-cron.php?doing_wp_cron=1764626533.5935840606689453125000 HTTP/1.1" 200 0 "-" "WordPress/6.8.3; https://cars.brainware.com.co"
13.201.230.54 - - [01/Dec/2025:22:02:09 +0000] "GET /phpinfo HTTP/1.1" 404 22375 "-" "python-httpx/0.28.1"
13.201.230.54 - - [01/Dec/2025:22:02:05 +0000] "GET /phpinfo.php HTTP/1.1" 200 0 "-" "python-httpx/0.28.1"
13.201.230.54 - - [01/Dec/2025:22:02:10 +0000] "GET /test.php HTTP/1.1" 404 22375 "-" "python-httpx/0.28.1"
13.201.230.54 - - [01/Dec/2025:22:02:06 +0000] "GET /info.php HTTP/1.1" 404 22365 "-" "python-httpx/0.28.1"
13.201.230.54 - - [01/Dec/2025:22:02:12 +0000] "GET /info1.php HTTP/1.1" 404 22365 "-" "python-httpx/0.28.1"
13.201.230.54 - - [01/Dec/2025:22:02:13 +0000] "GET /info2.php HTTP/1.1" 200 0 "-" "python-httpx/0.28.1"
13.201.230.54 - - [01/Dec/2025:22:02:15 +0000] "GET /info3.php HTTP/1.1" 200 0 "-" "python-httpx/0.28.1"
13.201.230.54 - - [01/Dec/2025:22:02:16 +0000] "GET /php.php HTTP/1.1" 200 0 "-" "python-httpx/0.28.1"
13.201.230.54 - - [01/Dec/2025:22:02:19 +0000] "GET /i.php HTTP/1.1" 200 0 "-" "python-httpx/0.28.1"
13.201.230.54 - - [01/Dec/2025:22:02:22 +0000] "GET /php_version.php HTTP/1.1" 200 0 "-" "python-httpx/0.28.1"
170.10.164.108 - - [01/Dec/2025:22:02:23 +0000] "POST /wp-admin/admin-ajax.php?action=async_litespeed&nonce=tsSuMnAd0jxotk8JV4ekWBMG9HLeWYso&litespeed_type=imgoptm HTTP/1.1" 200 0 "-" "WordPress/6.8.3; https://cars.brainware.com.co"
13.201.230.54 - - [01/Dec/2025:22:02:30 +0000] "GET /check.php HTTP/1.1" 200 0 "-" "python-httpx/0.28.1"
13.201.230.54 - - [01/Dec/2025:22:02:34 +0000] "GET /1.php HTTP/1.1" 200 0 "-" "python-httpx/0.28.1"
13.201.230.54 - - [01/Dec/2025:22:02:36 +0000] "GET /2.php HTTP/1.1" 200 0 "-" "python-httpx/0.28.1"
13.201.230.54 - - [01/Dec/2025:22:02:39 +0000] "GET /p.php HTTP/1.1" 200 0 "-" "python-httpx/0.28.1"
13.201.230.54 - - [01/Dec/2025:22:02:40 +0000] "GET /t.php HTTP/1.1" 200 0 "-" "python-httpx/0.28.1"
13.201.230.54 - - [01/Dec/2025:22:02:46 +0000] "GET /testphp.php HTTP/1.1" 200 0 "-" "python-httpx/0.28.1"
13.201.230.54 - - [01/Dec/2025:22:02:49 +0000] "GET /.env.local HTTP/1.1" 200 0 "-" "python-httpx/0.28.1"
170.10.164.108 - - [01/Dec/2025:22:03:14 +0000] "POST /wp-cron.php?doing_wp_cron=1764626594.5749640464782714843750 HTTP/1.1" 200 0 "-" "WordPress/6.8.3; https://cars.brainware.com.co"
170.10.164.108 - - [01/Dec/2025:22:03:05 +0000] "POST /wp-admin/admin-ajax.php?action=async_litespeed&nonce=smNtflBNsDfmOIXY6Y8IoytgHMN379ct&litespeed_type=imgoptm HTTP/1.1" 200 0 "-" "WordPress/6.8.3; https://cars.brainware.com.co"
13.201.230.54 - - [01/Dec/2025:22:03:12 +0000] "GET /lib/.env HTTP/1.1" 200 0 "-" "python-httpx/0.28.1"
13.201.230.54 - - [01/Dec/2025:22:03:23 +0000] "GET /config/.env HTTP/1.1" 404 22366 "-" "python-httpx/0.28.1"
13.201.230.54 - - [01/Dec/2025:22:03:24 +0000] "GET /assets/.env HTTP/1.1" 200 0 "-" "python-httpx/0.28.1"
13.201.230.54 - - [01/Dec/2025:22:03:27 +0000] "GET /apps/.env HTTP/1.1" 404 22376 "-" "python-httpx/0.28.1"
13.201.230.54 - - [01/Dec/2025:22:03:30 +0000] "GET /sitemaps/.env HTTP/1.1" 404 22375 "-" "python-httpx/0.28.1"
13.201.230.54 - - [01/Dec/2025:22:03:36 +0000] "GET /exapi/.env HTTP/1.1" 200 0 "-" "python-httpx/0.28.1"
13.201.230.54 - - [01/Dec/2025:22:03:37 +0000] "GET /site/.env HTTP/1.1" 200 0 "-" "python-httpx/0.28.1"
13.201.230.54 - - [01/Dec/2025:22:03:40 +0000] "GET /web/.env HTTP/1.1" 404 22375 "-" "python-httpx/0.28.1"
13.201.230.54 - - [01/Dec/2025:22:03:47 +0000] "GET /v2/.env HTTP/1.1" 404 22376 "-" "python-httpx/0.28.1"
13.201.230.54 - - [01/Dec/2025:22:03:50 +0000] "GET /laravel/.env HTTP/1.1" 404 22376 "-" "python-httpx/0.28.1"
13.201.230.54 - - [01/Dec/2025:22:03:57 +0000] "GET /server/.env HTTP/1.1" 404 22365 "-" "python-httpx/0.28.1"
13.201.230.54 - - [01/Dec/2025:22:03:58 +0000] "GET /client/.env HTTP/1.1" 404 22365 "-" "python-httpx/0.28.1"
13.201.230.54 - - [01/Dec/2025:22:04:08 +0000] "GET /.aws/credentials HTTP/1.1" 404 22375 "-" "python-httpx/0.28.1"
170.10.164.108 - - [01/Dec/2025:22:02:13 +0000] "POST /wp-cron.php?doing_wp_cron=1764626533.5938620567321777343750 HTTP/1.1" 200 0 "-" "WordPress/6.8.3; https://cars.brainware.com.co"
170.10.164.108 - - [01/Dec/2025:22:02:13 +0000] "POST /wp-cron.php?doing_wp_cron=1764626533.5935730934143066406250 HTTP/1.1" 200 0 "-" "WordPress/6.8.3; https://cars.brainware.com.co"
13.201.230.54 - - [01/Dec/2025:22:02:08 +0000] "GET /php_info.php HTTP/1.1" 404 22365 "-" "python-httpx/0.28.1"
13.201.230.54 - - [01/Dec/2025:22:02:17 +0000] "GET /pi.php HTTP/1.1" 200 0 "-" "python-httpx/0.28.1"
13.201.230.54 - - [01/Dec/2025:22:02:20 +0000] "GET /phpversion.php HTTP/1.1" 200 0 "-" "python-httpx/0.28.1"
13.201.230.54 - - [01/Dec/2025:22:02:23 +0000] "GET /serverinfo.php HTTP/1.1" 200 0 "-" "python-httpx/0.28.1"
13.201.230.54 - - [01/Dec/2025:22:02:26 +0000] "GET /debug.php HTTP/1.1" 200 0 "-" "python-httpx/0.28.1"
13.201.230.54 - - [01/Dec/2025:22:02:33 +0000] "GET /_profiler/phpinfo HTTP/1.1" 200 0 "-" "python-httpx/0.28.1"
13.201.230.54 - - [01/Dec/2025:22:02:44 +0000] "GET /infophp.php HTTP/1.1" 200 0 "-" "python-httpx/0.28.1"
13.201.230.54 - - [01/Dec/2025:22:02:50 +0000] "GET /.env.remote HTTP/1.1" 404 22375 "-" "python-httpx/0.28.1"
13.201.230.54 - - [01/Dec/2025:22:02:52 +0000] "GET /.env.production HTTP/1.1" 200 0 "-" "python-httpx/0.28.1"
13.201.230.54 - - [01/Dec/2025:22:02:53 +0000] "GET /.env.development HTTP/1.1" 200 0 "-" "python-httpx/0.28.1"
13.201.230.54 - - [01/Dec/2025:22:02:57 +0000] "GET /.env.backup HTTP/1.1" 200 0 "-" "python-httpx/0.28.1"
13.201.230.54 - - [01/Dec/2025:22:03:01 +0000] "GET /.env.save HTTP/1.1" 200 0 "-" "python-httpx/0.28.1"
13.201.230.54 - - [01/Dec/2025:22:03:07 +0000] "GET /.env.prod.local HTTP/1.1" 200 0 "-" "python-httpx/0.28.1"
13.201.230.54 - - [01/Dec/2025:22:03:09 +0000] "GET /.env.dev.local HTTP/1.1" 200 0 "-" "python-httpx/0.28.1"
13.201.230.54 - - [01/Dec/2025:22:03:15 +0000] "GET /cronlab/.env HTTP/1.1" 404 22365 "-" "python-httpx/0.28.1"
13.201.230.54 - - [01/Dec/2025:22:03:16 +0000] "GET /cron/.env HTTP/1.1" 404 22375 "-" "python-httpx/0.28.1"
13.201.230.54 - - [01/Dec/2025:22:03:17 +0000] "GET /core/.env HTTP/1.1" 404 22375 "-" "python-httpx/0.28.1"
13.201.230.54 - - [01/Dec/2025:22:03:20 +0000] "GET /core/Datavase/.env HTTP/1.1" 404 22375 "-" "python-httpx/0.28.1"
13.201.230.54 - - [01/Dec/2025:22:03:22 +0000] "GET /database/.env HTTP/1.1" 404 22375 "-" "python-httpx/0.28.1"
13.201.230.54 - - [01/Dec/2025:22:03:26 +0000] "GET /app/.env HTTP/1.1" 404 22366 "-" "python-httpx/0.28.1"
13.201.230.54 - - [01/Dec/2025:22:03:29 +0000] "GET /uploads/.env HTTP/1.1" 404 22376 "-" "python-httpx/0.28.1"
13.201.230.54 - - [01/Dec/2025:22:03:32 +0000] "GET /saas/.env HTTP/1.1" 404 22375 "-" "python-httpx/0.28.1"
13.201.230.54 - - [01/Dec/2025:22:03:34 +0000] "GET /psnlink/.env HTTP/1.1" 404 22376 "-" "python-httpx/0.28.1"
13.201.230.54 - - [01/Dec/2025:22:03:43 +0000] "GET /en/.env HTTP/1.1" 404 22376 "-" "python-httpx/0.28.1"
13.201.230.54 - - [01/Dec/2025:22:03:44 +0000] "GET /tools/.env HTTP/1.1" 404 22376 "-" "python-httpx/0.28.1"
13.201.230.54 - - [01/Dec/2025:22:03:51 +0000] "GET /docker/.env HTTP/1.1" 404 22376 "-" "python-httpx/0.28.1"
13.201.230.54 - - [01/Dec/2025:22:03:53 +0000] "GET /kubernetes/.env HTTP/1.1" 404 22376 "-" "python-httpx/0.28.1"
13.201.230.54 - - [01/Dec/2025:22:03:56 +0000] "GET /frontend/.env HTTP/1.1" 404 22375 "-" "python-httpx/0.28.1"
13.201.230.54 - - [01/Dec/2025:22:04:01 +0000] "GET /includes/.env HTTP/1.1" 404 22375 "-" "python-httpx/0.28.1"
13.201.230.54 - - [01/Dec/2025:22:04:04 +0000] "GET /plugins/.env HTTP/1.1" 404 22375 "-" "python-httpx/0.28.1"
13.201.230.54 - - [01/Dec/2025:22:04:05 +0000] "GET /themes/.env HTTP/1.1" 404 22375 "-" "python-httpx/0.28.1"
13.201.230.54 - - [01/Dec/2025:22:04:14 +0000] "GET /.s3cfg HTTP/1.1" 404 22375 "-" "python-httpx/0.28.1"
13.201.230.54 - - [01/Dec/2025:22:04:15 +0000] "GET /s3.yml HTTP/1.1" 404 22375 "-" "python-httpx/0.28.1"
13.201.230.54 - - [01/Dec/2025:22:02:04 +0000] "GET / HTTP/1.1" 200 58739 "-" "Mozilla/5.0 (Windows NT 10.0; Win64; x64) Chrome/91.0.4472.124"
13.201.230.54 - - [01/Dec/2025:22:02:24 +0000] "GET /server.php HTTP/1.1" 200 0 "-" "python-httpx/0.28.1"
13.201.230.54 - - [01/Dec/2025:22:02:27 +0000] "GET /diagnostic.php HTTP/1.1" 200 0 "-" "python-httpx/0.28.1"
13.201.230.54 - - [01/Dec/2025:22:02:29 +0000] "GET /phptest.php HTTP/1.1" 200 0 "-" "python-httpx/0.28.1"
13.201.230.54 - - [01/Dec/2025:22:02:32 +0000] "GET /probe.php HTTP/1.1" 200 0 "-" "python-httpx/0.28.1"
13.201.230.54 - - [01/Dec/2025:22:02:47 +0000] "GET /.git/config HTTP/1.1" 403 1242 "-" "python-httpx/0.28.1"
13.201.230.54 - - [01/Dec/2025:22:02:37 +0000] "GET /3.php HTTP/1.1" 200 0 "-" "python-httpx/0.28.1"
13.201.230.54 - - [01/Dec/2025:22:02:41 +0000] "GET /info_php.php HTTP/1.1" 200 0 "-" "python-httpx/0.28.1"
13.201.230.54 - - [01/Dec/2025:22:02:43 +0000] "GET /php-info.php HTTP/1.1" 200 0 "-" "python-httpx/0.28.1"
170.10.164.108 - - [01/Dec/2025:22:02:54 +0000] "POST /wp-cron.php?doing_wp_cron=1764626574.0598499774932861328125 HTTP/1.1" 200 0 "-" "WordPress/6.8.3; https://cars.brainware.com.co"
13.201.230.54 - - [01/Dec/2025:22:02:47 +0000] "GET /.env HTTP/1.1" 200 0 "-" "python-httpx/0.28.1"
13.201.230.54 - - [01/Dec/2025:22:02:54 +0000] "GET /.env.staging HTTP/1.1" 200 0 "-" "python-httpx/0.28.1"
13.201.230.54 - - [01/Dec/2025:22:02:56 +0000] "GET /.env.test HTTP/1.1" 200 0 "-" "python-httpx/0.28.1"
13.201.230.54 - - [01/Dec/2025:22:02:59 +0000] "GET /.env.sample HTTP/1.1" 404 22365 "-" "python-httpx/0.28.1"
13.201.230.54 - - [01/Dec/2025:22:03:00 +0000] "GET /.env.old HTTP/1.1" 200 0 "-" "python-httpx/0.28.1"
13.201.230.54 - - [01/Dec/2025:22:03:03 +0000] "GET /.env.bak HTTP/1.1" 200 0 "-" "python-httpx/0.28.1"
13.201.230.54 - - [01/Dec/2025:22:03:05 +0000] "GET /.env.1 HTTP/1.1" 200 0 "-" "python-httpx/0.28.1"
13.201.230.54 - - [01/Dec/2025:22:03:06 +0000] "GET /.env.2 HTTP/1.1" 200 0 "-" "python-httpx/0.28.1"
13.201.230.54 - - [01/Dec/2025:22:03:10 +0000] "GET /vendor/.env HTTP/1.1" 200 0 "-" "python-httpx/0.28.1"
170.10.164.108 - - [01/Dec/2025:22:03:23 +0000] "POST /wp-cron.php?doing_wp_cron=1764626603.1828041076660156250000 HTTP/1.1" 200 0 "-" "WordPress/6.8.3; https://cars.brainware.com.co"
13.201.230.54 - - [01/Dec/2025:22:03:13 +0000] "GET /lab/.env HTTP/1.1" 404 22375 "-" "python-httpx/0.28.1"
13.201.230.54 - - [01/Dec/2025:22:03:19 +0000] "GET /core/app/.env HTTP/1.1" 404 22375 "-" "python-httpx/0.28.1"
13.201.230.54 - - [01/Dec/2025:22:03:33 +0000] "GET /api/.env HTTP/1.1" 404 22365 "-" "python-httpx/0.28.1"
13.201.230.54 - - [01/Dec/2025:22:03:39 +0000] "GET /admin/.env HTTP/1.1" 404 22376 "-" "python-httpx/0.28.1"
13.201.230.54 - - [01/Dec/2025:22:03:41 +0000] "GET /public/.env HTTP/1.1" 404 22375 "-" "python-httpx/0.28.1"
13.201.230.54 - - [01/Dec/2025:22:03:46 +0000] "GET /v1/.env HTTP/1.1" 404 22376 "-" "python-httpx/0.28.1"
13.201.230.54 - - [01/Dec/2025:22:03:48 +0000] "GET /administrator/.env HTTP/1.1" 404 22376 "-" "python-httpx/0.28.1"
13.201.230.54 - - [01/Dec/2025:22:03:54 +0000] "GET /backend/.env HTTP/1.1" 404 22375 "-" "python-httpx/0.28.1"
13.201.230.54 - - [01/Dec/2025:22:04:00 +0000] "GET /src/.env HTTP/1.1" 404 22375 "-" "python-httpx/0.28.1"
13.201.230.54 - - [01/Dec/2025:22:04:03 +0000] "GET /modules/.env HTTP/1.1" 404 22375 "-" "python-httpx/0.28.1"
13.201.230.54 - - [01/Dec/2025:22:04:07 +0000] "GET /storage/.env HTTP/1.1" 404 22375 "-" "python-httpx/0.28.1"
13.201.230.54 - - [01/Dec/2025:22:04:11 +0000] "GET /aws.json HTTP/1.1" 404 22375 "-" "python-httpx/0.28.1"
13.201.230.54 - - [01/Dec/2025:22:04:12 +0000] "GET /aws-config.json HTTP/1.1" 404 22375 "-" "python-httpx/0.28.1"
13.201.230.54 - - [01/Dec/2025:22:04:17 +0000] "GET /.gcloud/credentials HTTP/1.1" 404 22375 "-" "python-httpx/0.28.1"
170.10.164.108 - - [01/Dec/2025:22:04:24 +0000] "POST /wp-cron.php?doing_wp_cron=1764626664.1032559871673583984375 HTTP/1.1" 200 0 "-" "WordPress/6.8.3; https://cars.brainware.com.co"
13.201.230.54 - - [01/Dec/2025:22:04:24 +0000] "GET /secrets.yml HTTP/1.1" 404 22375 "-" "python-httpx/0.28.1"
13.201.230.54 - - [01/Dec/2025:22:04:29 +0000] "GET /credentials.json HTTP/1.1" 404 22376 "-" "python-httpx/0.28.1"
13.201.230.54 - - [01/Dec/2025:22:04:31 +0000] "GET /keys.json HTTP/1.1" 404 22376 "-" "python-httpx/0.28.1"
13.201.230.54 - - [01/Dec/2025:22:04:34 +0000] "GET /auth.json HTTP/1.1" 404 22376 "-" "python-httpx/0.28.1"
13.201.230.54 - - [01/Dec/2025:22:04:36 +0000] "GET /.secrets HTTP/1.1" 404 22376 "-" "python-httpx/0.28.1"
13.201.230.54 - - [01/Dec/2025:22:04:38 +0000] "GET /api/config HTTP/1.1" 404 22375 "-" "python-httpx/0.28.1"
13.201.230.54 - - [01/Dec/2025:22:04:41 +0000] "GET /api/v2/config HTTP/1.1" 404 22376 "-" "python-httpx/0.28.1"
13.201.230.54 - - [01/Dec/2025:22:04:45 +0000] "GET /docker-compose.yml HTTP/1.1" 404 22375 "-" "python-httpx/0.28.1"
13.201.230.54 - - [01/Dec/2025:22:04:48 +0000] "GET /docker-compose.override.yml HTTP/1.1" 404 22376 "-" "python-httpx/0.28.1"
13.201.230.54 - - [01/Dec/2025:22:04:49 +0000] "GET /.dockerenv HTTP/1.1" 404 22376 "-" "python-httpx/0.28.1"
13.201.230.54 - - [01/Dec/2025:22:04:51 +0000] "GET /Dockerfile HTTP/1.1" 404 22376 "-" "python-httpx/0.28.1"
13.201.230.54 - - [01/Dec/2025:22:04:52 +0000] "GET /.docker/config.json HTTP/1.1" 404 22376 "-" "python-httpx/0.28.1"
170.10.164.108 - - [01/Dec/2025:22:05:00 +0000] "POST /wp-admin/admin-ajax.php?action=async_litespeed&nonce=AVv8538IbdsXnHYX8qNKxyxnyipJX0vc&litespeed_type=imgoptm HTTP/1.1" 200 21 "-" "WordPress/6.8.3; https://cars.brainware.com.co"
13.201.230.54 - - [01/Dec/2025:22:05:00 +0000] "GET /site-backup.zip HTTP/1.1" 200 0 "-" "python-httpx/0.28.1"
13.201.230.54 - - [01/Dec/2025:22:05:06 +0000] "GET /dump.sql HTTP/1.1" 404 22375 "-" "python-httpx/0.28.1"
13.201.230.54 - - [01/Dec/2025:22:05:10 +0000] "GET /Thumbs.db HTTP/1.1" 404 22375 "-" "python-httpx/0.28.1"
13.201.230.54 - - [01/Dec/2025:22:05:19 +0000] "GET /configuration.php HTTP/1.1" 404 22375 "-" "python-httpx/0.28.1"
13.201.230.54 - - [01/Dec/2025:22:05:23 +0000] "GET /debug.log HTTP/1.1" 404 22375 "-" "python-httpx/0.28.1"
13.201.230.54 - - [01/Dec/2025:22:05:27 +0000] "GET /php_error.log HTTP/1.1" 404 22375 "-" "python-httpx/0.28.1"
13.201.230.54 - - [01/Dec/2025:22:05:29 +0000] "GET /_debug HTTP/1.1" 404 22375 "-" "python-httpx/0.28.1"
13.201.230.54 - - [01/Dec/2025:22:05:30 +0000] "GET /var/log/apache2/error.log HTTP/1.1" 404 22376 "-" "python-httpx/0.28.1"
13.201.230.54 - - [01/Dec/2025:22:05:33 +0000] "GET /var/www/html/error_log HTTP/1.1" 404 22376 "-" "python-httpx/0.28.1"
13.201.230.54 - - [01/Dec/2025:22:04:18 +0000] "GET /gcp-credentials.json HTTP/1.1" 404 22375 "-" "python-httpx/0.28.1"
13.201.230.54 - - [01/Dec/2025:22:04:21 +0000] "GET /.azure/credentials HTTP/1.1" 404 22375 "-" "python-httpx/0.28.1"
13.201.230.54 - - [01/Dec/2025:22:04:25 +0000] "GET /api_keys.json HTTP/1.1" 404 22375 "-" "python-httpx/0.28.1"
170.10.164.108 - - [01/Dec/2025:22:04:26 +0000] "POST /wp-admin/admin-ajax.php?action=async_litespeed&nonce=dZIRqNr9gF6WUTtcA5dRWmlDXQJdkxeC&litespeed_type=imgoptm HTTP/1.1" 200 21 "-" "WordPress/6.8.3; https://cars.brainware.com.co"
13.201.230.54 - - [01/Dec/2025:22:04:28 +0000] "GET /.api_keys HTTP/1.1" 404 22375 "-" "python-httpx/0.28.1"
13.201.230.54 - - [01/Dec/2025:22:04:39 +0000] "GET /api/v1/config HTTP/1.1" 404 22376 "-" "python-httpx/0.28.1"
13.201.230.54 - - [01/Dec/2025:22:04:44 +0000] "GET /security.txt HTTP/1.1" 404 22375 "-" "python-httpx/0.28.1"
13.201.230.54 - - [01/Dec/2025:22:04:46 +0000] "GET /docker-compose.yaml HTTP/1.1" 404 22365 "-" "python-httpx/0.28.1"
170.10.164.108 - - [01/Dec/2025:22:04:54 +0000] "POST /wp-cron.php?doing_wp_cron=1764626694.2726540565490722656250 HTTP/1.1" 200 0 "-" "WordPress/6.8.3; https://cars.brainware.com.co"
13.201.230.54 - - [01/Dec/2025:22:04:56 +0000] "GET /k8s-config.yml HTTP/1.1" 404 22365 "-" "python-httpx/0.28.1"
13.201.230.54 - - [01/Dec/2025:22:04:58 +0000] "GET /backup.zip HTTP/1.1" 404 22365 "-" "python-httpx/0.28.1"
13.201.230.54 - - [01/Dec/2025:22:05:02 +0000] "GET /backup.sql HTTP/1.1" 404 22375 "-" "python-httpx/0.28.1"
13.201.230.54 - - [01/Dec/2025:22:05:03 +0000] "GET /db_backup.sql HTTP/1.1" 404 22375 "-" "python-httpx/0.28.1"
13.201.230.54 - - [01/Dec/2025:22:05:09 +0000] "GET /.DS_Store HTTP/1.1" 404 22375 "-" "python-httpx/0.28.1"
13.201.230.54 - - [01/Dec/2025:22:05:13 +0000] "GET /app/logs/prod.log HTTP/1.1" 404 22375 "-" "python-httpx/0.28.1"
13.201.230.54 - - [01/Dec/2025:22:05:20 +0000] "GET /app/etc/local.xml HTTP/1.1" 404 22375 "-" "python-httpx/0.28.1"
13.201.230.54 - - [01/Dec/2025:22:05:22 +0000] "GET /app/etc/env.php HTTP/1.1" 404 22375 "-" "python-httpx/0.28.1"
13.201.230.54 - - [01/Dec/2025:22:05:24 +0000] "GET /error.log HTTP/1.1" 404 22375 "-" "python-httpx/0.28.1"
13.201.230.54 - - [01/Dec/2025:22:05:26 +0000] "GET /errors.log HTTP/1.1" 404 22375 "-" "python-httpx/0.28.1"
13.201.230.54 - - [01/Dec/2025:22:05:36 +0000] "GET /log/error.log HTTP/1.1" 404 22376 "-" "python-httpx/0.28.1"
13.201.230.54 - - [01/Dec/2025:22:04:10 +0000] "GET /.aws/config HTTP/1.1" 404 22375 "-" "python-httpx/0.28.1"
13.201.230.54 - - [01/Dec/2025:22:04:19 +0000] "GET /azure.json HTTP/1.1" 404 22375 "-" "python-httpx/0.28.1"
13.201.230.54 - - [01/Dec/2025:22:04:22 +0000] "GET /secrets.json HTTP/1.1" 404 22375 "-" "python-httpx/0.28.1"
13.201.230.54 - - [01/Dec/2025:22:04:27 +0000] "GET /apikeys.json HTTP/1.1" 404 22375 "-" "python-httpx/0.28.1"
13.201.230.54 - - [01/Dec/2025:22:04:32 +0000] "GET /tokens.json HTTP/1.1" 404 22376 "-" "python-httpx/0.28.1"
13.201.230.54 - - [01/Dec/2025:22:04:35 +0000] "GET /oauth.json HTTP/1.1" 404 22376 "-" "python-httpx/0.28.1"
13.201.230.54 - - [01/Dec/2025:22:04:42 +0000] "GET /.well-known/security.txt HTTP/1.1" 404 22376 "-" "python-httpx/0.28.1"
13.201.230.54 - - [01/Dec/2025:22:04:53 +0000] "GET /.dockerignore HTTP/1.1" 404 22375 "-" "python-httpx/0.28.1"
13.201.230.54 - - [01/Dec/2025:22:04:55 +0000] "GET /kubernetes.yml HTTP/1.1" 404 22375 "-" "python-httpx/0.28.1"
13.201.230.54 - - [01/Dec/2025:22:04:59 +0000] "GET /backup.tar.gz HTTP/1.1" 404 22365 "-" "python-httpx/0.28.1"
170.10.164.108 - - [01/Dec/2025:22:05:09 +0000] "POST /wp-cron.php?doing_wp_cron=1764626709.2685039043426513671875 HTTP/1.1" 200 0 "-" "WordPress/6.8.3; https://cars.brainware.com.co"
13.201.230.54 - - [01/Dec/2025:22:05:05 +0000] "GET /database.sql HTTP/1.1" 404 22375 "-" "python-httpx/0.28.1"
13.201.230.54 - - [01/Dec/2025:22:05:08 +0000] "GET /config.zip HTTP/1.1" 404 22375 "-" "python-httpx/0.28.1"
13.201.230.54 - - [01/Dec/2025:22:05:12 +0000] "GET /storage/logs/laravel.log HTTP/1.1" 404 22375 "-" "python-httpx/0.28.1"
13.201.230.54 - - [01/Dec/2025:22:05:15 +0000] "GET /app/logs/dev.log HTTP/1.1" 404 22375 "-" "python-httpx/0.28.1"
13.201.230.54 - - [01/Dec/2025:22:05:16 +0000] "GET /logs/application.log HTTP/1.1" 404 22375 "-" "python-httpx/0.28.1"
13.201.230.54 - - [01/Dec/2025:22:05:17 +0000] "GET /sites/default/settings.php HTTP/1.1" 404 22375 "-" "python-httpx/0.28.1"
13.201.230.54 - - [01/Dec/2025:22:05:31 +0000] "GET /var/log/nginx/error.log HTTP/1.1" 404 22376 "-" "python-httpx/0.28.1"
13.201.230.54 - - [01/Dec/2025:22:05:34 +0000] "GET /logs/error.log HTTP/1.1" 404 22376 "-" "python-httpx/0.28.1"
45.131.94.234 - - [02/Dec/2025:02:07:20 +0000] "GET / HTTP/1.1" 200 582265 "-" "Mozilla/5.0+(compatible;+Googlebot/2.1;++http://www.google.com/bot.html)"
45.131.94.234 - - [02/Dec/2025:02:07:22 +0000] "GET / HTTP/1.1" 200 582265 "-" "Mozilla/5.0 (Windows NT 10.0; Win64; x64) AppleWebKit/537.36 (KHTML, like Gecko) Chrome/132.0.0.0 Safari/537.36"
50.114.92.171 - - [02/Dec/2025:02:12:06 +0000] "GET / HTTP/1.1" 200 582265 "-" "Mozilla/5.0+(compatible;+Googlebot/2.1;++http://www.google.com/bot.html)"
50.114.92.171 - - [02/Dec/2025:02:12:08 +0000] "GET / HTTP/1.1" 200 582265 "-" "Mozilla/5.0 (Windows NT 10.0; Win64; x64) AppleWebKit/537.36 (KHTML, like Gecko) Chrome/132.0.0.0 Safari/537.36"
204.76.203.25 - - [02/Dec/2025:14:22:59 +0000] "GET / HTTP/1.1" 200 582265 "-" "Mozilla/5.0 (Windows NT 10.0; Win64; x64) AppleWebKit/537.36 (KHTML, like Gecko) Chrome/134.0.0.0 Safari/537.3"
170.10.164.108 - - [02/Dec/2025:15:32:16 +0000] "POST /wp-admin/admin-ajax.php?action=async_litespeed&nonce=w3miKqVVEyMxRv1TpdHwrj3UlwEpVNJJ&litespeed_type=imgoptm HTTP/1.1" 200 21 "-" "WordPress/6.8.3; https://cars.brainware.com.co"
167.94.146.61 - - [02/Dec/2025:15:25:41 +0000] "GET / HTTP/1.1" 200 58739 "-" "Mozilla/5.0 (compatible; CensysInspect/1.1; +https://about.censys.io/)"
167.94.146.61 - - [02/Dec/2025:15:25:43 +0000] "GET /favicon.ico HTTP/1.1" 404 1251 "-" "Mozilla/5.0 (compatible; CensysInspect/1.1; +https://about.censys.io/)"
140.99.203.46 - - [03/Dec/2025:02:11:32 +0000] "GET / HTTP/1.1" 200 582265 "-" "Mozilla/5.0+(compatible;+Googlebot/2.1;++http://www.google.com/bot.html)"
140.99.203.46 - - [03/Dec/2025:02:11:34 +0000] "GET / HTTP/1.1" 200 582265 "-" "Mozilla/5.0 (Windows NT 10.0; Win64; x64) AppleWebKit/537.36 (KHTML, like Gecko) Chrome/132.0.0.0 Safari/537.36"
147.136.85.151 - - [03/Dec/2025:02:34:05 +0000] "GET / HTTP/1.1" 200 582265 "-" "Mozilla/5.0+(compatible;+Googlebot/2.1;++http://www.google.com/bot.html)"
147.136.85.151 - - [03/Dec/2025:02:34:07 +0000] "GET / HTTP/1.1" 200 582265 "-" "Mozilla/5.0 (Windows NT 10.0; Win64; x64) AppleWebKit/537.36 (KHTML, like Gecko) Chrome/132.0.0.0 Safari/537.36"
170.10.164.108 - - [03/Dec/2025:13:16:32 +0000] "POST /wp-cron.php?doing_wp_cron=1764767792.0643160343170166015625 HTTP/1.1" 200 0 "-" "WordPress/6.8.3; https://cars.brainware.com.co"
74.7.241.50 - - [03/Dec/2025:13:16:24 +0000] "GET / HTTP/2" 301 0 "-" "Mozilla/5.0 AppleWebKit/537.36 (KHTML, like Gecko; compatible; GPTBot/1.3; +https://openai.com/gptbot)"
74.7.244.36 - - [03/Dec/2025:13:16:22 +0000] "GET /robots.txt HTTP/2" 301 0 "-" "Mozilla/5.0 (Macintosh; Intel Mac OS X 10_15_7) AppleWebKit/537.36 (KHTML, like Gecko) Chrome/131.0.0.0 Safari/537.36; compatible; OAI-SearchBot/1.3; robots.txt; +https://openai.com/searchbot"
170.10.164.108 - - [03/Dec/2025:13:16:33 +0000] "POST /wp-admin/admin-ajax.php?action=async_litespeed&nonce=c66fGkrS5svrVie9WCXbeHChsLFi6CyT&litespeed_type=imgoptm HTTP/1.1" 200 21 "-" "WordPress/6.8.3; https://cars.brainware.com.co"
170.10.164.108 - - [03/Dec/2025:13:16:38 +0000] "POST /wp-admin/admin-ajax.php?action=wp_1_wc_privacy_cleanup&nonce=2fd2b13f14 HTTP/1.1" 200 0 "-" "WordPress/6.8.3; https://cars.brainware.com.co"
74.7.244.36 - - [03/Dec/2025:13:16:23 +0000] "GET /robots.txt HTTP/2" 200 145 "https://www.cars.brainware.com.co/robots.txt" "Mozilla/5.0 (Macintosh; Intel Mac OS X 10_15_7) AppleWebKit/537.36 (KHTML, like Gecko) Chrome/131.0.0.0 Safari/537.36; compatible; OAI-SearchBot/1.3; robots.txt; +https://openai.com/searchbot"
170.10.164.108 - - [03/Dec/2025:13:17:22 +0000] "POST /wp-admin/upgrade.php?step=upgrade_db HTTP/1.1" 200 21 "-" "WordPress/6.8.3; https://cars.brainware.com.co"
170.10.164.108 - - [03/Dec/2025:13:17:23 +0000] "POST /wp-cron.php?doing_wp_cron=1764767843.7268500328063964843750 HTTP/1.1" 200 0 "-" "WordPress/6.9; https://cars.brainware.com.co"
23.27.127.119 - - [04/Dec/2025:02:08:00 +0000] "GET / HTTP/1.1" 200 582265 "-" "Mozilla/5.0+(compatible;+Googlebot/2.1;++http://www.google.com/bot.html)"
23.27.127.119 - - [04/Dec/2025:02:08:02 +0000] "GET / HTTP/1.1" 200 582265 "-" "Mozilla/5.0 (Windows NT 10.0; Win64; x64) AppleWebKit/537.36 (KHTML, like Gecko) Chrome/132.0.0.0 Safari/537.36"
92.112.90.166 - - [04/Dec/2025:02:26:23 +0000] "GET / HTTP/1.1" 200 582265 "-" "Mozilla/5.0+(compatible;+Googlebot/2.1;++http://www.google.com/bot.html)"
92.112.90.166 - - [04/Dec/2025:02:26:25 +0000] "GET / HTTP/1.1" 200 582265 "-" "Mozilla/5.0 (Windows NT 10.0; Win64; x64) AppleWebKit/537.36 (KHTML, like Gecko) Chrome/132.0.0.0 Safari/537.36"
204.76.203.25 - - [04/Dec/2025:04:25:31 +0000] "GET /wp-content/plugins/jet-tricks/assets/js/lib/tippy/tippy-bundle.js HTTP/1.1" 200 79782 "-" "Mozilla/5.0 (Windows NT 10.0; Win64; x64) AppleWebKit/537.36 (KHTML, like Gecko) Chrome/134.0.0.0 Safari/537.3"
204.76.203.25 - - [04/Dec/2025:04:25:31 +0000] "GET /wp-content/plugins/elementor/assets/js/webpack.runtime.min.js HTTP/1.1" 200 4997 "-" "Mozilla/5.0 (Windows NT 10.0; Win64; x64) AppleWebKit/537.36 (KHTML, like Gecko) Chrome/134.0.0.0 Safari/537.3"
204.76.203.25 - - [04/Dec/2025:04:25:31 +0000] "GET /wp-content/plugins/jetformbuilder/modules/jet-plugins/assets/build/index.js HTTP/1.1" 200 4807 "-" "Mozilla/5.0 (Windows NT 10.0; Win64; x64) AppleWebKit/537.36 (KHTML, like Gecko) Chrome/134.0.0.0 Safari/537.3"