/home/crealab/logs/delcarajo.brainware.com.co-ssl_log.bkup
209.38.66.208 - - [29/Nov/2025:07:55:02 +0000] "GET / HTTP/1.1" 301 0 "-" "Mozilla/5.0 (X11; Linux x86_64) AppleWebKit/537.36 (KHTML, like Gecko) Chrome/139.0.0.0 Safari/537.36"
209.38.66.208 - - [29/Nov/2025:07:55:03 +0000] "GET /favicon.ico HTTP/1.1" 404 1251 "https://www.delcarajo.brainware.com.co/" "Mozilla/5.0 (X11; Linux x86_64) AppleWebKit/537.36 (KHTML, like Gecko) Chrome/139.0.0.0 Safari/537.36"
66.249.64.39 - - [29/Nov/2025:09:13:14 +0000] "GET /robots.txt HTTP/1.1" 200 113 "-" "Mozilla/5.0 (compatible; Googlebot/2.1; +http://www.google.com/bot.html)"
66.249.64.38 - - [29/Nov/2025:09:14:10 +0000] "GET /items/130042920.html HTTP/1.1" 200 20925 "-" "Mozilla/5.0 (Linux; Android 6.0.1; Nexus 5X Build/MMB29P) AppleWebKit/537.36 (KHTML, like Gecko) Chrome/141.0.7390.122 Mobile Safari/537.36 (compatible; Googlebot/2.1; +http://www.google.com/bot.html)"
66.249.64.38 - - [29/Nov/2025:09:15:02 +0000] "GET /items/127000047.html HTTP/1.1" 200 22907 "-" "Mozilla/5.0 (Linux; Android 6.0.1; Nexus 5X Build/MMB29P) AppleWebKit/537.36 (KHTML, like Gecko) Chrome/141.0.7390.122 Mobile Safari/537.36 (compatible; Googlebot/2.1; +http://www.google.com/bot.html)"
66.249.64.37 - - [29/Nov/2025:09:15:25 +0000] "GET /items/051000783.html HTTP/1.1" 200 22925 "-" "Mozilla/5.0 (Linux; Android 6.0.1; Nexus 5X Build/MMB29P) AppleWebKit/537.36 (KHTML, like Gecko) Chrome/141.0.7390.122 Mobile Safari/537.36 (compatible; Googlebot/2.1; +http://www.google.com/bot.html)"
66.249.64.37 - - [29/Nov/2025:09:15:34 +0000] "GET /items/051000677.html HTTP/1.1" 200 21153 "-" "Mozilla/5.0 (Linux; Android 6.0.1; Nexus 5X Build/MMB29P) AppleWebKit/537.36 (KHTML, like Gecko) Chrome/141.0.7390.122 Mobile Safari/537.36 (compatible; Googlebot/2.1; +http://www.google.com/bot.html)"
66.249.64.37 - - [29/Nov/2025:09:16:08 +0000] "GET /items/051000751.html HTTP/1.1" 200 21089 "-" "Mozilla/5.0 (Linux; Android 6.0.1; Nexus 5X Build/MMB29P) AppleWebKit/537.36 (KHTML, like Gecko) Chrome/141.0.7390.122 Mobile Safari/537.36 (compatible; Googlebot/2.1; +http://www.google.com/bot.html)"
66.249.64.37 - - [29/Nov/2025:09:16:30 +0000] "GET /items/051000709.html HTTP/1.1" 200 22569 "-" "Mozilla/5.0 (Linux; Android 6.0.1; Nexus 5X Build/MMB29P) AppleWebKit/537.36 (KHTML, like Gecko) Chrome/141.0.7390.122 Mobile Safari/537.36 (compatible; Googlebot/2.1; +http://www.google.com/bot.html)"
66.249.64.38 - - [29/Nov/2025:09:17:02 +0000] "GET /items/051000671.html HTTP/1.1" 200 24182 "-" "Mozilla/5.0 (Linux; Android 6.0.1; Nexus 5X Build/MMB29P) AppleWebKit/537.36 (KHTML, like Gecko) Chrome/141.0.7390.122 Mobile Safari/537.36 (compatible; Googlebot/2.1; +http://www.google.com/bot.html)"
66.249.64.37 - - [29/Nov/2025:09:17:16 +0000] "GET /items/188035340.html HTTP/1.1" 200 22971 "-" "Mozilla/5.0 (Linux; Android 6.0.1; Nexus 5X Build/MMB29P) AppleWebKit/537.36 (KHTML, like Gecko) Chrome/141.0.7390.122 Mobile Safari/537.36 (compatible; Googlebot/2.1; +http://www.google.com/bot.html)"
66.249.64.37 - - [29/Nov/2025:09:18:10 +0000] "GET /items/214046908.html HTTP/1.1" 200 21138 "-" "Mozilla/5.0 (Linux; Android 6.0.1; Nexus 5X Build/MMB29P) AppleWebKit/537.36 (KHTML, like Gecko) Chrome/141.0.7390.122 Mobile Safari/537.36 (compatible; Googlebot/2.1; +http://www.google.com/bot.html)"
66.249.64.37 - - [29/Nov/2025:09:18:18 +0000] "GET /items/163047869.html HTTP/1.1" 200 21639 "-" "Mozilla/5.0 (Linux; Android 6.0.1; Nexus 5X Build/MMB29P) AppleWebKit/537.36 (KHTML, like Gecko) Chrome/141.0.7390.122 Mobile Safari/537.36 (compatible; Googlebot/2.1; +http://www.google.com/bot.html)"
66.249.64.37 - - [29/Nov/2025:09:18:32 +0000] "GET /items/093013345.html HTTP/1.1" 200 22885 "-" "Mozilla/5.0 (Linux; Android 6.0.1; Nexus 5X Build/MMB29P) AppleWebKit/537.36 (KHTML, like Gecko) Chrome/141.0.7390.122 Mobile Safari/537.36 (compatible; Googlebot/2.1; +http://www.google.com/bot.html)"
66.249.64.37 - - [29/Nov/2025:09:18:40 +0000] "GET /items/238017432.html HTTP/1.1" 200 23064 "-" "Mozilla/5.0 (Linux; Android 6.0.1; Nexus 5X Build/MMB29P) AppleWebKit/537.36 (KHTML, like Gecko) Chrome/141.0.7390.122 Mobile Safari/537.36 (compatible; Googlebot/2.1; +http://www.google.com/bot.html)"
66.249.64.39 - - [29/Nov/2025:09:19:03 +0000] "GET /category/2452_2495/1 HTTP/1.1" 200 12266 "-" "Mozilla/5.0 (Linux; Android 6.0.1; Nexus 5X Build/MMB29P) AppleWebKit/537.36 (KHTML, like Gecko) Chrome/141.0.7390.122 Mobile Safari/537.36 (compatible; Googlebot/2.1; +http://www.google.com/bot.html)"
66.249.64.37 - - [29/Nov/2025:09:13:15 +0000] "GET /201024006.html HTTP/1.1" 200 21765 "-" "Mozilla/5.0 (Linux; Android 6.0.1; Nexus 5X Build/MMB29P) AppleWebKit/537.36 (KHTML, like Gecko) Chrome/141.0.7390.122 Mobile Safari/537.36 (compatible; Googlebot/2.1; +http://www.google.com/bot.html)"
66.249.64.37 - - [29/Nov/2025:09:13:25 +0000] "GET /291024160.html HTTP/1.1" 200 21409 "-" "Mozilla/5.0 (Linux; Android 6.0.1; Nexus 5X Build/MMB29P) AppleWebKit/537.36 (KHTML, like Gecko) Chrome/141.0.7390.122 Mobile Safari/537.36 (compatible; Googlebot/2.1; +http://www.google.com/bot.html)"
66.249.64.37 - - [29/Nov/2025:09:14:47 +0000] "GET /items/124001888.html HTTP/1.1" 200 20590 "-" "Mozilla/5.0 (Linux; Android 6.0.1; Nexus 5X Build/MMB29P) AppleWebKit/537.36 (KHTML, like Gecko) Chrome/141.0.7390.122 Mobile Safari/537.36 (compatible; Googlebot/2.1; +http://www.google.com/bot.html)"
66.249.64.37 - - [29/Nov/2025:09:15:09 +0000] "GET /items/051000715.html HTTP/1.1" 200 21330 "-" "Mozilla/5.0 (Linux; Android 6.0.1; Nexus 5X Build/MMB29P) AppleWebKit/537.36 (KHTML, like Gecko) Chrome/141.0.7390.122 Mobile Safari/537.36 (compatible; Googlebot/2.1; +http://www.google.com/bot.html)"
66.249.64.37 - - [29/Nov/2025:09:15:46 +0000] "GET /items/051000809.html HTTP/1.1" 200 23481 "-" "Mozilla/5.0 (Linux; Android 6.0.1; Nexus 5X Build/MMB29P) AppleWebKit/537.36 (KHTML, like Gecko) Chrome/141.0.7390.122 Mobile Safari/537.36 (compatible; Googlebot/2.1; +http://www.google.com/bot.html)"
66.249.64.37 - - [29/Nov/2025:09:15:53 +0000] "GET /items/051000713.html HTTP/1.1" 200 21503 "-" "Mozilla/5.0 (Linux; Android 6.0.1; Nexus 5X Build/MMB29P) AppleWebKit/537.36 (KHTML, like Gecko) Chrome/141.0.7390.122 Mobile Safari/537.36 (compatible; Googlebot/2.1; +http://www.google.com/bot.html)"
66.249.64.37 - - [29/Nov/2025:09:16:16 +0000] "GET /items/051000719.html HTTP/1.1" 200 21247 "-" "Mozilla/5.0 (Linux; Android 6.0.1; Nexus 5X Build/MMB29P) AppleWebKit/537.36 (KHTML, like Gecko) Chrome/141.0.7390.122 Mobile Safari/537.36 (compatible; Googlebot/2.1; +http://www.google.com/bot.html)"
66.249.64.37 - - [29/Nov/2025:09:16:38 +0000] "GET /items/051000745.html HTTP/1.1" 200 20726 "-" "Mozilla/5.0 (Linux; Android 6.0.1; Nexus 5X Build/MMB29P) AppleWebKit/537.36 (KHTML, like Gecko) Chrome/141.0.7390.122 Mobile Safari/537.36 (compatible; Googlebot/2.1; +http://www.google.com/bot.html)"
66.249.64.37 - - [29/Nov/2025:09:16:54 +0000] "GET /items/051000689.html HTTP/1.1" 200 22075 "-" "Mozilla/5.0 (Linux; Android 6.0.1; Nexus 5X Build/MMB29P) AppleWebKit/537.36 (KHTML, like Gecko) Chrome/141.0.7390.122 Mobile Safari/537.36 (compatible; Googlebot/2.1; +http://www.google.com/bot.html)"
66.249.64.37 - - [29/Nov/2025:09:17:24 +0000] "GET /items/133005285.html HTTP/1.1" 200 21688 "-" "Mozilla/5.0 (Linux; Android 6.0.1; Nexus 5X Build/MMB29P) AppleWebKit/537.36 (KHTML, like Gecko) Chrome/141.0.7390.122 Mobile Safari/537.36 (compatible; Googlebot/2.1; +http://www.google.com/bot.html)"
66.249.64.37 - - [29/Nov/2025:09:17:38 +0000] "GET /items/056006360.html HTTP/1.1" 200 23658 "-" "Mozilla/5.0 (Linux; Android 6.0.1; Nexus 5X Build/MMB29P) AppleWebKit/537.36 (KHTML, like Gecko) Chrome/141.0.7390.122 Mobile Safari/537.36 (compatible; Googlebot/2.1; +http://www.google.com/bot.html)"
66.249.64.38 - - [29/Nov/2025:09:18:01 +0000] "GET /items/008000710.html HTTP/1.1" 200 21363 "-" "Mozilla/5.0 (Linux; Android 6.0.1; Nexus 5X Build/MMB29P) AppleWebKit/537.36 (KHTML, like Gecko) Chrome/141.0.7390.122 Mobile Safari/537.36 (compatible; Googlebot/2.1; +http://www.google.com/bot.html)"
66.249.64.37 - - [29/Nov/2025:09:18:55 +0000] "GET /items/039000977.html HTTP/1.1" 200 22177 "-" "Mozilla/5.0 (Linux; Android 6.0.1; Nexus 5X Build/MMB29P) AppleWebKit/537.36 (KHTML, like Gecko) Chrome/141.0.7390.122 Mobile Safari/537.36 (compatible; Googlebot/2.1; +http://www.google.com/bot.html)"
170.10.164.108 - - [29/Nov/2025:09:47:00 +0000] "POST /wp-cron.php?doing_wp_cron=1764409620.3070220947265625000000 HTTP/1.1" 200 0 "-" "WordPress/6.8.3; https://delcarajo.brainware.com.co"
66.249.64.37 - - [29/Nov/2025:09:13:41 +0000] "GET /%E2%96%A0%E3%82%BF%E3%82%AB%E3%83%81%20%E3%82%B3%E3%83%BC%E3%83%8A%E3%83%BC%E3%82%AC%E3%83%BC%E3%83%89%E4%BB%98EMC%E3%82%B7%E3%83%BC%E3%83%AB%E3%83%89%E3%82%B1%E3%83%BC%E3%82%B9%E3%80%94%E5%93%81%E7%95%AA:AUGE1774316SR%E3%80%95%E3%80%906935633:0%E3%80%91[%E6%B3%95%E4%BA%BA%E3%83%BB%E4%BA%8B%E6%A5%AD%E6%89%80%E9%99%90%E5%AE%9A][%E5%A4%96%E7%9B%B4%E9%80%81%E5%85%83][%E5%BA%97%E9%A0%AD%E5%8F%97%E5%8F%96%E4%B8%8D%E5%8F%AF]%EF%BC%9A%E3%83%9B%E3%83%BC%E3%83%A0%E3%82%BB%E3%83%B3%E3%82%BF%E3%83%BC%E3%83%90%E3%83%AD%E3%83%BC%20%E5%BA%97 HTTP/1.1" 200 20252 "-" "Mozilla/5.0 (Linux; Android 6.0.1; Nexus 5X Build/MMB29P) AppleWebKit/537.36 (KHTML, like Gecko) Chrome/141.0.7390.122 Mobile Safari/537.36 (compatible; Googlebot/2.1; +http://www.google.com/bot.html)"
66.249.64.37 - - [29/Nov/2025:09:13:49 +0000] "GET /014006667.html HTTP/1.1" 200 23182 "-" "Mozilla/5.0 (Linux; Android 6.0.1; Nexus 5X Build/MMB29P) AppleWebKit/537.36 (KHTML, like Gecko) Chrome/141.0.7390.122 Mobile Safari/537.36 (compatible; Googlebot/2.1; +http://www.google.com/bot.html)"
66.249.64.38 - - [29/Nov/2025:09:14:02 +0000] "GET /items/113049929.html HTTP/1.1" 200 20855 "-" "Mozilla/5.0 (Linux; Android 6.0.1; Nexus 5X Build/MMB29P) AppleWebKit/537.36 (KHTML, like Gecko) Chrome/141.0.7390.122 Mobile Safari/537.36 (compatible; Googlebot/2.1; +http://www.google.com/bot.html)"
66.249.64.37 - - [29/Nov/2025:09:14:22 +0000] "GET /items/003006675.html HTTP/1.1" 200 20985 "-" "Mozilla/5.0 (Linux; Android 6.0.1; Nexus 5X Build/MMB29P) AppleWebKit/537.36 (KHTML, like Gecko) Chrome/141.0.7390.122 Mobile Safari/537.36 (compatible; Googlebot/2.1; +http://www.google.com/bot.html)"
66.249.64.37 - - [29/Nov/2025:09:14:40 +0000] "GET /items/248000548.html HTTP/1.1" 200 20771 "-" "Mozilla/5.0 (Linux; Android 6.0.1; Nexus 5X Build/MMB29P) AppleWebKit/537.36 (KHTML, like Gecko) Chrome/141.0.7390.122 Mobile Safari/537.36 (compatible; Googlebot/2.1; +http://www.google.com/bot.html)"
66.249.64.37 - - [29/Nov/2025:09:17:46 +0000] "GET /items/169010201.html HTTP/1.1" 200 23236 "-" "Mozilla/5.0 (Linux; Android 6.0.1; Nexus 5X Build/MMB29P) AppleWebKit/537.36 (KHTML, like Gecko) Chrome/141.0.7390.122 Mobile Safari/537.36 (compatible; Googlebot/2.1; +http://www.google.com/bot.html)"
170.10.164.108 - - [29/Nov/2025:09:47:00 +0000] "POST /wp-cron.php?doing_wp_cron=1764409620.3069660663604736328125 HTTP/1.1" 200 0 "-" "WordPress/6.8.3; https://delcarajo.brainware.com.co"
18.170.41.68 - - [29/Nov/2025:09:46:57 +0000] "GET /.env HTTP/1.1" 404 37916 "-" "python-httpx/0.22.0"
18.170.41.68 - - [29/Nov/2025:09:46:58 +0000] "GET /.env.test HTTP/1.1" 404 37923 "-" "python-httpx/0.22.0"
18.170.41.68 - - [29/Nov/2025:09:46:58 +0000] "GET /.env.development HTTP/1.1" 404 37923 "-" "python-httpx/0.22.0"
18.170.41.68 - - [29/Nov/2025:09:46:58 +0000] "GET /.env.staging HTTP/1.1" 404 37923 "-" "python-httpx/0.22.0"
18.170.41.68 - - [29/Nov/2025:09:46:59 +0000] "GET /.env.sample HTTP/1.1" 404 37913 "-" "python-httpx/0.22.0"
18.170.41.68 - - [29/Nov/2025:09:47:03 +0000] "GET /core/Datavase/.env HTTP/1.1" 200 0 "-" "python-httpx/0.22.0"
18.170.41.68 - - [29/Nov/2025:09:47:02 +0000] "GET /cron/.env HTTP/1.1" 200 0 "-" "python-httpx/0.22.0"
18.170.41.68 - - [29/Nov/2025:09:47:01 +0000] "GET /lab/.env HTTP/1.1" 200 0 "-" "python-httpx/0.22.0"
18.170.41.68 - - [29/Nov/2025:09:47:06 +0000] "GET /saas/.env HTTP/1.1" 200 0 "-" "python-httpx/0.22.0"
18.170.41.68 - - [29/Nov/2025:09:46:59 +0000] "GET /.env.old HTTP/1.1" 200 0 "-" "python-httpx/0.22.0"
66.249.64.38 - - [29/Nov/2025:10:46:48 +0000] "GET /items/175023141.html HTTP/1.1" 200 23044 "-" "Mozilla/5.0 (Linux; Android 6.0.1; Nexus 5X Build/MMB29P) AppleWebKit/537.36 (KHTML, like Gecko) Chrome/141.0.7390.122 Mobile Safari/537.36 (compatible; Googlebot/2.1; +http://www.google.com/bot.html)"
66.249.64.38 - - [29/Nov/2025:09:19:13 +0000] "GET /category/708/1 HTTP/1.1" 200 13025 "-" "Mozilla/5.0 (Linux; Android 6.0.1; Nexus 5X Build/MMB29P) AppleWebKit/537.36 (KHTML, like Gecko) Chrome/141.0.7390.122 Mobile Safari/537.36 (compatible; Googlebot/2.1; +http://www.google.com/bot.html)"
66.249.64.37 - - [29/Nov/2025:09:19:48 +0000] "GET /085000012.html HTTP/1.1" 200 23071 "-" "Mozilla/5.0 (Linux; Android 6.0.1; Nexus 5X Build/MMB29P) AppleWebKit/537.36 (KHTML, like Gecko) Chrome/141.0.7390.122 Mobile Safari/537.36 (compatible; Googlebot/2.1; +http://www.google.com/bot.html)"
170.10.164.108 - - [29/Nov/2025:09:47:00 +0000] "POST /wp-cron.php?doing_wp_cron=1764409620.3070399761199951171875 HTTP/1.1" 200 0 "-" "WordPress/6.8.3; https://delcarajo.brainware.com.co"
18.170.41.68 - - [29/Nov/2025:09:46:57 +0000] "GET /.env.remote HTTP/1.1" 404 37916 "-" "python-httpx/0.22.0"
18.170.41.68 - - [29/Nov/2025:09:46:57 +0000] "GET /.env.local HTTP/1.1" 404 37913 "-" "python-httpx/0.22.0"
18.170.41.68 - - [29/Nov/2025:09:46:57 +0000] "GET /.env.production HTTP/1.1" 404 37913 "-" "python-httpx/0.22.0"
18.170.41.68 - - [29/Nov/2025:09:46:58 +0000] "GET /.env.backup HTTP/1.1" 404 37923 "-" "python-httpx/0.22.0"
18.170.41.68 - - [29/Nov/2025:09:47:05 +0000] "GET /uploads/.env HTTP/1.1" 200 0 "-" "python-httpx/0.22.0"
18.170.41.68 - - [29/Nov/2025:09:47:00 +0000] "GET /vendor/.env HTTP/1.1" 200 0 "-" "python-httpx/0.22.0"
18.170.41.68 - - [29/Nov/2025:09:47:05 +0000] "GET /sitemaps/.env HTTP/1.1" 200 0 "-" "python-httpx/0.22.0"
18.170.41.68 - - [29/Nov/2025:09:47:04 +0000] "GET /config/.env HTTP/1.1" 200 0 "-" "python-httpx/0.22.0"
18.170.41.68 - - [29/Nov/2025:09:47:01 +0000] "GET /lib/.env HTTP/1.1" 200 0 "-" "python-httpx/0.22.0"
18.170.41.68 - - [29/Nov/2025:09:47:00 +0000] "GET /.env.save HTTP/1.1" 404 37916 "-" "python-httpx/0.22.0"
18.170.41.68 - - [29/Nov/2025:09:47:05 +0000] "GET /apps/.env HTTP/1.1" 200 0 "-" "python-httpx/0.22.0"
66.249.64.39 - - [29/Nov/2025:10:00:49 +0000] "GET /038000789.html HTTP/1.1" 200 21642 "-" "Mozilla/5.0 (Linux; Android 6.0.1; Nexus 5X Build/MMB29P) AppleWebKit/537.36 (KHTML, like Gecko) Chrome/141.0.7390.122 Mobile Safari/537.36 (compatible; Googlebot/2.1; +http://www.google.com/bot.html)"
66.249.64.38 - - [29/Nov/2025:11:47:14 +0000] "GET /051000764.html HTTP/1.1" 200 21299 "-" "Mozilla/5.0 (Linux; Android 6.0.1; Nexus 5X Build/MMB29P) AppleWebKit/537.36 (KHTML, like Gecko) Chrome/141.0.7390.122 Mobile Safari/537.36 (compatible; Googlebot/2.1; +http://www.google.com/bot.html)"
66.249.64.38 - - [29/Nov/2025:12:32:37 +0000] "GET /items/101015125.html HTTP/1.1" 200 21307 "-" "Mozilla/5.0 (Linux; Android 6.0.1; Nexus 5X Build/MMB29P) AppleWebKit/537.36 (KHTML, like Gecko) Chrome/141.0.7390.122 Mobile Safari/537.36 (compatible; Googlebot/2.1; +http://www.google.com/bot.html)"
66.249.64.38 - - [29/Nov/2025:12:57:35 +0000] "GET /items/242019570.html HTTP/1.1" 200 22383 "-" "Mozilla/5.0 (Linux; Android 6.0.1; Nexus 5X Build/MMB29P) AppleWebKit/537.36 (KHTML, like Gecko) Chrome/141.0.7390.122 Mobile Safari/537.36 (compatible; Googlebot/2.1; +http://www.google.com/bot.html)"
66.249.64.39 - - [29/Nov/2025:12:57:35 +0000] "GET /003011034.html HTTP/1.1" 200 22724 "-" "Mozilla/5.0 (Linux; Android 6.0.1; Nexus 5X Build/MMB29P) AppleWebKit/537.36 (KHTML, like Gecko) Chrome/141.0.7390.122 Mobile Safari/537.36 (compatible; Googlebot/2.1; +http://www.google.com/bot.html)"
18.170.41.68 - - [29/Nov/2025:09:46:59 +0000] "GET /.env.example HTTP/1.1" 404 37916 "-" "python-httpx/0.22.0"
18.170.41.68 - - [29/Nov/2025:09:47:04 +0000] "GET /app/.env HTTP/1.1" 200 0 "-" "python-httpx/0.22.0"
18.170.41.68 - - [29/Nov/2025:09:47:02 +0000] "GET /core/.env HTTP/1.1" 200 0 "-" "python-httpx/0.22.0"
18.170.41.68 - - [29/Nov/2025:09:47:03 +0000] "GET /database/.env HTTP/1.1" 200 0 "-" "python-httpx/0.22.0"
18.170.41.68 - - [29/Nov/2025:09:47:04 +0000] "GET /assets/.env HTTP/1.1" 200 0 "-" "python-httpx/0.22.0"
18.170.41.68 - - [29/Nov/2025:09:47:01 +0000] "GET /cronlab/.env HTTP/1.1" 404 37913 "-" "python-httpx/0.22.0"
18.170.41.68 - - [29/Nov/2025:09:47:06 +0000] "GET /api/.env HTTP/1.1" 200 0 "-" "python-httpx/0.22.0"
18.170.41.68 - - [29/Nov/2025:09:47:03 +0000] "GET /core/app/.env HTTP/1.1" 200 0 "-" "python-httpx/0.22.0"
66.249.64.37 - - [29/Nov/2025:12:07:37 +0000] "GET /088016335.html HTTP/1.1" 200 22302 "-" "Mozilla/5.0 (Linux; Android 6.0.1; Nexus 5X Build/MMB29P) AppleWebKit/537.36 (KHTML, like Gecko) Chrome/141.0.7390.122 Mobile Safari/537.36 (compatible; Googlebot/2.1; +http://www.google.com/bot.html)"
93.123.109.7 - - [29/Nov/2025:14:13:55 +0000] "GET /.git/config HTTP/1.1" 403 1242 "-" "Mozilla/5.0 (Linux; Android 8.0.0; PRA-LX1) AppleWebKit/537.36 (KHTML, like Gecko) Chrome/75.0.3770.101 Mobile Safari/537.36"
54.79.13.147 - - [29/Nov/2025:15:09:37 +0000] "GET /.env HTTP/1.1" 200 0 "-" "python-httpx/0.28.1"
54.79.13.147 - - [29/Nov/2025:15:09:41 +0000] "GET /.env.local HTTP/1.1" 200 0 "-" "python-httpx/0.28.1"
54.79.13.147 - - [29/Nov/2025:15:09:58 +0000] "GET /env HTTP/1.1" 404 37923 "-" "python-httpx/0.28.1"
54.79.13.147 - - [29/Nov/2025:15:10:04 +0000] "GET /env.yaml HTTP/1.1" 404 37923 "-" "python-httpx/0.28.1"
54.79.13.147 - - [29/Nov/2025:15:10:10 +0000] "GET /config.yaml HTTP/1.1" 404 37923 "-" "python-httpx/0.28.1"
54.79.13.147 - - [29/Nov/2025:15:10:13 +0000] "GET /config.ini HTTP/1.1" 404 37923 "-" "python-httpx/0.28.1"
54.79.13.147 - - [29/Nov/2025:15:10:14 +0000] "GET /config.php HTTP/1.1" 404 37917 "-" "python-httpx/0.28.1"
54.79.13.147 - - [29/Nov/2025:15:10:19 +0000] "GET /phpinfo.php HTTP/1.1" 404 37917 "-" "python-httpx/0.28.1"
54.79.13.147 - - [29/Nov/2025:15:10:21 +0000] "GET /info.php HTTP/1.1" 404 37923 "-" "python-httpx/0.28.1"
54.79.13.147 - - [29/Nov/2025:15:10:22 +0000] "GET /phpversion.php HTTP/1.1" 404 37923 "-" "python-httpx/0.28.1"
54.79.13.147 - - [29/Nov/2025:15:10:25 +0000] "GET /admin HTTP/1.1" 302 0 "-" "python-httpx/0.28.1"
54.79.13.147 - - [29/Nov/2025:15:10:25 +0000] "GET /admin.php HTTP/1.1" 404 37923 "-" "python-httpx/0.28.1"
54.79.13.147 - - [29/Nov/2025:15:10:28 +0000] "GET / HTTP/1.1" 200 38471 "-" "Mozilla/5.0 (Windows NT 10.0; Win64; x64) Chrome/91.0.4472.124"
2.57.122.173 - - [29/Nov/2025:15:35:49 +0000] "GET /.env HTTP/1.1" 301 0 "-" "Mozilla/5.0 (X11; Linux x86_64) AppleWebKit/537.36 (KHTML, like Gecko) Chrome/114.0.0.0 Safari/537.36"
66.249.64.39 - - [29/Nov/2025:15:48:26 +0000] "GET /051000714.html HTTP/1.1" 200 21912 "-" "Mozilla/5.0 (Linux; Android 6.0.1; Nexus 5X Build/MMB29P) AppleWebKit/537.36 (KHTML, like Gecko) Chrome/141.0.7390.122 Mobile Safari/537.36 (compatible; Googlebot/2.1; +http://www.google.com/bot.html)"
66.249.64.38 - - [29/Nov/2025:15:58:54 +0000] "GET /items/248035666.html HTTP/1.1" 200 21521 "-" "Mozilla/5.0 (Linux; Android 6.0.1; Nexus 5X Build/MMB29P) AppleWebKit/537.36 (KHTML, like Gecko) Chrome/141.0.7390.122 Mobile Safari/537.36 (compatible; Googlebot/2.1; +http://www.google.com/bot.html)"
152.203.125.120 - - [29/Nov/2025:16:24:09 +0000] "GET /[https://images.unsplash.com/photo-1600093463592-8e36ae95ef56?ixlib=rb-1.2.1&auto=format&fit=crop&w=600&q=80](https://images.unsplash.com/photo-1600093463592-8e36ae95ef56?ixlib=rb-1.2.1&auto=format&fit=crop&w=600&q=80) HTTP/3" 301 0 "https://delcarajo.brainware.com.co/" "Mozilla/5.0 (Linux; Android 10; K) AppleWebKit/537.36 (KHTML, like Gecko) Chrome/142.0.0.0 Mobile Safari/537.36"
152.203.125.120 - - [29/Nov/2025:16:24:09 +0000] "GET /[https://images.unsplash.com/photo-1619860860774-142f36f98d0e?ixlib=rb-1.2.1&auto=format&fit=crop&w=600&q=80](https://images.unsplash.com/photo-1619860860774-142f36f98d0e?ixlib=rb-1.2.1&auto=format&fit=crop&w=600&q=80) HTTP/3" 301 0 "https://delcarajo.brainware.com.co/" "Mozilla/5.0 (Linux; Android 10; K) AppleWebKit/537.36 (KHTML, like Gecko) Chrome/142.0.0.0 Mobile Safari/537.36"
152.203.125.120 - - [29/Nov/2025:16:24:09 +0000] "GET /[https://images.unsplash.com/photo-1541745537411-b8046dc6d66c?ixlib=rb-1.2.1&auto=format&fit=crop&w=600&q=80](https://images.unsplash.com/photo-1541745537411-b8046dc6d66c?ixlib=rb-1.2.1&auto=format&fit=crop&w=600&q=80) HTTP/3" 301 0 "https://delcarajo.brainware.com.co/" "Mozilla/5.0 (Linux; Android 10; K) AppleWebKit/537.36 (KHTML, like Gecko) Chrome/142.0.0.0 Mobile Safari/537.36"
152.203.125.120 - - [29/Nov/2025:16:24:09 +0000] "GET /[https://images.unsplash.com/photo-1594040226829-7f251ab46d80?ixlib=rb-1.2.1&auto=format&fit=crop&w=600&q=80](https://images.unsplash.com/photo-1594040226829-7f251ab46d80?ixlib=rb-1.2.1&auto=format&fit=crop&w=600&q=80) HTTP/3" 301 0 "https://delcarajo.brainware.com.co/" "Mozilla/5.0 (Linux; Android 10; K) AppleWebKit/537.36 (KHTML, like Gecko) Chrome/142.0.0.0 Mobile Safari/537.36"
54.79.13.147 - - [29/Nov/2025:15:09:44 +0000] "GET /.env.production HTTP/1.1" 200 0 "-" "python-httpx/0.28.1"
54.79.13.147 - - [29/Nov/2025:15:10:01 +0000] "GET /env.json HTTP/1.1" 404 37923 "-" "python-httpx/0.28.1"
54.79.13.147 - - [29/Nov/2025:15:10:07 +0000] "GET /config HTTP/1.1" 404 37923 "-" "python-httpx/0.28.1"
54.79.13.147 - - [29/Nov/2025:15:10:08 +0000] "GET /config.json HTTP/1.1" 404 37917 "-" "python-httpx/0.28.1"
54.79.13.147 - - [29/Nov/2025:15:10:15 +0000] "GET /configuration HTTP/1.1" 404 37923 "-" "python-httpx/0.28.1"
54.79.13.147 - - [29/Nov/2025:15:10:16 +0000] "GET /settings HTTP/1.1" 404 37923 "-" "python-httpx/0.28.1"
54.79.13.147 - - [29/Nov/2025:15:10:18 +0000] "GET /app.config.js HTTP/1.1" 404 37917 "-" "python-httpx/0.28.1"
54.79.13.147 - - [29/Nov/2025:15:10:23 +0000] "GET /test.php HTTP/1.1" 404 37923 "-" "python-httpx/0.28.1"
54.79.13.147 - - [29/Nov/2025:15:10:28 +0000] "GET /wp-config.php HTTP/1.1" 200 0 "-" "python-httpx/0.28.1"
66.249.64.38 - - [29/Nov/2025:15:58:37 +0000] "GET /051000782.html HTTP/1.1" 200 24697 "-" "Mozilla/5.0 (Linux; Android 6.0.1; Nexus 5X Build/MMB29P) AppleWebKit/537.36 (KHTML, like Gecko) Chrome/141.0.7390.122 Mobile Safari/537.36 (compatible; Googlebot/2.1; +http://www.google.com/bot.html)"
66.249.64.38 - - [29/Nov/2025:16:08:29 +0000] "GET /244047595.html HTTP/1.1" 200 20690 "-" "Mozilla/5.0 (Linux; Android 6.0.1; Nexus 5X Build/MMB29P) AppleWebKit/537.36 (KHTML, like Gecko) Chrome/141.0.7390.122 Mobile Safari/537.36 (compatible; Googlebot/2.1; +http://www.google.com/bot.html)"
66.249.64.37 - - [29/Nov/2025:16:18:53 +0000] "GET /%E3%80%90%E3%81%8A%E8%B2%B7%E3%81%84%E7%89%A9%E3%83%9E%E3%83%A9%E3%82%BD%E3%83%B3%E9%99%90%E5%AE%9A1000%E5%86%86%E3%82%AA%E3%83%95%E3%82%AF%E3%83%BC%E3%83%9D%E3%83%B3%E3%81%82%E3%82%8A%E3%80%91%E3%83%97%E3%83%AD%E3%83%9C%E3%83%83%E3%82%AF%E3%82%B9%20160%20%E3%82%B5%E3%82%AF%E3%82%B7%E3%83%BC%E3%83%89%20%E3%82%B3%E3%83%B3%E3%82%BD%E3%83%BC%E3%83%AB%E3%83%9C%E3%83%83%E3%82%AF%E3%82%B9%20%E3%82%A2%E3%83%BC%E3%83%A0%E3%83%AC%E3%82%B9%E3%83%88%20%E8%BB%8A%20%E3%82%AC%E3%82%BD%E3%83%AA%E3%83%B3%E8%BB%8A%20%E3%82%A2%E3%83%BC%E3%83%A0%E3%83%AC%E3%82%B9%E3%83%88%20%E3%82%B3%E3%83%B3%E3%82%BD%E3%83%BC%E3%83%AB%20%E3%83%91%E3%83%BC%E3%83%84%20%E3%82%AB%E3%82%B9%E3%82%BF%E3%83%A0%20%E3%82%A2%E3%82%AF%E3%82%BB%E3%82%B5%E3%83%AA%E3%83%BC%20%E3%82%B5%E3%82%AF%E3%82%B7%20PROBOX%20SUCCEED%20TOYOTA%20%E3%83%88%E3%83%A8%E3%82%BF%EF%BC%9ACRAFTWORKS%EF%BC%88%E3%82%AF%E3%83%A9%E3%83%95%E3%83%88%E3%83%AF%E3%83%BC%E3%82%AF%E3%82%B9%EF%BC%89 HTTP/1.1" 200 22377 "-" "Mozilla/5.0 (Linux; Android 6.0.1; Nexus 5X Build/MMB29P) AppleWebKit/537.36 (KHTML, like Gecko) Chrome/141.0.7390.122 Mobile Safari/537.36 (compatible; Googlebot/2.1; +http://www.google.com/bot.html)"
170.10.164.108 - - [29/Nov/2025:16:24:36 +0000] "POST /wp-cron.php?doing_wp_cron=1764433476.3445289134979248046875 HTTP/1.1" 200 0 "-" "WordPress/6.8.3; https://delcarajo.brainware.com.co"
66.249.64.37 - - [29/Nov/2025:16:30:32 +0000] "GET /003013354.html HTTP/1.1" 200 23462 "-" "Mozilla/5.0 (Linux; Android 6.0.1; Nexus 5X Build/MMB29P) AppleWebKit/537.36 (KHTML, like Gecko) Chrome/141.0.7390.122 Mobile Safari/537.36 (compatible; Googlebot/2.1; +http://www.google.com/bot.html)"
66.249.64.38 - - [29/Nov/2025:16:35:32 +0000] "GET /items/051000743.html HTTP/1.1" 200 23680 "-" "Mozilla/5.0 (Linux; Android 6.0.1; Nexus 5X Build/MMB29P) AppleWebKit/537.36 (KHTML, like Gecko) Chrome/141.0.7390.122 Mobile Safari/537.36 (compatible; Googlebot/2.1; +http://www.google.com/bot.html)"
66.249.64.38 - - [29/Nov/2025:16:44:05 +0000] "GET /category/86/1 HTTP/1.1" 200 13410 "-" "Mozilla/5.0 (Linux; Android 6.0.1; Nexus 5X Build/MMB29P) AppleWebKit/537.36 (KHTML, like Gecko) Chrome/141.0.7390.122 Mobile Safari/537.36 (compatible; Googlebot/2.1; +http://www.google.com/bot.html)"
195.178.110.54 - - [29/Nov/2025:17:54:06 +0000] "GET / HTTP/1.1" 301 0 "-" "Mozilla/5.0 (X11; Linux x86_64) AppleWebKit/537.36 (KHTML, like Gecko) Chrome/65.0.3325.181 Safari/537.36"
54.79.13.147 - - [29/Nov/2025:15:09:37 +0000] "GET /.git/config HTTP/1.1" 403 1242 "-" "python-httpx/0.28.1"
54.79.13.147 - - [29/Nov/2025:15:09:47 +0000] "GET /.env.development HTTP/1.1" 200 0 "-" "python-httpx/0.28.1"
54.79.13.147 - - [29/Nov/2025:15:09:51 +0000] "GET /.env.bak HTTP/1.1" 200 0 "-" "python-httpx/0.28.1"
170.10.164.108 - - [29/Nov/2025:15:10:04 +0000] "POST /wp-cron.php?doing_wp_cron=1764429004.1832699775695800781250 HTTP/1.1" 200 0 "-" "WordPress/6.8.3; https://delcarajo.brainware.com.co"
54.79.13.147 - - [29/Nov/2025:15:09:54 +0000] "GET /.env.example HTTP/1.1" 404 37923 "-" "python-httpx/0.28.1"
54.79.13.147 - - [29/Nov/2025:15:10:06 +0000] "GET /env.yml HTTP/1.1" 404 37923 "-" "python-httpx/0.28.1"
54.79.13.147 - - [29/Nov/2025:15:10:09 +0000] "GET /config.js HTTP/1.1" 404 37923 "-" "python-httpx/0.28.1"
54.79.13.147 - - [29/Nov/2025:15:10:11 +0000] "GET /config.yml HTTP/1.1" 404 37923 "-" "python-httpx/0.28.1"
54.79.13.147 - - [29/Nov/2025:15:10:17 +0000] "GET /settings.json HTTP/1.1" 404 37917 "-" "python-httpx/0.28.1"
54.79.13.147 - - [29/Nov/2025:15:10:27 +0000] "GET /wp-config.php HTTP/1.1" 200 0 "-" "python-httpx/0.28.1"
66.249.64.37 - - [29/Nov/2025:15:39:47 +0000] "GET /209013524.html HTTP/1.1" 200 21222 "-" "Mozilla/5.0 (Linux; Android 6.0.1; Nexus 5X Build/MMB29P) AppleWebKit/537.36 (KHTML, like Gecko) Chrome/141.0.7390.122 Mobile Safari/537.36 (compatible; Googlebot/2.1; +http://www.google.com/bot.html)"
66.249.64.38 - - [29/Nov/2025:16:17:19 +0000] "GET /items/031025197.html HTTP/1.1" 200 22551 "-" "Mozilla/5.0 (Linux; Android 6.0.1; Nexus 5X Build/MMB29P) AppleWebKit/537.36 (KHTML, like Gecko) Chrome/141.0.7390.122 Mobile Safari/537.36 (compatible; Googlebot/2.1; +http://www.google.com/bot.html)"
66.249.64.38 - - [29/Nov/2025:16:18:54 +0000] "GET /014015041.html HTTP/1.1" 200 21131 "-" "Mozilla/5.0 (Linux; Android 6.0.1; Nexus 5X Build/MMB29P) AppleWebKit/537.36 (KHTML, like Gecko) Chrome/141.0.7390.122 Mobile Safari/537.36 (compatible; Googlebot/2.1; +http://www.google.com/bot.html)"
66.249.64.39 - - [29/Nov/2025:16:28:18 +0000] "GET /category/2452_2495_2712_10356/1 HTTP/1.1" 200 11265 "-" "Mozilla/5.0 (Linux; Android 6.0.1; Nexus 5X Build/MMB29P) AppleWebKit/537.36 (KHTML, like Gecko) Chrome/141.0.7390.122 Mobile Safari/537.36 (compatible; Googlebot/2.1; +http://www.google.com/bot.html)"
66.249.64.38 - - [29/Nov/2025:17:18:22 +0000] "GET /category/2452_2495_2712/1 HTTP/1.1" 200 11392 "-" "Mozilla/5.0 (Linux; Android 6.0.1; Nexus 5X Build/MMB29P) AppleWebKit/537.36 (KHTML, like Gecko) Chrome/141.0.7390.122 Mobile Safari/537.36 (compatible; Googlebot/2.1; +http://www.google.com/bot.html)"
66.249.64.37 - - [29/Nov/2025:17:42:39 +0000] "GET /category/179/1 HTTP/1.1" 200 13225 "-" "Mozilla/5.0 (Linux; Android 6.0.1; Nexus 5X Build/MMB29P) AppleWebKit/537.36 (KHTML, like Gecko) Chrome/141.0.7390.122 Mobile Safari/537.36 (compatible; Googlebot/2.1; +http://www.google.com/bot.html)"
66.249.64.39 - - [29/Nov/2025:17:44:56 +0000] "GET /category/2424/1 HTTP/1.1" 200 12146 "-" "Mozilla/5.0 (Linux; Android 6.0.1; Nexus 5X Build/MMB29P) AppleWebKit/537.36 (KHTML, like Gecko) Chrome/141.0.7390.122 Mobile Safari/537.36 (compatible; Googlebot/2.1; +http://www.google.com/bot.html)"
170.10.164.108 - - [29/Nov/2025:17:54:08 +0000] "POST /wp-cron.php?doing_wp_cron=1764438848.5007131099700927734375 HTTP/1.1" 200 0 "-" "WordPress/6.8.3; https://delcarajo.brainware.com.co"
16.171.241.173 - - [29/Nov/2025:18:13:49 +0000] "GET /.git/config HTTP/1.1" 403 1242 "-" "python-httpx/0.28.1"
16.171.241.173 - - [29/Nov/2025:18:13:49 +0000] "GET /.env HTTP/1.1" 404 37923 "-" "python-httpx/0.28.1"
16.171.241.173 - - [29/Nov/2025:18:13:54 +0000] "GET /.env.bak HTTP/1.1" 404 37923 "-" "python-httpx/0.28.1"
16.171.241.173 - - [29/Nov/2025:18:13:57 +0000] "GET /env.yaml HTTP/1.1" 404 37917 "-" "python-httpx/0.28.1"
16.171.241.173 - - [29/Nov/2025:18:13:58 +0000] "GET /env.yml HTTP/1.1" 404 37923 "-" "python-httpx/0.28.1"
152.203.125.120 - - [29/Nov/2025:16:24:09 +0000] "GET /[https://images.unsplash.com/photo-1605331652431-7e04b4c65778?ixlib=rb-1.2.1&auto=format&fit=crop&w=600&q=80](https://images.unsplash.com/photo-1605331652431-7e04b4c65778?ixlib=rb-1.2.1&auto=format&fit=crop&w=600&q=80) HTTP/3" 301 0 "https://delcarajo.brainware.com.co/" "Mozilla/5.0 (Linux; Android 10; K) AppleWebKit/537.36 (KHTML, like Gecko) Chrome/142.0.0.0 Mobile Safari/537.36"
152.203.125.120 - - [29/Nov/2025:16:24:09 +0000] "GET /[https://images.unsplash.com/photo-1555939594-58d7cb561ad1?ixlib=rb-1.2.1&auto=format&fit=crop&w=600&q=80](https://images.unsplash.com/photo-1555939594-58d7cb561ad1?ixlib=rb-1.2.1&auto=format&fit=crop&w=600&q=80) HTTP/3" 301 0 "https://delcarajo.brainware.com.co/" "Mozilla/5.0 (Linux; Android 10; K) AppleWebKit/537.36 (KHTML, like Gecko) Chrome/142.0.0.0 Mobile Safari/537.36"
66.249.64.39 - - [29/Nov/2025:17:00:23 +0000] "GET /AVIREX%EF%BC%88%E3%82%A2%E3%83%B4%E3%82%A3%E3%83%AC%E3%83%83%E3%82%AF%E3%82%B9%EF%BC%89%20%20%20L%EF%BC%8FS%20USAFA%20EMB%20TEE%20%EF%BC%88%E3%83%9B%E3%83%AF%E3%82%A4%E3%83%88%EF%BC%89 HTTP/1.1" 200 24480 "-" "Mozilla/5.0 (Linux; Android 6.0.1; Nexus 5X Build/MMB29P) AppleWebKit/537.36 (KHTML, like Gecko) Chrome/141.0.7390.122 Mobile Safari/537.36 (compatible; Googlebot/2.1; +http://www.google.com/bot.html)"
66.249.64.38 - - [29/Nov/2025:18:12:02 +0000] "GET /137031910.html HTTP/1.1" 200 20307 "-" "Mozilla/5.0 (Linux; Android 6.0.1; Nexus 5X Build/MMB29P) AppleWebKit/537.36 (KHTML, like Gecko) Chrome/141.0.7390.122 Mobile Safari/537.36 (compatible; Googlebot/2.1; +http://www.google.com/bot.html)"
16.171.241.173 - - [29/Nov/2025:18:13:52 +0000] "GET /.env.local HTTP/1.1" 404 37923 "-" "python-httpx/0.28.1"
16.171.241.173 - - [29/Nov/2025:18:13:53 +0000] "GET /.env.production HTTP/1.1" 404 37923 "-" "python-httpx/0.28.1"
16.171.241.173 - - [29/Nov/2025:18:13:53 +0000] "GET /.env.development HTTP/1.1" 404 37923 "-" "python-httpx/0.28.1"
16.171.241.173 - - [29/Nov/2025:18:13:55 +0000] "GET /.env.example HTTP/1.1" 404 37923 "-" "python-httpx/0.28.1"
16.171.241.173 - - [29/Nov/2025:18:13:56 +0000] "GET /env HTTP/1.1" 404 37923 "-" "python-httpx/0.28.1"
16.171.241.173 - - [29/Nov/2025:18:14:04 +0000] "GET /config.php HTTP/1.1" 404 37923 "-" "python-httpx/0.28.1"
16.171.241.173 - - [29/Nov/2025:18:14:07 +0000] "GET /app.config.js HTTP/1.1" 404 37923 "-" "python-httpx/0.28.1"
66.249.64.37 - - [29/Nov/2025:18:24:44 +0000] "GET /228018689.html HTTP/1.1" 200 22305 "-" "Mozilla/5.0 (Linux; Android 6.0.1; Nexus 5X Build/MMB29P) AppleWebKit/537.36 (KHTML, like Gecko) Chrome/141.0.7390.122 Mobile Safari/537.36 (compatible; Googlebot/2.1; +http://www.google.com/bot.html)"
16.171.241.173 - - [29/Nov/2025:18:14:01 +0000] "GET /config.yaml HTTP/1.1" 404 37923 "-" "python-httpx/0.28.1"
16.171.241.173 - - [29/Nov/2025:18:14:03 +0000] "GET /config.ini HTTP/1.1" 404 37923 "-" "python-httpx/0.28.1"
16.171.241.173 - - [29/Nov/2025:18:14:06 +0000] "GET /settings.json HTTP/1.1" 404 37923 "-" "python-httpx/0.28.1"
16.171.241.173 - - [29/Nov/2025:18:14:08 +0000] "GET /phpinfo.php HTTP/1.1" 404 37923 "-" "python-httpx/0.28.1"
16.171.241.173 - - [29/Nov/2025:18:14:10 +0000] "GET /test.php HTTP/1.1" 404 37923 "-" "python-httpx/0.28.1"
16.171.241.173 - - [29/Nov/2025:18:14:13 +0000] "GET / HTTP/1.1" 200 38471 "-" "Mozilla/5.0 (Windows NT 10.0; Win64; x64) Chrome/91.0.4472.124"
170.10.164.108 - - [29/Nov/2025:18:54:06 +0000] "POST /wp-cron.php?doing_wp_cron=1764442446.6281309127807617187500 HTTP/1.1" 200 0 "-" "WordPress/6.8.3; https://delcarajo.brainware.com.co"
13.217.204.224 - - [29/Nov/2025:18:54:06 +0000] "GET / HTTP/1.1" 200 38471 "-" "Mozilla/5.0 (Windows NT 10.0; Win64; x64) AppleWebKit/537.36 (KHTML, like Gecko) Chrome/120.0.0.0 Safari/537.36"
66.249.64.38 - - [29/Nov/2025:18:01:23 +0000] "GET /category/7401/1 HTTP/1.1" 200 15043 "-" "Mozilla/5.0 (Linux; Android 6.0.1; Nexus 5X Build/MMB29P) AppleWebKit/537.36 (KHTML, like Gecko) Chrome/141.0.7390.122 Mobile Safari/537.36 (compatible; Googlebot/2.1; +http://www.google.com/bot.html)"
16.171.241.173 - - [29/Nov/2025:18:13:56 +0000] "GET /env.json HTTP/1.1" 404 37923 "-" "python-httpx/0.28.1"
16.171.241.173 - - [29/Nov/2025:18:13:59 +0000] "GET /config HTTP/1.1" 404 37923 "-" "python-httpx/0.28.1"
16.171.241.173 - - [29/Nov/2025:18:13:59 +0000] "GET /config.json HTTP/1.1" 404 37923 "-" "python-httpx/0.28.1"
16.171.241.173 - - [29/Nov/2025:18:14:00 +0000] "GET /config.js HTTP/1.1" 404 37923 "-" "python-httpx/0.28.1"
16.171.241.173 - - [29/Nov/2025:18:14:02 +0000] "GET /config.yml HTTP/1.1" 404 37923 "-" "python-httpx/0.28.1"
16.171.241.173 - - [29/Nov/2025:18:14:05 +0000] "GET /configuration HTTP/1.1" 404 37923 "-" "python-httpx/0.28.1"
16.171.241.173 - - [29/Nov/2025:18:14:05 +0000] "GET /settings HTTP/1.1" 404 37923 "-" "python-httpx/0.28.1"
16.171.241.173 - - [29/Nov/2025:18:14:08 +0000] "GET /info.php HTTP/1.1" 404 37917 "-" "python-httpx/0.28.1"
16.171.241.173 - - [29/Nov/2025:18:14:09 +0000] "GET /phpversion.php HTTP/1.1" 404 37917 "-" "python-httpx/0.28.1"
16.171.241.173 - - [29/Nov/2025:18:14:11 +0000] "GET /admin HTTP/1.1" 302 0 "-" "python-httpx/0.28.1"
16.171.241.173 - - [29/Nov/2025:18:14:11 +0000] "GET /admin.php HTTP/1.1" 404 37923 "-" "python-httpx/0.28.1"
16.171.241.173 - - [29/Nov/2025:18:14:12 +0000] "GET /wp-config.php HTTP/1.1" 200 0 "-" "python-httpx/0.28.1"
16.171.241.173 - - [29/Nov/2025:18:14:13 +0000] "GET /wp-config.php HTTP/1.1" 200 0 "-" "python-httpx/0.28.1"
13.217.204.224 - - [29/Nov/2025:18:54:04 +0000] "GET / HTTP/1.1" 301 0 "-" "Mozilla/5.0 (Windows NT 10.0; Win64; x64) AppleWebKit/537.36 (KHTML, like Gecko) Chrome/120.0.0.0 Safari/537.36"
66.249.64.37 - - [29/Nov/2025:20:32:06 +0000] "GET /category/2834/1?producttnea53221.shtm HTTP/1.1" 200 22913 "-" "Mozilla/5.0 (Linux; Android 6.0.1; Nexus 5X Build/MMB29P) AppleWebKit/537.36 (KHTML, like Gecko) Chrome/141.0.7390.122 Mobile Safari/537.36 (compatible; Googlebot/2.1; +http://www.google.com/bot.html)"
74.7.243.214 - - [29/Nov/2025:20:57:24 +0000] "GET /sitemaps.xml HTTP/2" 200 16317 "-" "Mozilla/5.0 AppleWebKit/537.36 (KHTML, like Gecko; compatible; GPTBot/1.3; +https://openai.com/gptbot)"
74.7.243.214 - - [29/Nov/2025:20:57:27 +0000] "GET /items/107016111.html HTTP/2" 404 34735 "-" "Mozilla/5.0 AppleWebKit/537.36 (KHTML, like Gecko; compatible; GPTBot/1.3; +https://openai.com/gptbot)"
74.7.243.214 - - [29/Nov/2025:20:57:30 +0000] "GET /items/060009980.html HTTP/2" 404 34735 "-" "Mozilla/5.0 AppleWebKit/537.36 (KHTML, like Gecko; compatible; GPTBot/1.3; +https://openai.com/gptbot)"
74.7.243.214 - - [29/Nov/2025:20:57:33 +0000] "GET /items/200040720.html HTTP/2" 404 34735 "-" "Mozilla/5.0 AppleWebKit/537.36 (KHTML, like Gecko; compatible; GPTBot/1.3; +https://openai.com/gptbot)"
74.7.243.214 - - [29/Nov/2025:20:57:35 +0000] "GET /items/018041110.html HTTP/2" 404 34736 "-" "Mozilla/5.0 AppleWebKit/537.36 (KHTML, like Gecko; compatible; GPTBot/1.3; +https://openai.com/gptbot)"
74.7.243.214 - - [29/Nov/2025:20:57:38 +0000] "GET /items/200040890.html HTTP/2" 404 34736 "-" "Mozilla/5.0 AppleWebKit/537.36 (KHTML, like Gecko; compatible; GPTBot/1.3; +https://openai.com/gptbot)"
74.7.243.214 - - [29/Nov/2025:20:57:41 +0000] "GET /items/032022242.html HTTP/2" 404 34736 "-" "Mozilla/5.0 AppleWebKit/537.36 (KHTML, like Gecko; compatible; GPTBot/1.3; +https://openai.com/gptbot)"
74.7.243.214 - - [29/Nov/2025:20:57:44 +0000] "GET /items/100010490.html HTTP/2" 404 34736 "-" "Mozilla/5.0 AppleWebKit/537.36 (KHTML, like Gecko; compatible; GPTBot/1.3; +https://openai.com/gptbot)"
74.7.243.214 - - [29/Nov/2025:20:57:47 +0000] "GET /items/096000690.html HTTP/2" 404 34736 "-" "Mozilla/5.0 AppleWebKit/537.36 (KHTML, like Gecko; compatible; GPTBot/1.3; +https://openai.com/gptbot)"
74.7.243.214 - - [29/Nov/2025:20:57:50 +0000] "GET /items/111043411.html HTTP/2" 404 34736 "-" "Mozilla/5.0 AppleWebKit/537.36 (KHTML, like Gecko; compatible; GPTBot/1.3; +https://openai.com/gptbot)"
74.7.243.214 - - [29/Nov/2025:20:57:52 +0000] "GET /items/226000960.html HTTP/2" 404 34735 "-" "Mozilla/5.0 AppleWebKit/537.36 (KHTML, like Gecko; compatible; GPTBot/1.3; +https://openai.com/gptbot)"
74.7.243.214 - - [29/Nov/2025:20:57:55 +0000] "GET /items/155000505.html HTTP/2" 404 34735 "-" "Mozilla/5.0 AppleWebKit/537.36 (KHTML, like Gecko; compatible; GPTBot/1.3; +https://openai.com/gptbot)"
74.7.243.214 - - [29/Nov/2025:20:57:58 +0000] "GET /items/199017999.html HTTP/2" 404 34736 "-" "Mozilla/5.0 AppleWebKit/537.36 (KHTML, like Gecko; compatible; GPTBot/1.3; +https://openai.com/gptbot)"
74.7.243.214 - - [29/Nov/2025:20:58:01 +0000] "GET /items/104000166.html HTTP/2" 404 34736 "-" "Mozilla/5.0 AppleWebKit/537.36 (KHTML, like Gecko; compatible; GPTBot/1.3; +https://openai.com/gptbot)"
74.7.243.214 - - [29/Nov/2025:20:58:04 +0000] "GET /items/300038338.html HTTP/2" 404 34736 "-" "Mozilla/5.0 AppleWebKit/537.36 (KHTML, like Gecko; compatible; GPTBot/1.3; +https://openai.com/gptbot)"
74.7.243.214 - - [29/Nov/2025:20:58:06 +0000] "GET /items/244000120.html HTTP/2" 404 34735 "-" "Mozilla/5.0 AppleWebKit/537.36 (KHTML, like Gecko; compatible; GPTBot/1.3; +https://openai.com/gptbot)"
74.7.243.214 - - [29/Nov/2025:20:58:09 +0000] "GET /items/010009092.html HTTP/2" 404 34736 "-" "Mozilla/5.0 AppleWebKit/537.36 (KHTML, like Gecko; compatible; GPTBot/1.3; +https://openai.com/gptbot)"
74.7.243.214 - - [29/Nov/2025:20:58:12 +0000] "GET /items/034000230.html HTTP/2" 404 34735 "-" "Mozilla/5.0 AppleWebKit/537.36 (KHTML, like Gecko; compatible; GPTBot/1.3; +https://openai.com/gptbot)"
74.7.243.214 - - [29/Nov/2025:20:58:15 +0000] "GET /items/058028000.html HTTP/2" 404 34736 "-" "Mozilla/5.0 AppleWebKit/537.36 (KHTML, like Gecko; compatible; GPTBot/1.3; +https://openai.com/gptbot)"
74.7.243.214 - - [29/Nov/2025:20:58:18 +0000] "GET /items/290022206.html HTTP/2" 404 34736 "-" "Mozilla/5.0 AppleWebKit/537.36 (KHTML, like Gecko; compatible; GPTBot/1.3; +https://openai.com/gptbot)"
74.7.243.214 - - [29/Nov/2025:20:58:21 +0000] "GET /items/021000505.html HTTP/2" 404 34735 "-" "Mozilla/5.0 AppleWebKit/537.36 (KHTML, like Gecko; compatible; GPTBot/1.3; +https://openai.com/gptbot)"
74.7.243.214 - - [29/Nov/2025:20:58:23 +0000] "GET /items/171000707.html HTTP/2" 404 34736 "-" "Mozilla/5.0 AppleWebKit/537.36 (KHTML, like Gecko; compatible; GPTBot/1.3; +https://openai.com/gptbot)"
74.7.243.214 - - [29/Nov/2025:20:58:26 +0000] "GET /items/193000111.html HTTP/2" 404 34736 "-" "Mozilla/5.0 AppleWebKit/537.36 (KHTML, like Gecko; compatible; GPTBot/1.3; +https://openai.com/gptbot)"
74.7.243.214 - - [29/Nov/2025:20:58:29 +0000] "GET /items/134006000.html HTTP/2" 404 34736 "-" "Mozilla/5.0 AppleWebKit/537.36 (KHTML, like Gecko; compatible; GPTBot/1.3; +https://openai.com/gptbot)"
74.7.243.214 - - [29/Nov/2025:20:58:32 +0000] "GET /items/290028222.html HTTP/2" 404 34735 "-" "Mozilla/5.0 AppleWebKit/537.36 (KHTML, like Gecko; compatible; GPTBot/1.3; +https://openai.com/gptbot)"
74.7.243.214 - - [29/Nov/2025:20:58:35 +0000] "GET /items/051000907.html HTTP/2" 404 34735 "-" "Mozilla/5.0 AppleWebKit/537.36 (KHTML, like Gecko; compatible; GPTBot/1.3; +https://openai.com/gptbot)"
74.7.243.214 - - [29/Nov/2025:20:58:37 +0000] "GET /items/103033393.html HTTP/2" 404 34735 "-" "Mozilla/5.0 AppleWebKit/537.36 (KHTML, like Gecko; compatible; GPTBot/1.3; +https://openai.com/gptbot)"
74.7.243.214 - - [29/Nov/2025:20:58:40 +0000] "GET /items/010002700.html HTTP/2" 404 34736 "-" "Mozilla/5.0 AppleWebKit/537.36 (KHTML, like Gecko; compatible; GPTBot/1.3; +https://openai.com/gptbot)"
74.7.243.214 - - [29/Nov/2025:20:58:43 +0000] "GET /items/033000387.html HTTP/2" 404 34736 "-" "Mozilla/5.0 AppleWebKit/537.36 (KHTML, like Gecko; compatible; GPTBot/1.3; +https://openai.com/gptbot)"
74.7.243.214 - - [29/Nov/2025:20:58:46 +0000] "GET /items/100040034.html HTTP/2" 404 34735 "-" "Mozilla/5.0 AppleWebKit/537.36 (KHTML, like Gecko; compatible; GPTBot/1.3; +https://openai.com/gptbot)"
74.7.243.214 - - [29/Nov/2025:20:58:49 +0000] "GET /items/010005560.html HTTP/2" 404 34736 "-" "Mozilla/5.0 AppleWebKit/537.36 (KHTML, like Gecko; compatible; GPTBot/1.3; +https://openai.com/gptbot)"
74.7.243.214 - - [29/Nov/2025:20:58:51 +0000] "GET /items/103034111.html HTTP/2" 404 34736 "-" "Mozilla/5.0 AppleWebKit/537.36 (KHTML, like Gecko; compatible; GPTBot/1.3; +https://openai.com/gptbot)"
74.7.243.214 - - [29/Nov/2025:20:58:54 +0000] "GET /018018097.html HTTP/2" 404 34736 "-" "Mozilla/5.0 AppleWebKit/537.36 (KHTML, like Gecko; compatible; GPTBot/1.3; +https://openai.com/gptbot)"
74.7.243.214 - - [29/Nov/2025:20:58:57 +0000] "GET /270000243.html HTTP/2" 404 34735 "-" "Mozilla/5.0 AppleWebKit/537.36 (KHTML, like Gecko; compatible; GPTBot/1.3; +https://openai.com/gptbot)"
74.7.243.214 - - [29/Nov/2025:20:59:00 +0000] "GET /221000110.html HTTP/2" 404 34736 "-" "Mozilla/5.0 AppleWebKit/537.36 (KHTML, like Gecko; compatible; GPTBot/1.3; +https://openai.com/gptbot)"
74.7.243.214 - - [29/Nov/2025:20:59:03 +0000] "GET /007001106.html HTTP/2" 404 34736 "-" "Mozilla/5.0 AppleWebKit/537.36 (KHTML, like Gecko; compatible; GPTBot/1.3; +https://openai.com/gptbot)"
74.7.243.214 - - [29/Nov/2025:20:59:06 +0000] "GET /114010161.html HTTP/2" 404 34736 "-" "Mozilla/5.0 AppleWebKit/537.36 (KHTML, like Gecko; compatible; GPTBot/1.3; +https://openai.com/gptbot)"
74.7.243.214 - - [29/Nov/2025:20:59:09 +0000] "GET /008001301.html HTTP/2" 404 34735 "-" "Mozilla/5.0 AppleWebKit/537.36 (KHTML, like Gecko; compatible; GPTBot/1.3; +https://openai.com/gptbot)"
74.7.243.214 - - [29/Nov/2025:20:59:12 +0000] "GET /001004022.html HTTP/2" 404 34736 "-" "Mozilla/5.0 AppleWebKit/537.36 (KHTML, like Gecko; compatible; GPTBot/1.3; +https://openai.com/gptbot)"
74.7.243.214 - - [29/Nov/2025:20:59:14 +0000] "GET /020030093.html HTTP/2" 404 34736 "-" "Mozilla/5.0 AppleWebKit/537.36 (KHTML, like Gecko; compatible; GPTBot/1.3; +https://openai.com/gptbot)"
74.7.243.214 - - [29/Nov/2025:20:59:17 +0000] "GET /items/300004040.html HTTP/2" 404 34736 "-" "Mozilla/5.0 AppleWebKit/537.36 (KHTML, like Gecko; compatible; GPTBot/1.3; +https://openai.com/gptbot)"
74.7.243.214 - - [29/Nov/2025:20:59:20 +0000] "GET /009021100.html HTTP/2" 404 34736 "-" "Mozilla/5.0 AppleWebKit/537.36 (KHTML, like Gecko; compatible; GPTBot/1.3; +https://openai.com/gptbot)"
74.7.243.214 - - [29/Nov/2025:20:59:23 +0000] "GET /items/077007775.html HTTP/2" 404 34736 "-" "Mozilla/5.0 AppleWebKit/537.36 (KHTML, like Gecko; compatible; GPTBot/1.3; +https://openai.com/gptbot)"
74.7.243.214 - - [29/Nov/2025:20:59:26 +0000] "GET /items/120000132.html HTTP/2" 404 34736 "-" "Mozilla/5.0 AppleWebKit/537.36 (KHTML, like Gecko; compatible; GPTBot/1.3; +https://openai.com/gptbot)"
74.7.243.214 - - [29/Nov/2025:20:59:28 +0000] "GET /items/090000104.html HTTP/2" 404 34736 "-" "Mozilla/5.0 AppleWebKit/537.36 (KHTML, like Gecko; compatible; GPTBot/1.3; +https://openai.com/gptbot)"
74.7.243.214 - - [29/Nov/2025:20:59:31 +0000] "GET /items/291043857.html HTTP/2" 404 34736 "-" "Mozilla/5.0 AppleWebKit/537.36 (KHTML, like Gecko; compatible; GPTBot/1.3; +https://openai.com/gptbot)"
74.7.243.214 - - [29/Nov/2025:20:59:34 +0000] "GET /items/274018596.html HTTP/2" 404 34736 "-" "Mozilla/5.0 AppleWebKit/537.36 (KHTML, like Gecko; compatible; GPTBot/1.3; +https://openai.com/gptbot)"
74.7.243.214 - - [29/Nov/2025:20:59:37 +0000] "GET /items/257046391.html HTTP/2" 404 34735 "-" "Mozilla/5.0 AppleWebKit/537.36 (KHTML, like Gecko; compatible; GPTBot/1.3; +https://openai.com/gptbot)"
74.7.243.214 - - [29/Nov/2025:20:59:40 +0000] "GET /items/278015964.html HTTP/2" 404 34736 "-" "Mozilla/5.0 AppleWebKit/537.36 (KHTML, like Gecko; compatible; GPTBot/1.3; +https://openai.com/gptbot)"
74.7.243.214 - - [29/Nov/2025:20:59:42 +0000] "GET /items/183029467.html HTTP/2" 404 34736 "-" "Mozilla/5.0 AppleWebKit/537.36 (KHTML, like Gecko; compatible; GPTBot/1.3; +https://openai.com/gptbot)"
74.7.243.214 - - [29/Nov/2025:20:59:45 +0000] "GET /items/275039481.html HTTP/2" 404 34735 "-" "Mozilla/5.0 AppleWebKit/537.36 (KHTML, like Gecko; compatible; GPTBot/1.3; +https://openai.com/gptbot)"
74.7.243.214 - - [29/Nov/2025:20:59:48 +0000] "GET /items/239011119.html HTTP/2" 404 34736 "-" "Mozilla/5.0 AppleWebKit/537.36 (KHTML, like Gecko; compatible; GPTBot/1.3; +https://openai.com/gptbot)"
74.7.243.214 - - [29/Nov/2025:20:59:51 +0000] "GET /items/100008146.html HTTP/2" 404 34735 "-" "Mozilla/5.0 AppleWebKit/537.36 (KHTML, like Gecko; compatible; GPTBot/1.3; +https://openai.com/gptbot)"
74.7.243.214 - - [29/Nov/2025:20:59:54 +0000] "GET /items/244044088.html HTTP/2" 404 34736 "-" "Mozilla/5.0 AppleWebKit/537.36 (KHTML, like Gecko; compatible; GPTBot/1.3; +https://openai.com/gptbot)"
74.7.243.214 - - [29/Nov/2025:20:59:57 +0000] "GET /items/003031303.html HTTP/2" 404 34736 "-" "Mozilla/5.0 AppleWebKit/537.36 (KHTML, like Gecko; compatible; GPTBot/1.3; +https://openai.com/gptbot)"
74.7.243.214 - - [29/Nov/2025:21:00:00 +0000] "GET /items/184018484.html HTTP/2" 404 34736 "-" "Mozilla/5.0 AppleWebKit/537.36 (KHTML, like Gecko; compatible; GPTBot/1.3; +https://openai.com/gptbot)"
74.7.243.214 - - [29/Nov/2025:21:00:02 +0000] "GET /items/201010801.html HTTP/2" 404 34735 "-" "Mozilla/5.0 AppleWebKit/537.36 (KHTML, like Gecko; compatible; GPTBot/1.3; +https://openai.com/gptbot)"
74.7.243.214 - - [29/Nov/2025:21:00:05 +0000] "GET /items/177011779.html HTTP/2" 404 34735 "-" "Mozilla/5.0 AppleWebKit/537.36 (KHTML, like Gecko; compatible; GPTBot/1.3; +https://openai.com/gptbot)"
74.7.243.214 - - [29/Nov/2025:21:00:08 +0000] "GET /items/035035595.html HTTP/2" 404 34735 "-" "Mozilla/5.0 AppleWebKit/537.36 (KHTML, like Gecko; compatible; GPTBot/1.3; +https://openai.com/gptbot)"
74.7.243.214 - - [29/Nov/2025:21:00:11 +0000] "GET /items/276027622.html HTTP/2" 404 34736 "-" "Mozilla/5.0 AppleWebKit/537.36 (KHTML, like Gecko; compatible; GPTBot/1.3; +https://openai.com/gptbot)"
74.7.243.214 - - [29/Nov/2025:21:00:14 +0000] "GET /items/020020942.html HTTP/2" 404 34735 "-" "Mozilla/5.0 AppleWebKit/537.36 (KHTML, like Gecko; compatible; GPTBot/1.3; +https://openai.com/gptbot)"
74.7.243.214 - - [29/Nov/2025:21:00:16 +0000] "GET /items/238032032.html HTTP/2" 404 34736 "-" "Mozilla/5.0 AppleWebKit/537.36 (KHTML, like Gecko; compatible; GPTBot/1.3; +https://openai.com/gptbot)"
74.7.243.214 - - [29/Nov/2025:21:00:19 +0000] "GET /items/014043404.html HTTP/2" 404 34736 "-" "Mozilla/5.0 AppleWebKit/537.36 (KHTML, like Gecko; compatible; GPTBot/1.3; +https://openai.com/gptbot)"
74.7.243.214 - - [29/Nov/2025:21:00:22 +0000] "GET /items/013013315.html HTTP/2" 404 34736 "-" "Mozilla/5.0 AppleWebKit/537.36 (KHTML, like Gecko; compatible; GPTBot/1.3; +https://openai.com/gptbot)"
74.7.243.214 - - [29/Nov/2025:21:00:25 +0000] "GET /061005050.html HTTP/2" 404 34736 "-" "Mozilla/5.0 AppleWebKit/537.36 (KHTML, like Gecko; compatible; GPTBot/1.3; +https://openai.com/gptbot)"
74.7.243.214 - - [29/Nov/2025:21:00:28 +0000] "GET /060036003.html HTTP/2" 404 34736 "-" "Mozilla/5.0 AppleWebKit/537.36 (KHTML, like Gecko; compatible; GPTBot/1.3; +https://openai.com/gptbot)"
74.7.243.214 - - [29/Nov/2025:21:00:31 +0000] "GET /items/002026502.html HTTP/2" 404 34735 "-" "Mozilla/5.0 AppleWebKit/537.36 (KHTML, like Gecko; compatible; GPTBot/1.3; +https://openai.com/gptbot)"
74.7.243.214 - - [29/Nov/2025:21:00:33 +0000] "GET /items/080036100.html HTTP/2" 404 34735 "-" "Mozilla/5.0 AppleWebKit/537.36 (KHTML, like Gecko; compatible; GPTBot/1.3; +https://openai.com/gptbot)"
74.7.243.214 - - [29/Nov/2025:21:00:36 +0000] "GET /items/066007202.html HTTP/2" 404 34735 "-" "Mozilla/5.0 AppleWebKit/537.36 (KHTML, like Gecko; compatible; GPTBot/1.3; +https://openai.com/gptbot)"
74.7.243.214 - - [29/Nov/2025:21:00:39 +0000] "GET /items/151001541.html HTTP/2" 404 34735 "-" "Mozilla/5.0 AppleWebKit/537.36 (KHTML, like Gecko; compatible; GPTBot/1.3; +https://openai.com/gptbot)"
74.7.243.214 - - [29/Nov/2025:21:00:42 +0000] "GET /items/198008108.html HTTP/2" 404 34736 "-" "Mozilla/5.0 AppleWebKit/537.36 (KHTML, like Gecko; compatible; GPTBot/1.3; +https://openai.com/gptbot)"
74.7.243.214 - - [29/Nov/2025:21:00:45 +0000] "GET /items/044007454.html HTTP/2" 404 34735 "-" "Mozilla/5.0 AppleWebKit/537.36 (KHTML, like Gecko; compatible; GPTBot/1.3; +https://openai.com/gptbot)"
74.7.243.214 - - [29/Nov/2025:21:00:48 +0000] "GET /items/003031183.html HTTP/2" 404 34736 "-" "Mozilla/5.0 AppleWebKit/537.36 (KHTML, like Gecko; compatible; GPTBot/1.3; +https://openai.com/gptbot)"
